061
CXUS51 KBUF 271023
CF6ART
PRELIMINARY LOCAL CLIMATOLOGICAL DATA (WS FORM: F-6)

                                          STATION:   WATERTOWN NY
                                          MONTH:     JUNE
                                          YEAR:      2017
                                          LATITUDE:   43 59 N
                                          LONGITUDE:  76  2 W

  TEMPERATURE IN F:       :PCPN:    SNOW:  WIND      :SUNSHINE: SKY     :PK WND
================================================================================
1   2   3   4   5  6A  6B    7    8   9   10  11  12  13   14  15   16   17  18
                                     12Z  AVG MX 2MIN
DY MAX MIN AVG DEP HDD CDD  WTR  SNW DPTH SPD SPD DIR MIN PSBL S-S WX    SPD DR
================================================================================

 1  60  49  55  -4  10   0 0.00    M    M 11.8 21 230   M    M   4        35 260
 2  60  43  52  -8  13   0 0.00    M    M  6.9 16 260   M    M   7        22 260
 3  65  46  56  -4   9   0 0.00    M    M  6.2 18 250   M    M   4        27 260
 4  65  47  56  -4   9   0 0.24    M    M  4.3 14 220   M    M   6 13     19 220
 5  63  55  59  -2   6   0 0.05    M    M  4.4 12 350   M    M  10 1      14 350
 6  58  48  53  -8  12   0 1.01    M    M  9.4 22  30   M    M   9 1      26  50
 7  68  42  55  -6  10   0 0.00    M    M  4.8 13 260   M    M   2 12     16 260
 8  74  48  61  -1   4   0 0.00    M    M  4.7 12 270   M    M   1        13 270
 9  71  48  60  -2   5   0 0.00    M    M  6.6 17 230   M    M   4        25 230
10  79  58  69   7   0   4    T    M    M  7.1 15 260   M    M   2        19 260
11  82  69  76  14   0  11 0.00    M    M 12.0 25 230   M    M   2        34 220
12  82  70  76  13   0  11 0.00    M    M  8.5 21 220   M    M   3        29 220
13  80  50  65   2   0   0 0.03    M    M  5.6 15 260   M    M   5 138    17 340
14  73  46  60  -3   5   0 0.00    M    M  7.2 16  40   M    M   0        20  10
15  81  45  63  -1   2   0 0.11    M    M  5.3 14 250   M    M   3 1      22 260
16  79  62  71   7   0   6 0.23    M    M  7.2 16 190   M    M   7 1      24 170
17  88  64  76  12   0  11 0.00    M    M  5.9 14 210   M    M   1        20 210
18  90  69  80  16   0  15 0.22    M    M 11.1 22 220   M    M   3 13    230  32
19  76  64  70   5   0   5 0.05    M    M  8.2 15 230   M    M   6 1      21 230
20  71  58  65   0   0   0 0.21    M    M 12.1 23 270   M    M   6 1      32 280
21  70  57  64  -1   1   0 0.08    M    M 10.4 18 230   M    M   4 18     26 260
22  75  55  65   0   0   0 0.00    M    M  5.0 13 270   M    M   3        16 270
23  75  66  71   5   0   6 3.28    M    M  5.4 17 230   M    M   9 123    24 220
24  73  58  66   0   0   1 0.00    M    M 10.0 21 230   M    M   4 1      32 220
25  72  53  63  -3   2   0 0.01    M    M  9.0 28 260   M    M   4 1      35 260
26  70  50  60  -6   5   0 0.28    M    M  5.1 24 280   M    M   6 13     35 300
================================================================================
SM 1900 1420        93  70  5.80    M    194.2          M      115
================================================================================
AV 73.1 54.6                               7.5 FASTST   M    M   4    MAX(MPH)
                                 MISC ---->  # 28 260               #230   32
================================================================================
NOTES:
# LAST OF SEVERAL OCCURRENCES

COLUMN 17 PEAK WIND IN M.P.H.

PRELIMINARY LOCAL CLIMATOLOGICAL DATA (WS FORM: F-6) , PAGE 2

                                          STATION:  WATERTOWN NY
                                          MONTH:    JUNE
                                          YEAR:     2017
                                          LATITUDE:   43 59 N
                                          LONGITUDE:  76  2 W

[TEMPERATURE DATA]      [PRECIPITATION DATA]       SYMBOLS USED IN COLUMN 16

AVERAGE MONTHLY: 63.9   TOTAL FOR MONTH:   5.80    1 = FOG OR MIST
DPTR FM NORMAL:   0.8   DPTR FM NORMAL:    3.29    2 = FOG REDUCING VISIBILITY
HIGHEST:    90 ON 18    GRTST 24HR  3.28 ON 23-23      TO 1/4 MILE OR LESS
LOWEST:     42 ON  7                               3 = THUNDER
                        SNOW, ICE PELLETS, HAIL    4 = ICE PELLETS
                        TOTAL MONTH:    M          5 = HAIL
                        GRTST 24HR    M  ON   M    6 = FREEZING RAIN OR DRIZZLE
                        GRTST DEPTH:  M  ON   M    7 = DUSTSTORM OR SANDSTORM:
                                                       VSBY 1/2 MILE OR LESS
                                                   8 = SMOKE OR HAZE
[NO. OF DAYS WITH]      [WEATHER - DAYS WITH]      9 = BLOWING SNOW
                                                   X = TORNADO
MAX 32 OR BELOW:   0    0.01 INCH OR MORE:  13
MAX 90 OR ABOVE:   1    0.10 INCH OR MORE:   8
MIN 32 OR BELOW:   0    0.50 INCH OR MORE:   2
MIN  0 OR BELOW:   0    1.00 INCH OR MORE:   2

[HDD (BASE 65) ]
TOTAL THIS MO.    93    CLEAR  (SCALE 0-3)  10
DPTR FM NORMAL    -7    PTCLDY (SCALE 4-7)  13
TOTAL FM JUL 1  6742    CLOUDY (SCALE 8-10)  3
DPTR FM NORMAL  -834

[CDD (BASE 65) ]
TOTAL THIS MO.    70
DPTR FM NORMAL    23    [PRESSURE DATA]
TOTAL FM JAN 1    89    HIGHEST SLP  0.00 ON 18
DPTR FM NORMAL    31    LOWEST  SLP 29.51 ON 23

[REMARKS]
