000
CXUS53 KARX 280930
CF6ARX
PRELIMINARY LOCAL CLIMATOLOGICAL DATA (WS FORM: F-6)

                                          STATION:   La Crosse Weather Office WI
                                          MONTH:     MARCH
                                          YEAR:      2015
                                          LATITUDE:   43 49 N
                                          LONGITUDE:  91 12 W

  TEMPERATURE IN F:       :PCPN:    SNOW:  WIND      :SUNSHINE: SKY     :PK WND
================================================================================
1   2   3   4   5  6A  6B    7    8   9   10  11  12  13   14  15   16   17  18
                                     12Z  AVG MX 2MIN
DY MAX MIN AVG DEP HDD CDD  WTR  SNW DPTH SPD SPD DIR MIN PSBL S-S WX    SPD DR
================================================================================

 1  23   8  16 -10  49   0    T    T    8   M   M   M   M    M   M        25  M
 2  24  11  18  -8  47   0 0.00  0.0    8   M   M   M   M    M   M        16  M
 3  28  10  19  -7  46   0    T    T    8   M   M   M   M    M   M 16     28  M
 4  12   1   7 -20  58   0 0.00  0.0    8   M   M   M   M    M   M        30  M
 5  12  -7   3 -24  62   0 0.00  0.0    7   M   M   M   M    M   M        19  M
 6  31   2  17 -11  48   0 0.00  0.0    6   M   M   M   M    M   M        27  M
 7  41  25  33   5  32   0 0.00  0.0    6   M   M   M   M    M   M        33  M
 8  45  28  37   9  28   0 0.00  0.0    5   M   M   M   M    M   M        11  M
 9  50  33  42  13  23   0 0.00  0.0    4   M   M   M   M    M   M        30  M
10  59  35  47  18  18   0 0.00  0.0    2   M   M   M   M    M   M        27  M
11  55  36  46  16  19   0 0.00  0.0    0   M   M   M   M    M   M        14  M
12  59  39  49  19  16   0 0.00  0.0    0   M   M   M   M    M   M        32  M
13  66  41  54  23  11   0 0.00  0.0    0   M   M   M   M    M   M        32  M
14  56  34  45  14  20   0 0.00  0.0    0   M   M   M   M    M   M        24  M
15  61  39  50  18  15   0 0.00  0.0    0   M   M   M   M    M   M        33  M
16  65  39  52  20  13   0 0.00  0.0    0   M   M   M   M    M   M        28  M
17  42  29  36   4  29   0 0.00  0.0    0   M   M   M   M    M   M        28  M
18  46  30  38   5  27   0 0.00  0.0    0   M   M   M   M    M   M        13  M
19  48  35  42   9  23   0 0.00  0.0    0   M   M   M   M    M   M        24  M
20  53  33  43   9  22   0    T    T    0   M   M   M   M    M   M        25 240
21  43  29  36   2  29   0 0.00  0.0    0   M   M   M   M    M   M        22 350
22  31  26  29  -6  36   0 0.26  4.9    0   M   M   M   M    M   M        19  M
23  32  23  28  -7  37   0 0.12  2.1    6   M   M   M   M    M   M        19  M
24  40  21  31  -5  34   0 0.21  0.6    5   M   M   M   M    M   M        25  M
25  37  26  32  -4  33   0 0.05  0.5    5   M   M   M   M    M   M        37  M
26  32  22  27 -10  38   0    T    T    4   M   M   M   M    M   M        25  M
27  32  16  24 -13  41   0 0.00  0.0    2   M   M   M   M    M   M        16  M
================================================================================
SM 1123  664       854   0  0.64     8.1     M          M        M
================================================================================
AV 41.6 24.6                                 M FASTST   M    M   4    MAX(MPH)
                                 MISC ---->     M   M                 37    M
================================================================================
NOTES:
# LAST OF SEVERAL OCCURRENCES

COLUMN 17 PEAK WIND IN M.P.H.

PRELIMINARY LOCAL CLIMATOLOGICAL DATA (WS FORM: F-6) , PAGE 2

                                          STATION:  La Crosse Weather Office WI
                                          MONTH:    MARCH
                                          YEAR:     2015
                                          LATITUDE:   43 49 N
                                          LONGITUDE:  91 12 W

[TEMPERATURE DATA]      [PRECIPITATION DATA]       SYMBOLS USED IN COLUMN 16

AVERAGE MONTHLY: 33.1   TOTAL FOR MONTH:   0.64    1 = FOG OR MIST
DPTR FM NORMAL:   1.9   DPTR FM NORMAL:   -0.89    2 = FOG REDUCING VISIBILITY
HIGHEST:    66 ON 13    GRTST 24HR  0.26 ON 22-22      TO 1/4 MILE OR LESS
LOWEST:     -7 ON  5                               3 = THUNDER
                        SNOW, ICE PELLETS, HAIL    4 = ICE PELLETS
                        TOTAL MONTH:   8.1 INCHES  5 = HAIL
                        GRTST 24HR   4.9 ON   M    6 = FREEZING RAIN OR DRIZZLE
                        GRTST DEPTH:   8 ON  4, 3  7 = DUSTSTORM OR SANDSTORM:
                                                       VSBY 1/2 MILE OR LESS
                                                   8 = SMOKE OR HAZE
[NO. OF DAYS WITH]      [WEATHER - DAYS WITH]      9 = BLOWING SNOW
                                                   X = TORNADO
MAX 32 OR BELOW:  10    0.01 INCH OR MORE:   4
MAX 90 OR ABOVE:   0    0.10 INCH OR MORE:   3
MIN 32 OR BELOW:  17    0.50 INCH OR MORE:   0
MIN  0 OR BELOW:   1    1.00 INCH OR MORE:   0

[HDD (BASE 65) ]
TOTAL THIS MO.   854    CLEAR  (SCALE 0-3)   0
DPTR FM NORMAL   -59    PTCLDY (SCALE 4-7)   0
TOTAL FM JUL 1  7031    CLOUDY (SCALE 8-10)  0
DPTR FM NORMAL   306

[CDD (BASE 65) ]
TOTAL THIS MO.     0
DPTR FM NORMAL     0    [PRESSURE DATA]
TOTAL FM JAN 1     0    HIGHEST SLP M ON M
DPTR FM NORMAL     0    LOWEST  SLP M ON M

[REMARKS]
