000
CXUS53 KARX 220930
CF6ARX
PRELIMINARY LOCAL CLIMATOLOGICAL DATA (WS FORM: F-6)

                                          STATION:   La Crosse Weather Office WI
                                          MONTH:     FEBRUARY
                                          YEAR:      2017
                                          LATITUDE:   43 49 N
                                          LONGITUDE:  91 12 W

  TEMPERATURE IN F:       :PCPN:    SNOW:  WIND      :SUNSHINE: SKY     :PK WND
================================================================================
1   2   3   4   5  6A  6B    7    8   9   10  11  12  13   14  15   16   17  18
                                     12Z  AVG MX 2MIN
DY MAX MIN AVG DEP HDD CDD  WTR  SNW DPTH SPD SPD DIR MIN PSBL S-S WX    SPD DR
================================================================================

 1  27   8  18   1  47   0 0.02  0.3    8   M   M   M   M    M   M         M  M
 2  14   5  10  -7  55   0 0.00  0.0    8   M   M   M   M    M   M         M  M
 3  19   4  12  -5  53   0 0.00  0.0    8   M   M   M   M    M   M         M  M
 4  29   9  19   2  46   0    T    T    7   M   M   M   M    M   M         M  M
 5  28  19  24   6  41   0    T  0.1    6   M   M   M   M    M   M         M  M
 6  41  18  30  12  35   0 0.00  0.0    6   M   M   M   M    M   M         M  M
 7  34  18  26   8  39   0    T    T    5   M   M   M   M    M   M 16      M  M
 8  18   7  13  -5  52   0    T    T    4   M   M   M   M    M   M         M  M
 9  16   2   9  -9  56   0 0.00  0.0    4   M   M   M   M    M   M         M  M
10  38  16  27   8  38   0 0.00  0.0    4   M   M   M   M    M   M         M  M
11  44  36  40  21  25   0    T  0.0    3   M   M   M   M    M   M         M  M
12  36  29  33  14  32   0    T  0.0    2   M   M   M   M    M   M         M  M
13  42  26  34  14  31   0 0.00  0.0    2   M   M   M   M    M   M         M  M
14  41  25  33  13  32   0 0.00  0.0    2   M   M   M   M    M   M         M  M
15  31  18  25   5  40   0 0.00  0.0    0   M   M   M   M    M   M         M  M
16  37  24  31  10  34   0 0.00  0.0    2   M   M   M   M    M   M         M  M
17  56  31  44  23  21   0 0.00  0.0    1   M   M   M   M    M   M         M  M
18  56  38  47  26  18   0 0.00  0.0    T   M   M   M   M    M   M        10 270
19  60  41  51  29  14   0 0.00  0.0    0   M   M   M   M    M   M        27 150
20  54  49  52  30  13   0 0.74  0.0    0   M   M   M   M    M   M        37  M
21  58  35  47  25  18   0 0.00  0.0    0   M   M   M   M    M   M        21  M
================================================================================
SM  779  458       740   0  0.76     0.4     M          M        M
================================================================================
AV 37.1 21.8                                 M FASTST   M    M   3    MAX(MPH)
                                 MISC ---->     M   M                 37    M
================================================================================
NOTES:
# LAST OF SEVERAL OCCURRENCES

COLUMN 17 PEAK WIND IN M.P.H.

PRELIMINARY LOCAL CLIMATOLOGICAL DATA (WS FORM: F-6) , PAGE 2

                                          STATION:  La Crosse Weather Office WI
                                          MONTH:    FEBRUARY
                                          YEAR:     2017
                                          LATITUDE:   43 49 N
                                          LONGITUDE:  91 12 W

[TEMPERATURE DATA]      [PRECIPITATION DATA]       SYMBOLS USED IN COLUMN 16

AVERAGE MONTHLY: 29.5   TOTAL FOR MONTH:   0.76    1 = FOG OR MIST
DPTR FM NORMAL:  10.2   DPTR FM NORMAL:    0.07    2 = FOG REDUCING VISIBILITY
HIGHEST:    60 ON 19    GRTST 24HR  0.74 ON 20-20      TO 1/4 MILE OR LESS
LOWEST:      2 ON  9                               3 = THUNDER
                        SNOW, ICE PELLETS, HAIL    4 = ICE PELLETS
                        TOTAL MONTH:   0.4 INCH    5 = HAIL
                        GRTST 24HR   0.3 ON   M    6 = FREEZING RAIN OR DRIZZLE
                        GRTST DEPTH:   8 ON  3, 2  7 = DUSTSTORM OR SANDSTORM:
                                                       VSBY 1/2 MILE OR LESS
                                                   8 = SMOKE OR HAZE
[NO. OF DAYS WITH]      [WEATHER - DAYS WITH]      9 = BLOWING SNOW
                                                   X = TORNADO
MAX 32 OR BELOW:   8    0.01 INCH OR MORE:   2
MAX 90 OR ABOVE:   0    0.10 INCH OR MORE:   1
MIN 32 OR BELOW:  16    0.50 INCH OR MORE:   1
MIN  0 OR BELOW:   0    1.00 INCH OR MORE:   0

[HDD (BASE 65) ]
TOTAL THIS MO.   740    CLEAR  (SCALE 0-3)   0
DPTR FM NORMAL  -220    PTCLDY (SCALE 4-7)   0
TOTAL FM JUL 1  4654    CLOUDY (SCALE 8-10)  0
DPTR FM NORMAL  -871

[CDD (BASE 65) ]
TOTAL THIS MO.     0
DPTR FM NORMAL     0    [PRESSURE DATA]
TOTAL FM JAN 1     0    HIGHEST SLP M ON M
DPTR FM NORMAL     0    LOWEST  SLP M ON M

[REMARKS]
