000
CXUS53 KARX 220930
CF6ARX
PRELIMINARY LOCAL CLIMATOLOGICAL DATA (WS FORM: F-6)

                                          STATION:   La Crosse Weather Office WI
                                          MONTH:     JULY
                                          YEAR:      2017
                                          LATITUDE:   43 49 N
                                          LONGITUDE:  91 12 W

  TEMPERATURE IN F:       :PCPN:    SNOW:  WIND      :SUNSHINE: SKY     :PK WND
================================================================================
1   2   3   4   5  6A  6B    7    8   9   10  11  12  13   14  15   16   17  18
                                     12Z  AVG MX 2MIN
DY MAX MIN AVG DEP HDD CDD  WTR  SNW DPTH SPD SPD DIR MIN PSBL S-S WX    SPD DR
================================================================================

 1  72  57  65  -5   0   0 0.11  0.0    0   M   M   M   M    M   M        18  M
 2  77  61  69  -1   0   4 0.04  0.0    0   M   M   M   M    M   M 3      18  M
 3  79  56  68  -2   0   3 0.00  0.0    0   M   M   M   M    M   M        15  M
 4  82  59  71   0   0   6 0.00  0.0    0   M   M   M   M    M   M        20  M
 5  86  68  77   6   0  12 0.00  0.0    0   M   M   M   M    M   M        22  M
 6  88  66  77   6   0  12 0.04  0.0    0   M   M   M   M    M   M 3      28 310
 7  80  60  70  -1   0   5 0.00  0.0    0   M   M   M   M    M   M        28 320
 8  78  56  67  -4   0   2 0.00  0.0    0   M   M   M   M    M   M        15 310
 9  79  62  71   0   0   6 0.34  0.0    0   M   M   M   M    M   M 3      25  60
10  82  62  72   1   0   7 0.03  0.0    0   M   M   M   M    M   M        16  M
11  84  66  75   4   0  10 0.14  0.0    0   M   M   M   M    M   M 3      22  M
12  88  63  76   5   0  11 1.60  0.0    0   M   M   M   M    M   M 3      24  M
13  74  58  66  -5   0   1 0.00  0.0    0   M   M   M   M    M   M        21  M
14  70  54  62  -9   3   0 0.00  0.0    0   M   M   M   M    M   M        15  M
15  86  57  72   1   0   7 0.00  0.0    0   M   M   M   M    M   M        18  M
16  81  65  73   2   0   8 0.00  0.0    0   M   M   M   M    M   M        16  M
17  82  60  71   0   0   6 0.00  0.0    0   M   M   M   M    M   M        18  M
18  88  66  77   6   0  12 0.02  0.0    0   M   M   M   M    M   M 3      21  M
19  83  64  74   3   0   9 3.26    T    0   M   M   M   M    M   M 35     46  M
20  84  65  75   4   0  10 3.00  0.0    0   M   M   M   M    M   M 123     M  M
21  72  64  68  -3   0   3 0.55  0.0    0   M   M   M   M    M   M 123    16  M
================================================================================
SM 1695 1289         3 134  9.13    T        M          M        M
================================================================================
AV 80.7 61.4                                 M FASTST   M    M   2    MAX(MPH)
                                 MISC ---->     M   M                 46    M
================================================================================
NOTES:
# LAST OF SEVERAL OCCURRENCES

COLUMN 17 PEAK WIND IN M.P.H.

PRELIMINARY LOCAL CLIMATOLOGICAL DATA (WS FORM: F-6) , PAGE 2

                                          STATION:  La Crosse Weather Office WI
                                          MONTH:    JULY
                                          YEAR:     2017
                                          LATITUDE:   43 49 N
                                          LONGITUDE:  91 12 W

[TEMPERATURE DATA]      [PRECIPITATION DATA]       SYMBOLS USED IN COLUMN 16

AVERAGE MONTHLY: 71.1   TOTAL FOR MONTH:   9.13    1 = FOG OR MIST
DPTR FM NORMAL:   0.2   DPTR FM NORMAL:    6.07    2 = FOG REDUCING VISIBILITY
HIGHEST:    88 ON 18,12 GRTST 24HR  3.26 ON 19-19      TO 1/4 MILE OR LESS
LOWEST:     54 ON 14                               3 = THUNDER
                        SNOW, ICE PELLETS, HAIL    4 = ICE PELLETS
                        TOTAL MONTH:    T          5 = HAIL
                        GRTST 24HR    T  ON 19-19  6 = FREEZING RAIN OR DRIZZLE
                        GRTST DEPTH:   0           7 = DUSTSTORM OR SANDSTORM:
                                                       VSBY 1/2 MILE OR LESS
                                                   8 = SMOKE OR HAZE
[NO. OF DAYS WITH]      [WEATHER - DAYS WITH]      9 = BLOWING SNOW
                                                   X = TORNADO
MAX 32 OR BELOW:   0    0.01 INCH OR MORE:  11
MAX 90 OR ABOVE:   0    0.10 INCH OR MORE:   7
MIN 32 OR BELOW:   0    0.50 INCH OR MORE:   4
MIN  0 OR BELOW:   0    1.00 INCH OR MORE:   3

[HDD (BASE 65) ]
TOTAL THIS MO.     3    CLEAR  (SCALE 0-3)   0
DPTR FM NORMAL     0    PTCLDY (SCALE 4-7)   0
TOTAL FM JUL 1     3    CLOUDY (SCALE 8-10)  0
DPTR FM NORMAL     0

[CDD (BASE 65) ]
TOTAL THIS MO.   134
DPTR FM NORMAL     8    [PRESSURE DATA]
TOTAL FM JAN 1   258    HIGHEST SLP M ON M
DPTR FM NORMAL    14    LOWEST  SLP M ON M

[REMARKS]
