000
CXUS53 KARX 300930
CF6ARX
PRELIMINARY LOCAL CLIMATOLOGICAL DATA (WS FORM: F-6)

                                          STATION:   La Crosse Weather Office WI
                                          MONTH:     JULY
                                          YEAR:      2015
                                          LATITUDE:   43 49 N
                                          LONGITUDE:  91 12 W

  TEMPERATURE IN F:       :PCPN:    SNOW:  WIND      :SUNSHINE: SKY     :PK WND
================================================================================
1   2   3   4   5  6A  6B    7    8   9   10  11  12  13   14  15   16   17  18
                                     12Z  AVG MX 2MIN
DY MAX MIN AVG DEP HDD CDD  WTR  SNW DPTH SPD SPD DIR MIN PSBL S-S WX    SPD DR
================================================================================

 1  67  51  59 -11   6   0 0.00  0.0    0   M   M   M   M    M   M        15  M
 2  73  53  63  -7   2   0 0.00  0.0    0   M   M   M   M    M   M        12  M
 3  74  57  66  -4   0   1 0.00  0.0    0   M   M   M   M    M   M        11  M
 4  79  60  70  -1   0   5 0.00  0.0    0   M   M   M   M    M   M 8      15  M
 5  80  64  72   1   0   7 0.00  0.0    0   M   M   M   M    M   M        24  M
 6  73  58  66  -5   0   1 0.70  0.0    0   M   M   M   M    M   M        27  M
 7  66  53  60 -11   5   0 0.00  0.0    0   M   M   M   M    M   M        20  M
 8  70  55  63  -8   2   0 0.00  0.0    0   M   M   M   M    M   M        14  M
 9  76  54  65  -6   0   0 0.00  0.0    0   M   M   M   M    M   M        11 270
10  78  60  69  -2   0   4 0.00  0.0    0   M   M   M   M    M   M        15 190
11  77  64  71   0   0   6 0.01  0.0    0   M   M   M   M    M   M        15 140
12  83  64  74   3   0   9 0.00  0.0    0   M   M   M   M    M   M        22  M
13  86  62  74   3   0   9 1.28    T    0   M   M   M   M    M   M 35     40  M
14  78  64  71   0   0   6    T  0.0    0   M   M   M   M    M   M        18  M
15  75  59  67  -4   0   2 0.00  0.0    0   M   M   M   M    M   M        16  M
16  70  60  65  -6   0   0 0.30  0.0    0   M   M   M   M    M   M 3      23  M
17  87  66  77   6   0  12 0.00  0.0    0   M   M   M   M    M   M        13  M
18  85  64  75   4   0  10 1.13  0.0    0   M   M   M   M    M   M 3      37  M
19  78  62  70  -1   0   5 0.00  0.0    0   M   M   M   M    M   M         M  M
20  78  62  70  -1   0   5 0.07  0.0    0   M   M   M   M    M   M        27  M
21  77  58  68  -3   0   3 0.00  0.0    0   M   M   M   M    M   M         M  M
22  78  60  69  -2   0   4 0.00  0.0    0   M   M   M   M    M   M        12  M
23  80  62  71   0   0   6 0.00  0.0    0   M   M   M   M    M   M        13  M
24  79  63  71   0   0   6 0.34  0.0    0   M   M   M   M    M   M 13     38  M
25  83  69  76   5   0  11 0.00  0.0    0   M   M   M   M    M   M 1      12  M
26  81  69  75   4   0  10    T  0.0    0   M   M   M   M    M   M        18  M
27  84  65  75   4   0  10 0.00  0.0    0   M   M   M   M    M   M        19  M
28  81  68  75   5   0  10 0.62  0.0    0   M   M   M   M    M   M 13     27  M
29  79  64  72   2   0   7 0.00  0.0    0   M   M   M   M    M   M         M  M
================================================================================
SM 2255 1770        15 149  4.45    T        M          M        M
================================================================================
AV 77.8 61.0                                 M FASTST   M    M   3    MAX(MPH)
                                 MISC ---->     M   M                 40    M
================================================================================
NOTES:
# LAST OF SEVERAL OCCURRENCES

COLUMN 17 PEAK WIND IN M.P.H.

PRELIMINARY LOCAL CLIMATOLOGICAL DATA (WS FORM: F-6) , PAGE 2

                                          STATION:  La Crosse Weather Office WI
                                          MONTH:    JULY
                                          YEAR:     2015
                                          LATITUDE:   43 49 N
                                          LONGITUDE:  91 12 W

[TEMPERATURE DATA]      [PRECIPITATION DATA]       SYMBOLS USED IN COLUMN 16

AVERAGE MONTHLY: 69.4   TOTAL FOR MONTH:   4.45    1 = FOG OR MIST
DPTR FM NORMAL:  -1.4   DPTR FM NORMAL:    0.26    2 = FOG REDUCING VISIBILITY
HIGHEST:    87 ON 17    GRTST 24HR  1.28 ON 13-13      TO 1/4 MILE OR LESS
LOWEST:     51 ON  1                               3 = THUNDER
                        SNOW, ICE PELLETS, HAIL    4 = ICE PELLETS
                        TOTAL MONTH:    T          5 = HAIL
                        GRTST 24HR    T  ON 13-13  6 = FREEZING RAIN OR DRIZZLE
                        GRTST DEPTH:   0           7 = DUSTSTORM OR SANDSTORM:
                                                       VSBY 1/2 MILE OR LESS
                                                   8 = SMOKE OR HAZE
[NO. OF DAYS WITH]      [WEATHER - DAYS WITH]      9 = BLOWING SNOW
                                                   X = TORNADO
MAX 32 OR BELOW:   0    0.01 INCH OR MORE:   8
MAX 90 OR ABOVE:   0    0.10 INCH OR MORE:   6
MIN 32 OR BELOW:   0    0.50 INCH OR MORE:   4
MIN  0 OR BELOW:   0    1.00 INCH OR MORE:   2

[HDD (BASE 65) ]
TOTAL THIS MO.    15    CLEAR  (SCALE 0-3)   0
DPTR FM NORMAL    12    PTCLDY (SCALE 4-7)   0
TOTAL FM JUL 1    15    CLOUDY (SCALE 8-10)  0
DPTR FM NORMAL    12

[CDD (BASE 65) ]
TOTAL THIS MO.   149
DPTR FM NORMAL   -25    [PRESSURE DATA]
TOTAL FM JAN 1   251    HIGHEST SLP M ON M
DPTR FM NORMAL   -41    LOWEST  SLP M ON M

[REMARKS]
