000
CXUS55 KGJT 301000
CF6ASE
PRELIMINARY LOCAL CLIMATOLOGICAL DATA (WS FORM: F-6)

                                          STATION:   ASPEN CO
                                          MONTH:     OCTOBER
                                          YEAR:      2014
                                          LATITUDE:   39 13 N
                                          LONGITUDE: 106 52 W

  TEMPERATURE IN F:       :PCPN:    SNOW:  WIND      :SUNSHINE: SKY     :PK WND
================================================================================
1   2   3   4   5  6A  6B    7    8   9   10  11  12  13   14  15   16   17  18
                                     12Z  AVG MX 2MIN
DY MAX MIN AVG DEP HDD CDD  WTR  SNW DPTH SPD SPD DIR MIN PSBL S-S WX    SPD DR
================================================================================

 1  46  33  40  -8  25   0 0.42    M    M  3.7 18 320   M    M   8 18     31 330
 2  51  31  41  -6  24   0 0.03    M    M  4.3 12 350   M    M   4 1      16 360
 3  58  28  43  -4  22   0 0.00    M    M  6.6 17 340   M    M   1        24 320
 4  62  30  46   0  19   0 0.00    M    M  6.1 18 360   M    M   0        24 360
 5  63  30  47   1  18   0 0.00    M    M  6.9 17 360   M    M   1        23 350
 6  66  32  49   3  16   0 0.00    M    M  8.0 21 360   M    M   1        27 350
 7  68  32  50   5  15   0 0.00    M    M  6.0 14  10   M    M   0        18 360
 8  66  36  51   6  14   0 0.00    M    M  4.5 12 320   M    M   1        15  10
 9  53  44  49   4  16   0 0.12    M    M  3.5  8 190   M    M   9 1       9 190
10  57  42  50   6  15   0 0.10    M    M  3.3 13 140   M    M   9 1      16 150
11  61  35  48   4  17   0    T    M    M  5.3 20 330   M    M   4        27 300
12  49  33  41  -3  24   0 0.25    M    M  6.6 28 330   M    M   9 138    40 320
13  49  30  40  -3  25   0    T    M    M  5.0 16 320   M    M   4 1      20 310
14  66  25  46   3  19   0 0.00    M    M  4.7 12 220   M    M   0        15 210
15  71  28  50   7  15   0 0.00    M    M  5.7 14 360   M    M   0        23  10
16  70  35  53  11  12   0 0.00    M    M  7.1 17 350   M    M   0        22 330
17  68  33  51   9  14   0 0.00    M    M  6.4 13 320   M    M   0        17 320
18  66  31  49   7  16   0 0.00    M    M  5.6 13 360   M    M   1        18 330
19  65  38  52  11  13   0 0.00    M    M  5.1 20 170   M    M   6 3      25 160
20  66  32  49   8  16   0 0.00    M    M  5.0 16 320   M    M   2        19 320
21  62  37  50  10  15   0 0.22    M    M  5.7 18 310   M    M   7 18     22 330
22  53  34  44   4  21   0 0.26    M    M  4.6 18 290   M    M   6 1      28 280
23  64  31  48   8  17   0 0.00    M    M  5.9 12 210   M    M   0        15 210
24  69  32  51  12  14   0 0.00    M    M  6.2 15  10   M    M   0        18 360
25  72  30  51  12  14   0 0.00    M    M  5.7 14 270   M    M   0        18 230
26  64  38  51  13  14   0    T    M    M  7.0 22 230   M    M   2 3      29 260
27  50  25  38   0  27   0 0.03    M    M  6.2 15 330   M    M   7 1      22 330
28  55  23  39   1  26   0 0.00    M    M  4.2 12 200   M    M   2        20 320
29  59  21  40   3  25   0 0.00    M    M  6.0 15 360   M    M   0        23 350
================================================================================
SM 1769  929       528   0  1.43    M    160.9          M       84
================================================================================
AV 61.0 32.0                               5.5 FASTST   M    M   3    MAX(MPH)
                                 MISC ---->  # 28 330               # 40  320
================================================================================
NOTES:
# LAST OF SEVERAL OCCURRENCES

COLUMN 17 PEAK WIND IN M.P.H.

PRELIMINARY LOCAL CLIMATOLOGICAL DATA (WS FORM: F-6) , PAGE 2

                                          STATION:  ASPEN CO
                                          MONTH:    OCTOBER
                                          YEAR:     2014
                                          LATITUDE:   39 13 N
                                          LONGITUDE: 106 52 W

[TEMPERATURE DATA]      [PRECIPITATION DATA]       SYMBOLS USED IN COLUMN 16

AVERAGE MONTHLY: 46.5   TOTAL FOR MONTH:   1.43    1 = FOG OR MIST
DPTR FM NORMAL:   4.0   DPTR FM NORMAL:    0.06    2 = FOG REDUCING VISIBILITY
HIGHEST:    72 ON 25    GRTST 24HR  0.48 ON 21-22      TO 1/4 MILE OR LESS
LOWEST:     21 ON 29                               3 = THUNDER
                        SNOW, ICE PELLETS, HAIL    4 = ICE PELLETS
                        TOTAL MONTH:    M          5 = HAIL
                        GRTST 24HR    M  ON   M    6 = FREEZING RAIN OR DRIZZLE
                        GRTST DEPTH:  M  ON   M    7 = DUSTSTORM OR SANDSTORM:
                                                       VSBY 1/2 MILE OR LESS
                                                   8 = SMOKE OR HAZE
[NO. OF DAYS WITH]      [WEATHER - DAYS WITH]      9 = BLOWING SNOW
                                                   X = TORNADO
MAX 32 OR BELOW:   0    0.01 INCH OR MORE:   8
MAX 90 OR ABOVE:   0    0.10 INCH OR MORE:   6
MIN 32 OR BELOW:  17    0.50 INCH OR MORE:   0
MIN  0 OR BELOW:   0    1.00 INCH OR MORE:   0

[HDD (BASE 65) ]
TOTAL THIS MO.   528    CLEAR  (SCALE 0-3)  18
DPTR FM NORMAL  -124    PTCLDY (SCALE 4-7)   8
TOTAL FM JUL 1   906    CLOUDY (SCALE 8-10)  3
DPTR FM NORMAL  -293

[CDD (BASE 65) ]
TOTAL THIS MO.     0
DPTR FM NORMAL     0    [PRESSURE DATA]
TOTAL FM JAN 1    56    HIGHEST SLP M ON M
DPTR FM NORMAL    17    LOWEST  SLP 29.53 ON 26

[REMARKS]
