000
CXUS55 KGJT 171000
CF6ASE
PRELIMINARY LOCAL CLIMATOLOGICAL DATA (WS FORM: F-6)

                                          STATION:   ASPEN CO
                                          MONTH:     NOVEMBER
                                          YEAR:      2017
                                          LATITUDE:   39 13 N
                                          LONGITUDE: 106 52 W

  TEMPERATURE IN F:       :PCPN:    SNOW:  WIND      :SUNSHINE: SKY     :PK WND
================================================================================
1   2   3   4   5  6A  6B    7    8   9   10  11  12  13   14  15   16   17  18
                                     12Z  AVG MX 2MIN
DY MAX MIN AVG DEP HDD CDD  WTR  SNW DPTH SPD SPD DIR MIN PSBL S-S WX    SPD DR
================================================================================

 1  60  28  44   8  21   0 0.00    M    M  7.4 25 330   M    M   2        35 330
 2  63  32  48  12  17   0 0.00    M    M  5.8 20  10   M    M   4        27 330
 3  61  26  44   9  21   0 0.00    M    M  7.2 25 240   M    M   2 8      39 250
 4  54  43  49  14  16   0    T    M    M 13.8 26 260   M    M   6        45 250
 5  50  35  43   9  22   0    T    M    M  5.2 17 270   M    M   9        29 270
 6  50  34  42   8  23   0    T    M    M  6.4 20 170   M    M   9        23 140
 7  49  29  39   6  26   0    T    M    M  4.2 22 320   M    M   7 18     28 320
 8  46  22  34   1  31   0    T    M    M  3.9 10 340   M    M   3 1      14 340
 9  57  18  38   6  27   0 0.00    M    M  4.8 13 330   M    M   1        16 320
10  62  25  44  12  21   0 0.00    M    M  5.2 15 170   M    M   0        19 170
11  53  23  38   7  27   0 0.00    M    M  8.0 21 330   M    M   1        34 320
12  55  19  37   6  28   0 0.00    M    M  4.7 10 220   M    M   0        12 330
13  63  29  46  16  19   0 0.00    M    M  5.4 13 270   M    M   2        18 300
14  62  25  44  14  21   0 0.00    M    M  7.6 18 320   M    M   0        27 330
15  56  18  37   7  28   0 0.00    M    M  4.7  9 180   M    M   1 8      12  20
16  60  26  43  14  22   0 0.00    M    M  8.1 23 220   M    M   3 8      35 200
================================================================================
SM  901  432       370   0    T     M    102.4          M       50
================================================================================
AV 56.3 27.0                               6.4 FASTST   M    M   3    MAX(MPH)
                                 MISC ---->  # 26 260               # 45  250
================================================================================
NOTES:
# LAST OF SEVERAL OCCURRENCES

COLUMN 17 PEAK WIND IN M.P.H.

PRELIMINARY LOCAL CLIMATOLOGICAL DATA (WS FORM: F-6) , PAGE 2

                                          STATION:  ASPEN CO
                                          MONTH:    NOVEMBER
                                          YEAR:     2017
                                          LATITUDE:   39 13 N
                                          LONGITUDE: 106 52 W

[TEMPERATURE DATA]      [PRECIPITATION DATA]       SYMBOLS USED IN COLUMN 16

AVERAGE MONTHLY: 41.7   TOTAL FOR MONTH:      T    1 = FOG OR MIST
DPTR FM NORMAL:   9.1   DPTR FM NORMAL:   -0.81    2 = FOG REDUCING VISIBILITY
HIGHEST:    63 ON 13, 2 GRTST 24HR    T  ON  8- 8      TO 1/4 MILE OR LESS
LOWEST:     18 ON 15, 9                            3 = THUNDER
                        SNOW, ICE PELLETS, HAIL    4 = ICE PELLETS
                        TOTAL MONTH:    M          5 = HAIL
                        GRTST 24HR    M  ON   M    6 = FREEZING RAIN OR DRIZZLE
                        GRTST DEPTH:  M  ON   M    7 = DUSTSTORM OR SANDSTORM:
                                                       VSBY 1/2 MILE OR LESS
                                                   8 = SMOKE OR HAZE
[NO. OF DAYS WITH]      [WEATHER - DAYS WITH]      9 = BLOWING SNOW
                                                   X = TORNADO
MAX 32 OR BELOW:   0    0.01 INCH OR MORE:   0
MAX 90 OR ABOVE:   0    0.10 INCH OR MORE:   0
MIN 32 OR BELOW:  13    0.50 INCH OR MORE:   0
MIN  0 OR BELOW:   0    1.00 INCH OR MORE:   0

[HDD (BASE 65) ]
TOTAL THIS MO.   370    CLEAR  (SCALE 0-3)  10
DPTR FM NORMAL  -150    PTCLDY (SCALE 4-7)   4
TOTAL FM JUL 1  1372    CLOUDY (SCALE 8-10)  2
DPTR FM NORMAL  -403

[CDD (BASE 65) ]
TOTAL THIS MO.     0
DPTR FM NORMAL     0    [PRESSURE DATA]
TOTAL FM JAN 1   105    HIGHEST SLP M ON M
DPTR FM NORMAL    66    LOWEST  SLP 29.56 ON  1

[REMARKS]
