000
CXUS54 KMAF 301100
CF6ATS
PRELIMINARY LOCAL CLIMATOLOGICAL DATA (WS FORM: F-6)

                                          STATION:   Artesia
                                          MONTH:     AUGUST
                                          YEAR:      2014
                                          LATITUDE:   32 54 N
                                          LONGITUDE: 104 30 W

  TEMPERATURE IN F:       :PCPN:    SNOW:  WIND      :SUNSHINE: SKY     :PK WND
================================================================================
1   2   3   4   5  6A  6B    7    8   9   10  11  12  13   14  15   16   17  18
                                     12Z  AVG MX 2MIN
DY MAX MIN AVG DEP HDD CDD  WTR  SNW DPTH SPD SPD DIR MIN PSBL S-S WX    SPD DR
================================================================================

 1  73  66  70   M   0   5 0.04  0.0    0  6.5 20 340   M    M   7        28 340
 2  75  68  72   M   0   7 0.00  0.0    0  5.4 13 160   M    M   7         M  M
 3  86  68  77   M   0  12 0.00  0.0    0  3.9  8 190   M    M   4         M  M
 4  90  64  77   M   0  12 0.00  0.0    0  7.1 14 110   M    M   0        20 140
 5  91  68  80   M   0  15 0.00  0.0    0  7.0 13 120   M    M   0        17 120
 6  95  66  81   M   0  16 0.00  0.0    0  7.1 12 270   M    M   0        16 110
 7  95  70  83   M   0  18 0.01  0.0    0 10.2 23 360   M    M   2 3      29 360
 8  90  68  79   M   0  14 0.00  0.0    0  7.0 12 320   M    M   1         M  M
 9  86  72  79   M   0  14 0.00  0.0    0  8.1 23 270   M    M   1        28 270
10  90  68  79   M   0  14 0.04  0.0    0  7.9 23  50   M    M   2 3      32  50
11  86  64  75   M   0  10 0.00  0.0    0 11.9 22  30   M    M   2        29  30
12  88  68  78   M   0  13 0.00  0.0    0  6.1 14 110   M    M   2        17 140
13  91  68  80   M   0  15 0.00  0.0    0  9.0 18 180   M    M   0        21 170
14  91  68  80   M   0  15 0.00  0.0    0 10.9 23 210   M    M   1 3      30 210
15  93  70  82   M   0  17 0.19  0.0    0  6.6 27 290   M    M   1 3      33 290
16  91  68  80   M   0  15 0.00  0.0    0  8.1 25  10   M    M   0        32  10
17  91  66  79   M   0  14 0.00  0.0    0  7.4 20  40   M    M   1 3      31  40
18  91  64  78   M   0  13 0.00  0.0    0  4.9 12 140   M    M   0         M  M
19  95  66  81   M   0  16 0.00  0.0    0  6.6 14 140   M    M   0        18 140
20  93  72  83   M   0  18 0.00  0.0    0  8.0 15 250   M    M   1 3      25 220
21  97  68  83   M   0  18 0.00  0.0    0  8.9 16 160   M    M   1        25 220
22  91  73  82   M   0  17 0.00  0.0    0 13.0 24 150   M    M   1 3      32 150
23  73  73  73   M   0   8 0.00  0.0    M  6.3  7 190   M    M   3         M  M
24   M   M   M   M   M   M    M    M    M   M   M   M   M    M   M         M  M
25   M   M   M   M   M   M    M    M    M   M   M   M   M    M   M         M  M
26   M   M   M   M   M   M    M    M    M   M   M   M   M    M   M         M  M
27   M   M   M   M   M   M    M    M    M   M   M   M   M    M   M         M  M
28   M   M   M   M   M   M    M    M    M   M   M   M   M    M   M         M  M
29   M   M   M   M   M   M    M    M    M   M   M   M   M    M   M         M  M
================================================================================
SM 2042 1566         0 316  0.28     0.0 177.9          M       37
================================================================================
AV 88.8 68.1                               7.7 FASTST   M    M   2    MAX(MPH)
                                 MISC ---->  # 27 290                 33    M
================================================================================
NOTES:
# LAST OF SEVERAL OCCURRENCES

COLUMN 17 PEAK WIND IN M.P.H.

PRELIMINARY LOCAL CLIMATOLOGICAL DATA (WS FORM: F-6) , PAGE 2

                                          STATION:  Artesia
                                          MONTH:    AUGUST
                                          YEAR:     2014
                                          LATITUDE:   32 54 N
                                          LONGITUDE: 104 30 W

[TEMPERATURE DATA]      [PRECIPITATION DATA]       SYMBOLS USED IN COLUMN 16

AVERAGE MONTHLY: 78.4   TOTAL FOR MONTH:   0.28    1 = FOG OR MIST
DPTR FM NORMAL:     M   DPTR FM NORMAL:       M    2 = FOG REDUCING VISIBILITY
HIGHEST:    97 ON 21    GRTST 24HR  0.19 ON 15-15      TO 1/4 MILE OR LESS
LOWEST:     64 ON 18,11                            3 = THUNDER
                        SNOW, ICE PELLETS, HAIL    4 = ICE PELLETS
                        TOTAL MONTH:   0.0 INCH    5 = HAIL
                        GRTST 24HR     0.0         6 = FREEZING RAIN OR DRIZZLE
                        GRTST DEPTH:   0           7 = DUSTSTORM OR SANDSTORM:
                                                       VSBY 1/2 MILE OR LESS
                                                   8 = SMOKE OR HAZE
[NO. OF DAYS WITH]      [WEATHER - DAYS WITH]      9 = BLOWING SNOW
                                                   X = TORNADO
MAX 32 OR BELOW:   0    0.01 INCH OR MORE:   4
MAX 90 OR ABOVE:  16    0.10 INCH OR MORE:   1
MIN 32 OR BELOW:   0    0.50 INCH OR MORE:   0
MIN  0 OR BELOW:   0    1.00 INCH OR MORE:   0

[HDD (BASE 65) ]
TOTAL THIS MO.     0    CLEAR  (SCALE 0-3)  20
DPTR FM NORMAL     M    PTCLDY (SCALE 4-7)   3
TOTAL FM JUL 1     0    CLOUDY (SCALE 8-10)  0
DPTR FM NORMAL     M

[CDD (BASE 65) ]
TOTAL THIS MO.   316
DPTR FM NORMAL     M    [PRESSURE DATA]
TOTAL FM JAN 1  1508    HIGHEST SLP M ON M
DPTR FM NORMAL     M    LOWEST  SLP M ON M

[REMARKS]
