000
CXUS54 KEWX 190910
CF6ATT
PRELIMINARY LOCAL CLIMATOLOGICAL DATA (WS FORM: F-6)

                                          STATION:   AUSTIN CAMP MABRY
                                          MONTH:     APRIL
                                          YEAR:      2014
                                          LATITUDE:   30 17 N
                                          LONGITUDE:  97 42 W

  TEMPERATURE IN F:       :PCPN:    SNOW:  WIND      :SUNSHINE: SKY     :PK WND
================================================================================
1   2   3   4   5  6A  6B    7    8   9   10  11  12  13   14  15   16   17  18
                                     12Z  AVG MX 2MIN
DY MAX MIN AVG DEP HDD CDD  WTR  SNW DPTH SPD SPD DIR MIN PSBL S-S WX    SPD DR
================================================================================

 1  86  66  76  10   0  11 0.00  0.0    0  8.1 17 150   M    M   7 18     28 170
 2  82  70  76  10   0  11    T  0.0    0  9.2 16 180   M    M  10 18     30 190
 3  82  71  77  11   0  12    T  0.0    0  6.8 14 160   M    M   7 18     25 160
 4  74  54  64  -2   1   0    T  0.0    0  8.1 17  10   M    M   3 1      28 360
 5  65  54  60  -7   5   0    T  0.0    0  4.2 10 100   M    M   5        17 110
 6  61  52  57 -10   8   0 0.20  0.0    0  5.3 12 340   M    M  10 13     19 350
 7  72  52  62  -5   3   0 0.27  0.0    0  2.6 25 300   M    M   6 13     57 300
 8  77  50  64  -3   1   0 0.00  0.0    0  7.5 22 330   M    M   0        37 340
 9  84  45  65  -3   0   0 0.00  0.0    0  5.5 13 160   M    M   0        22 180
10  87  57  72   4   0   7 0.00  0.0    0  9.6 17 150   M    M   2        31 220
11  85  61  73   5   0   8 0.00  0.0    0  8.1 16 150   M    M   3        25 140
12  85  65  75   7   0  10 0.00  0.0    0  9.9 20 150   M    M   7        30 150
13  78  68  73   4   0   8    T  0.0    0  6.8 18 140   M    M   8 1      29 140
14  73  43  58 -11   7   0 1.34    T    0  9.7 22 360   M    M   6 12358  38 340
15  65  39  52 -17  13   0 0.00  0.0    0  3.8 12  30   M    M   0        17  40
16  73  40  57 -12   8   0 0.00  0.0    0  6.5 16 150   M    M   0        26 140
17  67  56  62  -8   3   0 0.06  0.0    0  3.6 10 140   M    M  10 1      15 110
18  78  59  69  -1   0   4 0.01  0.0    0  2.3  9  40   M    M   6 18     16  70
================================================================================
SM 1374 1002        49  71  1.88    T    117.6          M       90
================================================================================
AV 76.3 55.7                               6.5 FASTST   M    M   5    MAX(MPH)
                                 MISC ---->  # 25 300               # 57  300
================================================================================
NOTES:
# LAST OF SEVERAL OCCURRENCES

COLUMN 17 PEAK WIND IN M.P.H.

PRELIMINARY LOCAL CLIMATOLOGICAL DATA (WS FORM: F-6) , PAGE 2

                                          STATION:  AUSTIN CAMP MABRY
                                          MONTH:    APRIL
                                          YEAR:     2014
                                          LATITUDE:   30 17 N
                                          LONGITUDE:  97 42 W

[TEMPERATURE DATA]      [PRECIPITATION DATA]       SYMBOLS USED IN COLUMN 16

AVERAGE MONTHLY: 66.0   TOTAL FOR MONTH:   1.88    1 = FOG OR MIST
DPTR FM NORMAL:  -1.8   DPTR FM NORMAL:    0.75    2 = FOG REDUCING VISIBILITY
HIGHEST:    87 ON 10    GRTST 24HR  1.34 ON 14-14      TO 1/4 MILE OR LESS
LOWEST:     39 ON 15                               3 = THUNDER
                        SNOW, ICE PELLETS, HAIL    4 = ICE PELLETS
                        TOTAL MONTH:    T          5 = HAIL
                        GRTST 24HR    T  ON 14-14  6 = FREEZING RAIN OR DRIZZLE
                        GRTST DEPTH:   0           7 = DUSTSTORM OR SANDSTORM:
                                                       VSBY 1/2 MILE OR LESS
                                                   8 = SMOKE OR HAZE
[NO. OF DAYS WITH]      [WEATHER - DAYS WITH]      9 = BLOWING SNOW
                                                   X = TORNADO
MAX 32 OR BELOW:   0    0.01 INCH OR MORE:   5
MAX 90 OR ABOVE:   0    0.10 INCH OR MORE:   3
MIN 32 OR BELOW:   0    0.50 INCH OR MORE:   1
MIN  0 OR BELOW:   0    1.00 INCH OR MORE:   1

[HDD (BASE 65) ]
TOTAL THIS MO.    49    CLEAR  (SCALE 0-3)   5
DPTR FM NORMAL    17    PTCLDY (SCALE 4-7)  10
TOTAL FM JUL 1  1771    CLOUDY (SCALE 8-10)  3
DPTR FM NORMAL   240

[CDD (BASE 65) ]
TOTAL THIS MO.    71
DPTR FM NORMAL   -11    [PRESSURE DATA]
TOTAL FM JAN 1   155    HIGHEST SLP M ON M
DPTR FM NORMAL   -15    LOWEST  SLP 29.60 ON 13

[REMARKS]
