000
CXUS55 KABR 291400
CF6ATY
PRELIMINARY LOCAL CLIMATOLOGICAL DATA (WS FORM: F-6)

                                          STATION:   WATERTOWN SD
                                          MONTH:     JULY
                                          YEAR:      2016
                                          LATITUDE:   44 55 N
                                          LONGITUDE:  97  9 W

  TEMPERATURE IN F:       :PCPN:    SNOW:  WIND      :SUNSHINE: SKY     :PK WND
================================================================================
1   2   3   4   5  6A  6B    7    8   9   10  11  12  13   14  15   16   17  18
                                     12Z  AVG MX 2MIN
DY MAX MIN AVG DEP HDD CDD  WTR  SNW DPTH SPD SPD DIR MIN PSBL S-S WX    SPD DR
================================================================================

 1  76  42  59 -11   6   0 0.00  0.0    0  5.6 10 160   M    M   0        15 200
 2  82  53  68  -2   0   3 0.00  0.0    0  6.9 16 210   M    M   1        20 210
 3  80  56  68  -2   0   3 0.00  0.0    0 11.0 20 170   M    M   0        26 150
 4  91  62  77   7   0  12 0.00  0.0    0 12.2 20 200   M    M   3        26 170
 5  90  64  77   6   0  12 0.04  0.0    0 11.0 26  20   M    M   3 13     31  10
 6  85  56  71   0   0   6 0.28  0.0    0  6.1 25  60   M    M   1 123    33  60
 7  75  59  67  -4   0   2 0.03  0.0    0  7.7 21 330   M    M   2 3      26 340
 8  81  57  69  -2   0   4 0.00  0.0    0  8.7 16 320   M    M   0        26 310
 9  87  59  73   2   0   8 0.00  0.0    0 13.0 25 160   M    M   1        32 150
10  84  64  74   3   0   9 0.84  0.0    0 14.1 31  20   M    M   2 138    39  30
11  85  64  75   4   0  10 0.11  0.0    0 13.4 26 260   M    M   6 13     36  90
12  85  59  72   1   0   7 0.00  0.0    0 15.8 30 240   M    M   0        38 250
13  83  59  71   0   0   6 0.00  0.0    0 12.7 25 270   M    M   1        32 290
14  71  53  62 -10   3   0    T  0.0    0 11.9 24 330   M    M   4        32 330
15  76  48  62 -10   3   0 0.00  0.0    0  3.4 14 220   M    M   2        16 210
16  80  55  68  -4   0   3 0.19  0.0    0 10.6 24 150   M    M   3 13     30 150
17  80  59  70  -2   0   5 0.00  0.0    0  7.9 21 320   M    M   2        29 330
18  85  57  71  -1   0   6 0.00  0.0    0  6.6 17 160   M    M   0 1      22 180
19  88  71  80   8   0  15 0.00  0.0    0 11.2 23 160   M    M   1        28 170
20  92  74  83  11   0  18 0.00  0.0    0 11.1 18 160   M    M   3 1      23 160
21  95  75  85  14   0  20 0.00  0.0    0  9.2 20  40   M    M   0 3      24  20
22  94  71  83  12   0  18 0.00  0.0    0  7.9 15 150   M    M   0        22 140
23  91  69  80   9   0  15 0.68  0.0    0 10.2 24 190   M    M   4 13     32 180
24  84  65  75   4   0  10 0.00  0.0    0  9.7 17 310   M    M   0        22 280
25  88  59  74   3   0   9 0.00  0.0    0  8.8 20 200   M    M   0        24 200
26  85  67  76   5   0  11 0.18  0.0    0  8.1 18 320   M    M   3 13     22 320
27  82  61  72   1   0   7 0.13  0.0    0  9.6 21  20   M    M   3 13     24  30
28  81  60  71   0   0   6    T  0.0    0  7.1 15  80   M    M   2 1      18  70
================================================================================
SM 2356 1698        12 225  2.48     0.0 271.5          M       47
================================================================================
AV 84.1 60.6                               9.7 FASTST   M    M   2    MAX(MPH)
                                 MISC ---->  # 31  20               # 39   30
================================================================================
NOTES:
# LAST OF SEVERAL OCCURRENCES

COLUMN 17 PEAK WIND IN M.P.H.

PRELIMINARY LOCAL CLIMATOLOGICAL DATA (WS FORM: F-6) , PAGE 2

                                          STATION:  WATERTOWN SD
                                          MONTH:    JULY
                                          YEAR:     2016
                                          LATITUDE:   44 55 N
                                          LONGITUDE:  97  9 W

[TEMPERATURE DATA]      [PRECIPITATION DATA]       SYMBOLS USED IN COLUMN 16

AVERAGE MONTHLY: 72.4   TOTAL FOR MONTH:   2.48    1 = FOG OR MIST
DPTR FM NORMAL:   1.3   DPTR FM NORMAL:   -0.24    2 = FOG REDUCING VISIBILITY
HIGHEST:    95 ON 21    GRTST 24HR  0.84 ON  9-10      TO 1/4 MILE OR LESS
LOWEST:     42 ON  1                               3 = THUNDER
                        SNOW, ICE PELLETS, HAIL    4 = ICE PELLETS
                        TOTAL MONTH:   0.0 INCH    5 = HAIL
                        GRTST 24HR     0.0         6 = FREEZING RAIN OR DRIZZLE
                        GRTST DEPTH:   0           7 = DUSTSTORM OR SANDSTORM:
                                                       VSBY 1/2 MILE OR LESS
                                                   8 = SMOKE OR HAZE
[NO. OF DAYS WITH]      [WEATHER - DAYS WITH]      9 = BLOWING SNOW
                                                   X = TORNADO
MAX 32 OR BELOW:   0    0.01 INCH OR MORE:   9
MAX 90 OR ABOVE:   6    0.10 INCH OR MORE:   7
MIN 32 OR BELOW:   0    0.50 INCH OR MORE:   2
MIN  0 OR BELOW:   0    1.00 INCH OR MORE:   0

[HDD (BASE 65) ]
TOTAL THIS MO.    12    CLEAR  (SCALE 0-3)  24
DPTR FM NORMAL    -3    PTCLDY (SCALE 4-7)   4
TOTAL FM JUL 1    12    CLOUDY (SCALE 8-10)  0
DPTR FM NORMAL    -3

[CDD (BASE 65) ]
TOTAL THIS MO.   225
DPTR FM NORMAL    36    [PRESSURE DATA]
TOTAL FM JAN 1   448    HIGHEST SLP M ON M
DPTR FM NORMAL   141    LOWEST  SLP 29.46 ON 11

[REMARKS]
