000
CXUS51 KGYX 281000
CF6AUG
PRELIMINARY LOCAL CLIMATOLOGICAL DATA (WS FORM: F-6)

                                          STATION:   AUGUSTA
                                          MONTH:     JULY
                                          YEAR:      2015
                                          LATITUDE:   44 18 N
                                          LONGITUDE:  69 48 W

  TEMPERATURE IN F:       :PCPN:    SNOW:  WIND      :SUNSHINE: SKY     :PK WND
================================================================================
1   2   3   4   5  6A  6B    7    8   9   10  11  12  13   14  15   16   17  18
                                     12Z  AVG MX 2MIN
DY MAX MIN AVG DEP HDD CDD  WTR  SNW DPTH SPD SPD DIR MIN PSBL S-S WX    SPD DR
================================================================================

 1  63  60  62  -6   3   0 0.25  0.0    0  5.6 13 160   M    M   9 12     18 160
 2  75  57  66  -2   0   1 0.00  0.0    0  6.0 15 280   M    M   2 12     24 300
 3  78  53  66  -2   0   1 0.00  0.0    0  5.6 15 290   M    M   0        23 270
 4  74  54  64  -4   1   0 0.00  0.0    0  3.5  9 150   M    M   2 12     13 170
 5  81  55  68  -1   0   3 0.00  0.0    0  5.0 13 280   M    M   3 128    20 310
 6  84  60  72   3   0   7 0.00  0.0    0  3.6 10 180   M    M   1        17 200
 7  79  59  69   0   0   4 0.45  0.0    0  7.1 20 160   M    M   7 13     28 150
 8  78  58  68  -1   0   3 0.00  0.0    0  7.6 15 320   M    M   6 12     22 300
 9  73  54  64  -5   1   0 0.00  0.0    0  3.0  9 150   M    M   1 18     12 340
10  81  60  71   2   0   6 0.00  0.0    0  6.2 17 330   M    M   3        21 320
11  85  61  73   3   0   8 0.00  0.0    0  5.3 13 360   M    M   2        19 300
12  88  64  76   6   0  11 0.00  0.0    0  6.0 15 300   M    M   1        21 310
13  83  61  72   2   0   7 0.00  0.0    0  4.4 10 180   M    M   0 18     15 180
14  78  57  68  -2   0   3 0.03  0.0    0  7.1 20 160   M    M   4 12     26 160
15  75  57  66  -4   0   1 0.00  0.0    0  8.9 21 350   M    M   6 12     26 350
16  76  52  64  -6   1   0 0.00  0.0    0  8.9 21 350   M    M   0        26 350
17  76  52  64  -6   1   0 0.00  0.0    0  5.4 12 210   M    M   0        17 160
18  66  60  63  -7   2   0 0.03  0.0    0  6.1 14 200   M    M  10 1      22 170
19  79  63  71   1   0   6 0.40  0.0    0  3.7 12 140   M    M   8 123    16 140
20  86  65  76   6   0  11 0.01  0.0    0  4.2 10 230   M    M   4 12     16 250
21  76  64  70   0   0   5 0.34  0.0    0  3.9 12 330   M    M   7 123    14 150
22  78  61  70   0   0   5 0.00  0.0    0  8.5 20 310   M    M   3 12     25 280
23  75  61  68  -2   0   3    T  0.0    0  6.3 16 310   M    M   6        22 320
24  75  59  67  -3   0   2    T  0.0    0  5.7 17  40   M    M   6        21  40
25  68  55  62  -8   3   0 0.00  0.0    0  3.5 10 150   M    M   8 1      13 160
26  64  53  59 -11   6   0 0.31  0.0    0  5.3 13 160   M    M  10 12     15 160
27  78  62  70   0   0   5 0.00  0.0    0  3.5  8 150   M    M   8 12     12 180
================================================================================
SM 2072 1577        18  92  1.82     0.0 149.9          M      117
================================================================================
AV 76.7 58.4                               5.6 FASTST   M    M   4    MAX(MPH)
                                 MISC ---->  # 21 350               # 28  150
================================================================================
NOTES:
# LAST OF SEVERAL OCCURRENCES

COLUMN 17 PEAK WIND IN M.P.H.

PRELIMINARY LOCAL CLIMATOLOGICAL DATA (WS FORM: F-6) , PAGE 2

                                          STATION:  AUGUSTA
                                          MONTH:    JULY
                                          YEAR:     2015
                                          LATITUDE:   44 18 N
                                          LONGITUDE:  69 48 W

[TEMPERATURE DATA]      [PRECIPITATION DATA]       SYMBOLS USED IN COLUMN 16

AVERAGE MONTHLY: 67.6   TOTAL FOR MONTH:   1.82    1 = FOG OR MIST
DPTR FM NORMAL:  -1.9   DPTR FM NORMAL:   -1.13    2 = FOG REDUCING VISIBILITY
HIGHEST:    88 ON 12    GRTST 24HR  0.45 ON  7- 7      TO 1/4 MILE OR LESS
LOWEST:     52 ON 17,16                            3 = THUNDER
                        SNOW, ICE PELLETS, HAIL    4 = ICE PELLETS
                        TOTAL MONTH:   0.0 INCH    5 = HAIL
                        GRTST 24HR     0.0         6 = FREEZING RAIN OR DRIZZLE
                        GRTST DEPTH:   0           7 = DUSTSTORM OR SANDSTORM:
                                                       VSBY 1/2 MILE OR LESS
                                                   8 = SMOKE OR HAZE
[NO. OF DAYS WITH]      [WEATHER - DAYS WITH]      9 = BLOWING SNOW
                                                   X = TORNADO
MAX 32 OR BELOW:   0    0.01 INCH OR MORE:   8
MAX 90 OR ABOVE:   0    0.10 INCH OR MORE:   5
MIN 32 OR BELOW:   0    0.50 INCH OR MORE:   0
MIN  0 OR BELOW:   0    1.00 INCH OR MORE:   0

[HDD (BASE 65) ]
TOTAL THIS MO.    18    CLEAR  (SCALE 0-3)  12
DPTR FM NORMAL     6    PTCLDY (SCALE 4-7)  12
TOTAL FM JUL 1    18    CLOUDY (SCALE 8-10)  3
DPTR FM NORMAL     6

[CDD (BASE 65) ]
TOTAL THIS MO.    92
DPTR FM NORMAL   -38    [PRESSURE DATA]
TOTAL FM JAN 1   159    HIGHEST SLP M ON M
DPTR FM NORMAL   -44    LOWEST  SLP 29.55 ON 21

[REMARKS]
