000
CXUS51 KGYX 290900
CF6AUG
PRELIMINARY LOCAL CLIMATOLOGICAL DATA (WS FORM: F-6)

                                          STATION:   AUGUSTA
                                          MONTH:     MAY
                                          YEAR:      2017
                                          LATITUDE:   44 18 N
                                          LONGITUDE:  69 48 W

  TEMPERATURE IN F:       :PCPN:    SNOW:  WIND      :SUNSHINE: SKY     :PK WND
================================================================================
1   2   3   4   5  6A  6B    7    8   9   10  11  12  13   14  15   16   17  18
                                     12Z  AVG MX 2MIN
DY MAX MIN AVG DEP HDD CDD  WTR  SNW DPTH SPD SPD DIR MIN PSBL S-S WX    SPD DR
================================================================================

 1  43  39  41  -9  24   0 0.37  0.0    0  6.8 10 130   M    M  10 1      30 290
 2  57  40  49  -1  16   0 0.49  0.0    0  3.5 18 300   M    M   8 1      27 300
 3  60  43  52   1  13   0    T  0.0    0 10.1 22 290   M    M   5        33 290
 4  63  36  50  -1  15   0 0.00  0.0    0  5.8 15 170   M    M   1        22 160
 5  51  41  46  -6  19   0 0.32  0.0    0  7.7 14  40   M    M  10 1      19 120
 6  60  46  53   1  12   0 0.21  0.0    0  7.9 18 150   M    M  10 12     28 140
 7  63  47  55   3  10   0 0.11  0.0    0 10.4 21 140   M    M   8 12     27 140
 8  48  40  44  -8  21   0 0.18  0.0    0  4.6 14 270   M    M  10 1      20 270
 9  52  36  44  -9  21   0 0.00  0.0    0  4.3 10  30   M    M   7        14  50
10  53  43  48  -5  17   0    T  0.0    0  6.2 15 350   M    M  10        19  10
11  52  43  48  -5  17   0    T  0.0    0  9.6 17  30   M    M  10 18     24  10
12  65  44  55   1  10   0 0.00  0.0    0  6.1 14 160   M    M   6 1      18  40
13  63  40  52  -2  13   0 0.00  0.0    0  5.2 14 160   M    M   0 1      18 150
14  47  44  46  -8  19   0 1.07  0.0    0 10.9 22 360   M    M  10 1      28  10
15  52  45  49  -6  16   0 0.11  0.0    0 13.3 26 360   M    M   8 18     33 350
16  73  43  58   3   7   0 0.00  0.0    0  9.6 22 310   M    M   0        29 310
17  78  50  64   9   1   0 0.00  0.0    0  6.1 16 150   M    M   1        26 160
18  93  59  76  20   0  11 0.05  0.0    0  6.9 22 240   M    M   1 3      36 230
19  78  50  64   8   1   0 0.00  0.0    0 11.5 25 340   M    M   3        34 290
20  67  46  57   1   8   0 0.00  0.0    0 10.2 22 350   M    M   0        26 340
21  71  42  57   1   8   0 0.00  0.0    0  5.4 14 330   M    M   0        18 340
22  56  47  52  -5  13   0 0.32  0.0    0  6.9 17 190   M    M   9 1      24 180
23  71  47  59   2   6   0 0.00  0.0    0  4.4 15 330   M    M   4 12     21 280
24  72  50  61   4   4   0 0.00  0.0    0  3.4 14 160   M    M   2        18 160
25  61  49  55  -3  10   0 0.36    M    M  6.6 17 120   M    M   5 1      24  90
26  52  47  50  -8  15   0 1.06    M    M 10.7 20  10   M    M  10 1      26  10
27  68  47  58   0   7   0    T    M    M  6.9 16  10   M    M   6 1      23 350
28  69  44  57  -1   8   0 0.00  0.0    0  5.6 13 160   M    M   3 12     20 170
================================================================================
SM 1738 1248       331  11  4.65     0.0 206.6          M      157
================================================================================
AV 62.1 44.6                               7.4 FASTST   M    M   6    MAX(MPH)
                                 MISC ---->  # 26 360               # 36  230
================================================================================
NOTES:
# LAST OF SEVERAL OCCURRENCES

COLUMN 17 PEAK WIND IN M.P.H.

PRELIMINARY LOCAL CLIMATOLOGICAL DATA (WS FORM: F-6) , PAGE 2

                                          STATION:  AUGUSTA
                                          MONTH:    MAY
                                          YEAR:     2017
                                          LATITUDE:   44 18 N
                                          LONGITUDE:  69 48 W

[TEMPERATURE DATA]      [PRECIPITATION DATA]       SYMBOLS USED IN COLUMN 16

AVERAGE MONTHLY: 53.3   TOTAL FOR MONTH:   4.65    1 = FOG OR MIST
DPTR FM NORMAL:  -1.1   DPTR FM NORMAL:    1.31    2 = FOG REDUCING VISIBILITY
HIGHEST:    93 ON 18    GRTST 24HR  1.07 ON 14-14      TO 1/4 MILE OR LESS
LOWEST:     36 ON  9, 4                            3 = THUNDER
                        SNOW, ICE PELLETS, HAIL    4 = ICE PELLETS
                        TOTAL MONTH:   0.0 INCH    5 = HAIL
                        GRTST 24HR     0.0         6 = FREEZING RAIN OR DRIZZLE
                        GRTST DEPTH:   0           7 = DUSTSTORM OR SANDSTORM:
                                                       VSBY 1/2 MILE OR LESS
                                                   8 = SMOKE OR HAZE
[NO. OF DAYS WITH]      [WEATHER - DAYS WITH]      9 = BLOWING SNOW
                                                   X = TORNADO
MAX 32 OR BELOW:   0    0.01 INCH OR MORE:  12
MAX 90 OR ABOVE:   1    0.10 INCH OR MORE:  11
MIN 32 OR BELOW:   0    0.50 INCH OR MORE:   2
MIN  0 OR BELOW:   0    1.00 INCH OR MORE:   2

[HDD (BASE 65) ]
TOTAL THIS MO.   331    CLEAR  (SCALE 0-3)  10
DPTR FM NORMAL    29    PTCLDY (SCALE 4-7)   9
TOTAL FM JUL 1  6891    CLOUDY (SCALE 8-10)  9
DPTR FM NORMAL  -415

[CDD (BASE 65) ]
TOTAL THIS MO.    11
DPTR FM NORMAL     7    [PRESSURE DATA]
TOTAL FM JAN 1    11    HIGHEST SLP M ON M
DPTR FM NORMAL     7    LOWEST  SLP 29.35 ON 15

[REMARKS]
