000
CXUS51 KGYX 171000
CF6AUG
PRELIMINARY LOCAL CLIMATOLOGICAL DATA (WS FORM: F-6)

                                          STATION:   AUGUSTA
                                          MONTH:     DECEMBER
                                          YEAR:      2017
                                          LATITUDE:   44 18 N
                                          LONGITUDE:  69 48 W

  TEMPERATURE IN F:       :PCPN:    SNOW:  WIND      :SUNSHINE: SKY     :PK WND
================================================================================
1   2   3   4   5  6A  6B    7    8   9   10  11  12  13   14  15   16   17  18
                                     12Z  AVG MX 2MIN
DY MAX MIN AVG DEP HDD CDD  WTR  SNW DPTH SPD SPD DIR MIN PSBL S-S WX    SPD DR
================================================================================

 1  48  33  41   9  24   0 0.16  0.0    0  6.5 16 310   M    M   7 1      23 320
 2  39  28  34   2  31   0 0.00  0.0    0  2.4  7 330   M    M   2         9 350
 3  41  26  34   3  31   0 0.00  0.0    0  3.9 10  40   M    M   3        15  30
 4  38  25  32   1  33   0 0.00  0.0    M  4.4 16  10   M    M   1        20  10
 5  52  28  40  10  25   0 0.57  0.0    0  7.7 17 170   M    M   8 18     39 160
 6  53  30  42  12  23   0 0.41  0.0    0  6.7 25 190   M    M   5 1      44 210
 7  40  26  33   4  32   0 0.00  0.0    0  4.5 10 350   M    M   7        14 240
 8  36  28  32   3  33   0 0.00  0.0    0  4.3 10 250   M    M   0        16 240
 9  33  27  30   1  35   0 0.22    M    M  5.7 15 360   M    M   6 18     19  20
10  36  22  29   1  36   0 0.01    M    M  6.5 15 350   M    M   4 1      18 280
11  36  18  27  -1  38   0    T    M    M  5.3 16 310   M    M   5        20 310
12  29  14  22  -5  43   0 0.09    M    M 10.1 16  20   M    M   9 1268   19  40
13  31  11  21  -6  44   0    T    M    0  9.9 22 280   M    M   7 1      34 280
14  21  11  16 -11  49   0 0.00  0.0    0  7.9 16 270   M    M   2        24 260
15  21   6  14 -12  51   0    T    T    0  3.1 12 280   M    M   2 8      17 270
16   M   M   M   M   M   M    M    M    M   M   M   M   M    M   M 8       M  M
================================================================================
SM  554  333       528   0  1.46    T     88.9          M       68
================================================================================
AV 36.9 22.2                               5.9 FASTST   M    M   5    MAX(MPH)
                                 MISC ---->  # 25 190               # 44  210
================================================================================
NOTES:
# LAST OF SEVERAL OCCURRENCES

COLUMN 17 PEAK WIND IN M.P.H.

PRELIMINARY LOCAL CLIMATOLOGICAL DATA (WS FORM: F-6) , PAGE 2

                                          STATION:  AUGUSTA
                                          MONTH:    DECEMBER
                                          YEAR:     2017
                                          LATITUDE:   44 18 N
                                          LONGITUDE:  69 48 W

[TEMPERATURE DATA]      [PRECIPITATION DATA]       SYMBOLS USED IN COLUMN 16

AVERAGE MONTHLY: 29.6   TOTAL FOR MONTH:   1.46    1 = FOG OR MIST
DPTR FM NORMAL:   0.7   DPTR FM NORMAL:   -0.40    2 = FOG REDUCING VISIBILITY
HIGHEST:    53 ON  6    GRTST 24HR  0.57 ON  5- 5      TO 1/4 MILE OR LESS
LOWEST:      6 ON 15                               3 = THUNDER
                        SNOW, ICE PELLETS, HAIL    4 = ICE PELLETS
                        TOTAL MONTH:    T          5 = HAIL
                        GRTST 24HR    T  ON 15-15  6 = FREEZING RAIN OR DRIZZLE
                        GRTST DEPTH:   0           7 = DUSTSTORM OR SANDSTORM:
                                                       VSBY 1/2 MILE OR LESS
                                                   8 = SMOKE OR HAZE
[NO. OF DAYS WITH]      [WEATHER - DAYS WITH]      9 = BLOWING SNOW
                                                   X = TORNADO
MAX 32 OR BELOW:   4    0.01 INCH OR MORE:   6
MAX 90 OR ABOVE:   0    0.10 INCH OR MORE:   4
MIN 32 OR BELOW:  14    0.50 INCH OR MORE:   1
MIN  0 OR BELOW:   0    1.00 INCH OR MORE:   0

[HDD (BASE 65) ]
TOTAL THIS MO.   528    CLEAR  (SCALE 0-3)   5
DPTR FM NORMAL   -51    PTCLDY (SCALE 4-7)   8
TOTAL FM JUL 1  1764    CLOUDY (SCALE 8-10)  2
DPTR FM NORMAL  -363

[CDD (BASE 65) ]
TOTAL THIS MO.     0
DPTR FM NORMAL     0    [PRESSURE DATA]
TOTAL FM JAN 1   446    HIGHEST SLP M ON M
DPTR FM NORMAL    58    LOWEST  SLP 29.08 ON 13

[REMARKS]
