000
CXUS51 KGYX 271000
CF6AUG
PRELIMINARY LOCAL CLIMATOLOGICAL DATA (WS FORM: F-6)

                                          STATION:   AUGUSTA
                                          MONTH:     MAY
                                          YEAR:      2015
                                          LATITUDE:   44 18 N
                                          LONGITUDE:  69 48 W

  TEMPERATURE IN F:       :PCPN:    SNOW:  WIND      :SUNSHINE: SKY     :PK WND
================================================================================
1   2   3   4   5  6A  6B    7    8   9   10  11  12  13   14  15   16   17  18
                                     12Z  AVG MX 2MIN
DY MAX MIN AVG DEP HDD CDD  WTR  SNW DPTH SPD SPD DIR MIN PSBL S-S WX    SPD DR
================================================================================

 1  61  36  49  -1  16   0 0.00  0.0    0  7.7 17  40   M    M   6        23  40
 2  65  36  51   1  14   0 0.00  0.0    0  6.0 16 160   M    M   4 1      20 160
 3  69  36  53   2  12   0 0.00  0.0    0  5.7 14 160   M    M   4 12     20 190
 4  81  40  61  10   4   0 0.00  0.0    0  6.6 17 190   M    M   0 1      31 200
 5  72  57  65  13   0   0 0.00  0.0    0  9.1 21 330   M    M   2        25 290
 6  75  48  62  10   3   0 0.00  0.0    0  7.2 18 280   M    M   0        30 290
 7  83  50  67  15   0   2 0.00  0.0    0  7.5 20 320   M    M   0        29 270
 8  59  44  52   0  13   0 0.00  0.0    0  8.6 17  20   M    M   2        22  30
 9  64  41  53   0  12   0 0.00  0.0    0  5.6 15 160   M    M   7 1      19 150
10  85  51  68  15   0   3 0.00  0.0    0  4.6 15 310   M    M   7 12     24 320
11  68  47  58   5   7   0 0.02  0.0    0  8.7 21 140   M    M  10 1      24 140
12  75  46  61   7   4   0 0.15  0.0    0  6.6 21 290   M    M   8 1      32 290
13  61  48  55   1  10   0 0.03  0.0    0 12.7 26 350   M    M   4        37 360
14  69  43  56   2   9   0 0.00  0.0    0  6.1 14 100   M    M   0        23 190
15  72  41  57   2   8   0 0.00  0.0    0  3.7 12 200   M    M   0        17 200
16  69  47  58   3   7   0    T  0.0    0  5.9 15 140   M    M   8        20 130
17  77  51  64   9   1   0 0.06  0.0    0  5.4 15 160   M    M   8 12     19 160
18  66  47  57   1   8   0 0.00  0.0    0  6.2 15 160   M    M   7 1      21 190
19  66  46  56   0   9   0 0.89  0.0    0  5.4 15 160   M    M   9 12     19 160
20  61  47  54  -2  11   0 0.00  0.0    0  9.6 24 320   M    M   3 12     35 290
21  67  46  57   1   8   0 0.00  0.0    0  8.2 18 160   M    M   3        23 160
22  66  43  55  -2  10   0 0.10    M    0  7.7 22 330   M    M   6        35 300
23  59  36  48  -9  17   0 0.00  0.0    0 11.4 28 340   M    M   1        39 320
24  79  41  60   3   5   0 0.00  0.0    0  9.5 18 280   M    M   3        27 270
25  79  57  68  10   0   3    T  0.0    0  6.2 16 240   M    M   4        24 240
26  83  58  71  13   0   6 0.17  0.0    0  6.7 14 160   M    M   4 1      20 210
================================================================================
SM 1831 1183       188  14  1.42     0.0 188.6          M      110
================================================================================
AV 70.4 45.5                               7.3 FASTST   M    M   4    MAX(MPH)
                                 MISC ---->  # 28 340               # 39  320
================================================================================
NOTES:
# LAST OF SEVERAL OCCURRENCES

COLUMN 17 PEAK WIND IN M.P.H.

PRELIMINARY LOCAL CLIMATOLOGICAL DATA (WS FORM: F-6) , PAGE 2

                                          STATION:  AUGUSTA
                                          MONTH:    MAY
                                          YEAR:     2015
                                          LATITUDE:   44 18 N
                                          LONGITUDE:  69 48 W

[TEMPERATURE DATA]      [PRECIPITATION DATA]       SYMBOLS USED IN COLUMN 16

AVERAGE MONTHLY: 58.0   TOTAL FOR MONTH:   1.42    1 = FOG OR MIST
DPTR FM NORMAL:   3.8   DPTR FM NORMAL:   -1.69    2 = FOG REDUCING VISIBILITY
HIGHEST:    85 ON 10    GRTST 24HR  0.89 ON 19-19      TO 1/4 MILE OR LESS
LOWEST:     36 ON 23, 3                            3 = THUNDER
                        SNOW, ICE PELLETS, HAIL    4 = ICE PELLETS
                        TOTAL MONTH:   0.0 INCH    5 = HAIL
                        GRTST 24HR     0.0         6 = FREEZING RAIN OR DRIZZLE
                        GRTST DEPTH:   0           7 = DUSTSTORM OR SANDSTORM:
                                                       VSBY 1/2 MILE OR LESS
                                                   8 = SMOKE OR HAZE
[NO. OF DAYS WITH]      [WEATHER - DAYS WITH]      9 = BLOWING SNOW
                                                   X = TORNADO
MAX 32 OR BELOW:   0    0.01 INCH OR MORE:   7
MAX 90 OR ABOVE:   0    0.10 INCH OR MORE:   4
MIN 32 OR BELOW:   0    0.50 INCH OR MORE:   1
MIN  0 OR BELOW:   0    1.00 INCH OR MORE:   0

[HDD (BASE 65) ]
TOTAL THIS MO.   188    CLEAR  (SCALE 0-3)  10
DPTR FM NORMAL  -100    PTCLDY (SCALE 4-7)  14
TOTAL FM JUL 1  7657    CLOUDY (SCALE 8-10)  2
DPTR FM NORMAL   365

[CDD (BASE 65) ]
TOTAL THIS MO.    14
DPTR FM NORMAL    12    [PRESSURE DATA]
TOTAL FM JAN 1    14    HIGHEST SLP M ON M
DPTR FM NORMAL    12    LOWEST  SLP 29.58 ON 12

[REMARKS]
