000
CXUS53 KGID 190730
CF6AUH
PRELIMINARY LOCAL CLIMATOLOGICAL DATA (WS FORM: F-6)

                                          STATION:   AURORA
                                          MONTH:     SEPTEMBER
                                          YEAR:      2017
                                          LATITUDE:   40 54 N
                                          LONGITUDE:  97 59 W

  TEMPERATURE IN F:       :PCPN:    SNOW:  WIND      :SUNSHINE: SKY     :PK WND
================================================================================
1   2   3   4   5  6A  6B    7    8   9   10  11  12  13   14  15   16   17  18
                                     12Z  AVG MX 2MIN
DY MAX MIN AVG DEP HDD CDD  WTR  SNW DPTH SPD SPD DIR MIN PSBL S-S WX    SPD DR
================================================================================

 1  71  63  67  -3   0   2 0.03    M    M  8.1 12 160   M    M   4        16 150
 2  83  59  71   1   0   6 0.00    M    M  5.7  9  10   M    M   1 1       M  M
 3  89  58  74   4   0   9 0.00    M    M  8.4 16 190   M    M   1 12      M  M
 4  75  56  66  -3   0   1 0.00    M    M  8.4 14 360   M    M   1        18  10
 5  68  46  57 -12   8   0 0.00    M    M  9.0 18 360   M    M   1        27 360
 6  69  42  56 -13   9   0 0.00    M    M  4.5 10 360   M    M   0        16 360
 7  80  46  63  -5   2   0 0.00    M    M  4.7  9 200   M    M   0         M  M
 8  84  56  70   2   0   5 0.00    M    M  5.2 10 170   M    M   0         M  M
 9  80  63  72   4   0   7 0.00    M    M 10.4 16 140   M    M   3 3      24 140
10  79  62  71   4   0   6 0.08    M    M 13.3 22 200   M    M   2 3      29 200
11  83  59  71   4   0   6 0.00    M    M  7.8 12 200   M    M   0        17 160
12  83  55  69   3   0   4 0.00    M    M  3.5  9 160   M    M   0         M  M
13  87  55  71   5   0   6 0.00    M    M  5.8 12 200   M    M   0        16 180
14  92  63  78  13   0  13 0.00    M    M 11.2 16 200   M    M   0        21 210
15  92  60  76  11   0  11 0.10    M    M 12.5 25 190   M    M   1 3      36 200
16  67  50  59  -5   6   0 0.00    M    M 10.5 18 360   M    M   6 1      29 360
17  68  43  56  -8   9   0    T    M    M  6.6 10 140   M    M   5         M  M
18  76  58  67   3   0   2 0.28    M    M  5.1  9 140   M    M   6 13      M  M
================================================================================
SM 1426  994        34  78  0.49    M    140.7          M       31
================================================================================
AV 79.2 55.2                               7.8 FASTST   M    M   2    MAX(MPH)
                                 MISC ---->  # 25 190               # 36  200
================================================================================
NOTES:
# LAST OF SEVERAL OCCURRENCES

COLUMN 17 PEAK WIND IN M.P.H.

PRELIMINARY LOCAL CLIMATOLOGICAL DATA (WS FORM: F-6) , PAGE 2

                                          STATION:  AURORA
                                          MONTH:    SEPTEMBER
                                          YEAR:     2017
                                          LATITUDE:   40 54 N
                                          LONGITUDE:  97 59 W

[TEMPERATURE DATA]      [PRECIPITATION DATA]       SYMBOLS USED IN COLUMN 16

AVERAGE MONTHLY: 67.2   TOTAL FOR MONTH:   0.49    1 = FOG OR MIST
DPTR FM NORMAL:   0.1   DPTR FM NORMAL:   -1.26    2 = FOG REDUCING VISIBILITY
HIGHEST:    92 ON 15,14 GRTST 24HR  0.28 ON 18-18      TO 1/4 MILE OR LESS
LOWEST:     42 ON  6                               3 = THUNDER
                        SNOW, ICE PELLETS, HAIL    4 = ICE PELLETS
                        TOTAL MONTH:    M          5 = HAIL
                        GRTST 24HR    M  ON   M    6 = FREEZING RAIN OR DRIZZLE
                        GRTST DEPTH:  M  ON   M    7 = DUSTSTORM OR SANDSTORM:
                                                       VSBY 1/2 MILE OR LESS
                                                   8 = SMOKE OR HAZE
[NO. OF DAYS WITH]      [WEATHER - DAYS WITH]      9 = BLOWING SNOW
                                                   X = TORNADO
MAX 32 OR BELOW:   0    0.01 INCH OR MORE:   4
MAX 90 OR ABOVE:   2    0.10 INCH OR MORE:   2
MIN 32 OR BELOW:   0    0.50 INCH OR MORE:   0
MIN  0 OR BELOW:   0    1.00 INCH OR MORE:   0

[HDD (BASE 65) ]
TOTAL THIS MO.    34    CLEAR  (SCALE 0-3)  13
DPTR FM NORMAL    -6    PTCLDY (SCALE 4-7)   5
TOTAL FM JUL 1    41    CLOUDY (SCALE 8-10)  0
DPTR FM NORMAL   -10

[CDD (BASE 65) ]
TOTAL THIS MO.    78
DPTR FM NORMAL    -1    [PRESSURE DATA]
TOTAL FM JAN 1   898    HIGHEST SLP M ON M
DPTR FM NORMAL   -50    LOWEST  SLP M ON M

[REMARKS]
