000
CXUS53 KGRB 290641
CF6AUW
PRELIMINARY LOCAL CLIMATOLOGICAL DATA (WS FORM: F-6)

                                          STATION:   WAUSAU WI
                                          MONTH:     JANUARY
                                          YEAR:      2015
                                          LATITUDE:   44 55 N
                                          LONGITUDE:  89 37 W

  TEMPERATURE IN F:       :PCPN:    SNOW:  WIND      :SUNSHINE: SKY     :PK WND
================================================================================
1   2   3   4   5  6A  6B    7    8   9   10  11  12  13   14  15   16   17  18
                                     12Z  AVG MX 2MIN
DY MAX MIN AVG DEP HDD CDD  WTR  SNW DPTH SPD SPD DIR MIN PSBL S-S WX    SPD DR
================================================================================

 1  22   8  15   0  50   0 0.03  0.7    6  8.7 20 280   M    M   7 1      25 280
 2  20  -5   8  -7  57   0 0.00  0.0    6  4.4 10 180   M    M   3        14 210
 3  29  14  22   7  43   0 0.07  1.0    6  4.4 10  90   M    M   9 18     12  90
 4  26 -12   7  -8  58   0 0.14  1.7    8 14.2 23 290   M    M   5 1      36 360
 5  -3 -17 -10 -25  75   0 0.00  0.0    8  7.7 16 280   M    M   2        22 290
 6   4 -10  -3 -18  68   0    T    T    8 10.9 22 310   M    M   4 18     29 310
 7  -2 -11  -6 -20  71   0 0.00  0.0    8 13.4 21 280   M    M   0        28 300
 8   4 -10  -3 -17  68   0 0.08  2.4   10 10.3 21 300   M    M   5 18     27 290
 9   3  -6  -1 -15  66   0 0.00  0.0    9 15.3 24 260   M    M   2 8      32 260
10  15  -9   3 -11  62   0 0.00  0.0    9  7.1 14 240   M    M   5        18 230
11  18   7  13  -1  52   0 0.01  0.2    8  4.6 14 330   M    M   9 18     17 340
12  12 -10   1 -13  64   0 0.00  0.0    8  5.8 15 360   M    M   0        22 350
13  15 -19  -2 -16  67   0    T    T    8  2.5 14 220   M    M   2 18     18 170
14  19   2  11  -3  54   0    T  0.1    8  4.8 10 210   M    M  10 18     12 210
15  30  19  25  11  40   0    T  0.1    8  9.3 18 280   M    M   7 1      23 290
16  23  16  20   6  45   0 0.00  0.0    8  9.9 18 130   M    M  10        23 130
17  36  19  28  14  37   0 0.00  0.0    8 11.7 28 300   M    M   9 18     35 300
18  34  28  31  17  34   0    T    T    8 10.9 18 280   M    M  10        24 290
19  29  21  25  11  40   0 0.10  1.2    9  6.9 12 110   M    M  10 1      15 110
20  25  20  23   9  42   0 0.03  0.5    9  5.8 12  70   M    M  10 1      16  80
21  26  21  24  10  41   0    T    T    9  3.9  8 120   M    M  10 1      10 100
22  28  21  25  11  40   0 0.00  0.0    9  8.1 20 230   M    M   6        28 230
23  32  24  28  14  37   0    T    T    9 10.3 22 260   M    M   9        27 260
24  36  30  33  19  32   0 0.00  0.0    8  7.2 17  90   M    M  10        22  80
25  30  12  21   6  44   0    T    T    8  7.8 16  90   M    M   8        22  60
26  22   9  16   1  49   0 0.12  1.5    9  6.3 13 120   M    M   9 16     17 140
27  25  22  24   9  41   0    T    T    9  3.3  9 180   M    M  10 18     12 180
28  29  23  26  11  39   0 0.00  0.0    9 10.4 21 150   M    M   7 18     25 150
================================================================================
SM  587  207      1416   0  0.58     9.4 225.9          M      188
================================================================================
AV 21.0  7.4                               8.1 FASTST   M    M   7    MAX(MPH)
                                 MISC ---->  # 28 300               # 36  360
================================================================================
NOTES:
# LAST OF SEVERAL OCCURRENCES

COLUMN 17 PEAK WIND IN M.P.H.

PRELIMINARY LOCAL CLIMATOLOGICAL DATA (WS FORM: F-6) , PAGE 2

                                          STATION:  WAUSAU WI
                                          MONTH:    JANUARY
                                          YEAR:     2015
                                          LATITUDE:   44 55 N
                                          LONGITUDE:  89 37 W

[TEMPERATURE DATA]      [PRECIPITATION DATA]       SYMBOLS USED IN COLUMN 16

AVERAGE MONTHLY: 14.2   TOTAL FOR MONTH:   0.58    1 = FOG OR MIST
DPTR FM NORMAL:  -0.2   DPTR FM NORMAL:   -0.35    2 = FOG REDUCING VISIBILITY
HIGHEST:    36 ON 24,17 GRTST 24HR  0.14 ON  4- 4      TO 1/4 MILE OR LESS
LOWEST:    -19 ON 13                               3 = THUNDER
                        SNOW, ICE PELLETS, HAIL    4 = ICE PELLETS
                        TOTAL MONTH:   9.4 INCHES  5 = HAIL
                        GRTST 24HR   2.4 ON   M    6 = FREEZING RAIN OR DRIZZLE
                        GRTST DEPTH:  10 ON  8     7 = DUSTSTORM OR SANDSTORM:
                                                       VSBY 1/2 MILE OR LESS
                                                   8 = SMOKE OR HAZE
[NO. OF DAYS WITH]      [WEATHER - DAYS WITH]      9 = BLOWING SNOW
                                                   X = TORNADO
MAX 32 OR BELOW:  25    0.01 INCH OR MORE:   8
MAX 90 OR ABOVE:   0    0.10 INCH OR MORE:   3
MIN 32 OR BELOW:  28    0.50 INCH OR MORE:   0
MIN  0 OR BELOW:  10    1.00 INCH OR MORE:   0

[HDD (BASE 65) ]
TOTAL THIS MO.  1416    CLEAR  (SCALE 0-3)   6
DPTR FM NORMAL    -1    PTCLDY (SCALE 4-7)   9
TOTAL FM JUL 1  4823    CLOUDY (SCALE 8-10) 13
DPTR FM NORMAL   120

[CDD (BASE 65) ]
TOTAL THIS MO.     0
DPTR FM NORMAL     0    [PRESSURE DATA]
TOTAL FM JAN 1     0    HIGHEST SLP M ON M
DPTR FM NORMAL     0    LOWEST  SLP 29.44 ON 17

[REMARKS]
SNOWFALL AND PRECIPITATION AMOUNTS, AND SNOWDEPTH DURING
MIXED OR ALL SNOW EVENTS PROVIDED BY WSAW-TV.
