000
CXUS53 KMPX 291000
CF6AXN
PRELIMINARY LOCAL CLIMATOLOGICAL DATA (WS FORM: F-6)

                                          STATION:   ALEXANDRIA MN
                                          MONTH:     JULY
                                          YEAR:      2016
                                          LATITUDE:   45 52 N
                                          LONGITUDE:  95 23 W

  TEMPERATURE IN F:       :PCPN:    SNOW:  WIND      :SUNSHINE: SKY     :PK WND
================================================================================
1   2   3   4   5  6A  6B    7    8   9   10  11  12  13   14  15   16   17  18
                                     12Z  AVG MX 2MIN
DY MAX MIN AVG DEP HDD CDD  WTR  SNW DPTH SPD SPD DIR MIN PSBL S-S WX    SPD DR
================================================================================

 1  73  47  60  -9   5   0 0.00    M    M  6.7 14  50   M    M   0        20  50
 2  81  57  69  -1   0   4 0.00    M    M  6.5 13 150   M    M   2        20 200
 3  81  60  71   1   0   6 0.00    M    M 10.0 18 160   M    M   1        25 140
 4  80  62  71   1   0   6 0.01    M    M 11.1 21 180   M    M   2        24 190
 5  82  63  73   3   0   8 0.12    M    M  7.1 24 200   M    M   4 13     27 210
 6  84  55  70   0   0   5 0.00    M    M  3.6 14 240   M    M   1 12     18 240
 7  81  59  70   0   0   5 0.07    M    M  8.5 20 120   M    M   3 1      24 340
 8  80  58  69  -1   0   4    T    M    M 11.2 23 290   M    M   4        30 300
 9  83  56  70   0   0   5 0.00    M    M 10.5 24 150   M    M   2 3      30 140
10  81  64  73   3   0   8 1.77    M    M  8.9 26 360   M    M   3 138    41  10
11  74  63  69  -2   0   4 2.62    M    M 13.2 25 340   M    M  10 138    33 320
12  82  60  71   0   0   6 0.00    M    M 14.1 29 240   M    M   0        37 260
13  79  64  72   1   0   7 0.03    M    M 17.1 32 280   M    M   3 8      43 290
14  65  59  62  -9   3   0 0.41    M    M 13.5 22 300   M    M   9 1      27 300
15  76  57  67  -4   0   2 0.00    M    M  5.2 14 290   M    M   2        16 290
16  79  56  68  -3   0   3 0.14    M    M  8.9 25 120   M    M   1        33 120
17  79  62  71   0   0   6 0.08    M    M 10.4 32 140   M    M   5 13     41 170
18  82  58  70  -1   0   5 0.00    M    M  4.3 13 200   M    M   0        18 220
19  85  64  75   4   0  10 0.00    M    M 11.9 23 150   M    M   2        32 160
20  89  70  80   9   0  15 0.00    M    M  9.3 16 180   M    M   6 1      21 190
21  90  67  79   8   0  14 0.27    M    M  5.3 30 360   M    M   0 13     47 350
22  91  65  78   7   0  13 0.00    M    M  3.6  9 130   M    M   0 1      14 240
23  80  69  75   4   0  10 0.16    M    M 11.3 22 140   M    M   5 13     29 140
24  81  63  72   1   0   7    T    M    M 10.9 22 300   M    M   0        30 300
25  85  60  73   2   0   8 0.00    M    M  7.4 14 210   M    M   1        20 220
26  87  67  77   6   0  12 0.06    M    M 10.3 29 200   M    M   2 3      34 220
27  79  65  72   1   0   7 0.28    M    M  6.3 18 350   M    M   7 1      23 350
28  77  62  70  -1   0   5 0.00    M    M  6.4 15  50   M    M   2        18  50
================================================================================
SM 2266 1712         8 185  6.02    M    253.5          M       77
================================================================================
AV 80.9 61.1                               9.1 FASTST   M    M   3    MAX(MPH)
                                 MISC ---->  # 32 280               # 47  350
================================================================================
NOTES:
# LAST OF SEVERAL OCCURRENCES

COLUMN 17 PEAK WIND IN M.P.H.

PRELIMINARY LOCAL CLIMATOLOGICAL DATA (WS FORM: F-6) , PAGE 2

                                          STATION:  ALEXANDRIA MN
                                          MONTH:    JULY
                                          YEAR:     2016
                                          LATITUDE:   45 52 N
                                          LONGITUDE:  95 23 W

[TEMPERATURE DATA]      [PRECIPITATION DATA]       SYMBOLS USED IN COLUMN 16

AVERAGE MONTHLY: 71.0   TOTAL FOR MONTH:   6.02    1 = FOG OR MIST
DPTR FM NORMAL:   0.4   DPTR FM NORMAL:    2.90    2 = FOG REDUCING VISIBILITY
HIGHEST:    91 ON 22    GRTST 24HR  2.62 ON 11-11      TO 1/4 MILE OR LESS
LOWEST:     47 ON  1                               3 = THUNDER
                        SNOW, ICE PELLETS, HAIL    4 = ICE PELLETS
                        TOTAL MONTH:    M          5 = HAIL
                        GRTST 24HR    M  ON   M    6 = FREEZING RAIN OR DRIZZLE
                        GRTST DEPTH:  M  ON   M    7 = DUSTSTORM OR SANDSTORM:
                                                       VSBY 1/2 MILE OR LESS
                                                   8 = SMOKE OR HAZE
[NO. OF DAYS WITH]      [WEATHER - DAYS WITH]      9 = BLOWING SNOW
                                                   X = TORNADO
MAX 32 OR BELOW:   0    0.01 INCH OR MORE:  13
MAX 90 OR ABOVE:   2    0.10 INCH OR MORE:   8
MIN 32 OR BELOW:   0    0.50 INCH OR MORE:   2
MIN  0 OR BELOW:   0    1.00 INCH OR MORE:   2

[HDD (BASE 65) ]
TOTAL THIS MO.     8    CLEAR  (SCALE 0-3)  20
DPTR FM NORMAL    -5    PTCLDY (SCALE 4-7)   6
TOTAL FM JUL 1     8    CLOUDY (SCALE 8-10)  2
DPTR FM NORMAL    -5

[CDD (BASE 65) ]
TOTAL THIS MO.   185
DPTR FM NORMAL    19    [PRESSURE DATA]
TOTAL FM JAN 1   327    HIGHEST SLP M ON M
DPTR FM NORMAL    45    LOWEST  SLP 29.49 ON 11

[REMARKS]
