000
CXUS54 KEWX 290910
CF6BAZ
PRELIMINARY LOCAL CLIMATOLOGICAL DATA (WS FORM: F-6)

                                          STATION:   NEW BRAUNFELS
                                          MONTH:     AUGUST
                                          YEAR:      2015
                                          LATITUDE:   29 43 N
                                          LONGITUDE:  98  3 W

  TEMPERATURE IN F:       :PCPN:    SNOW:  WIND      :SUNSHINE: SKY     :PK WND
================================================================================
1   2   3   4   5  6A  6B    7    8   9   10  11  12  13   14  15   16   17  18
                                     12Z  AVG MX 2MIN
DY MAX MIN AVG DEP HDD CDD  WTR  SNW DPTH SPD SPD DIR MIN PSBL S-S WX    SPD DR
================================================================================

 1 100  75  88   4   0  23 0.00  0.0    0  6.4 16  80   M    M   0        19  60
 2 100  71  86   2   0  21 0.00  0.0    0  5.3 13 150   M    M   0        16  70
 3 100  73  87   3   0  22 0.00  0.0    0  6.5 15 140   M    M   0        20  80
 4 100  76  88   3   0  23 0.00  0.0    0  8.5 17 170   M    M   4 1      22 170
 5 101  77  89   4   0  24 0.00  0.0    0  9.3 22 170   M    M   3 1      28 160
 6 102  77  90   5   0  25 0.00  0.0    0 10.5 22 160   M    M   3        27 170
 7 101  76  89   4   0  24 0.00  0.0    0  9.8 18 170   M    M   2        24 160
 8 102  78  90   5   0  25 0.00  0.0    0 11.2 20 160   M    M   3        26 200
 9 102  76  89   4   0  24 0.00  0.0    0 10.4 20 160   M    M   3        25 210
10 104  75  90   5   0  25 0.00  0.0    0  6.2 15 210   M    M   2        18 110
11 105  74  90   5   0  25 0.00  0.0    0  6.5 17  60   M    M   0        20 160
12 106  78  92   7   0  27 0.00  0.0    0  5.1 15 120   M    M   2 3      21 130
13 105  78  92   7   0  27 0.00  0.0    0  7.2 18  40   M    M   1        24  60
14 103  75  89   4   0  24 0.00  0.0    0  6.1 16 160   M    M   0        20 160
15 100  78  89   4   0  24 0.10  0.0    0  5.0 14 150   M    M   4 13     20 150
16  99  73  86   1   0  21 0.00  0.0    0  5.4 22 150   M    M   1        27 140
17  98  72  85   1   0  20 0.00  0.0    0  6.0 15 170   M    M   1 18     20 180
18 100  76  88   4   0  23 0.00  0.0    0 11.8 22 160   M    M   4        27 160
19 100  78  89   5   0  24 0.00  0.0    0  9.1 16 120   M    M   5        22 190
20  86  73  80  -4   0  15 0.63  0.0    0  6.4 17 180   M    M   6 13     23 170
21  93  72  83  -1   0  18 0.02  0.0    0  7.7 22 170   M    M   6 128    25 160
22  99  77  88   4   0  23 0.00  0.0    0 10.3 21 160   M    M   5 1      29 170
23 101  77  89   5   0  24 0.00  0.0    0  8.1 16 190   M    M   4 18     21 200
24 102  73  88   4   0  23 0.00  0.0    0  4.6 14 150   M    M   1 1      16 150
25 103  73  88   4   0  23 0.00  0.0    0  7.0 22 110   M    M   0        27 110
26  99  73  86   2   0  21 0.00  0.0    0  4.9 12 100   M    M   2 1      18 120
27  99  73  86   2   0  21 0.00  0.0    0  5.5 10 130   M    M   2        16 260
28  97  68  83   0   0  18 0.00  0.0    0  6.8 15 160   M    M   0        19 120
================================================================================
SM 2807 2095         0 637  0.75     0.0 207.6          M       64
================================================================================
AV100.2 74.8                               7.4 FASTST   M    M   2    MAX(MPH)
                                 MISC ---->  # 22 170               # 29  170
================================================================================
NOTES:
# LAST OF SEVERAL OCCURRENCES

COLUMN 17 PEAK WIND IN M.P.H.

PRELIMINARY LOCAL CLIMATOLOGICAL DATA (WS FORM: F-6) , PAGE 2

                                          STATION:  NEW BRAUNFELS
                                          MONTH:    AUGUST
                                          YEAR:     2015
                                          LATITUDE:   29 43 N
                                          LONGITUDE:  98  3 W

[TEMPERATURE DATA]      [PRECIPITATION DATA]       SYMBOLS USED IN COLUMN 16

AVERAGE MONTHLY: 87.5   TOTAL FOR MONTH:   0.75    1 = FOG OR MIST
DPTR FM NORMAL:   3.1   DPTR FM NORMAL:   -0.87    2 = FOG REDUCING VISIBILITY
HIGHEST:   106 ON 12    GRTST 24HR  0.65 ON 20-21      TO 1/4 MILE OR LESS
LOWEST:     68 ON 28                               3 = THUNDER
                        SNOW, ICE PELLETS, HAIL    4 = ICE PELLETS
                        TOTAL MONTH:   0.0 INCH    5 = HAIL
                        GRTST 24HR     0.0         6 = FREEZING RAIN OR DRIZZLE
                        GRTST DEPTH:   0           7 = DUSTSTORM OR SANDSTORM:
                                                       VSBY 1/2 MILE OR LESS
                                                   8 = SMOKE OR HAZE
[NO. OF DAYS WITH]      [WEATHER - DAYS WITH]      9 = BLOWING SNOW
                                                   X = TORNADO
MAX 32 OR BELOW:   0    0.01 INCH OR MORE:   3
MAX 90 OR ABOVE:  27    0.10 INCH OR MORE:   2
MIN 32 OR BELOW:   0    0.50 INCH OR MORE:   1
MIN  0 OR BELOW:   0    1.00 INCH OR MORE:   0

[HDD (BASE 65) ]
TOTAL THIS MO.     0    CLEAR  (SCALE 0-3)  19
DPTR FM NORMAL     0    PTCLDY (SCALE 4-7)   9
TOTAL FM JUL 1     0    CLOUDY (SCALE 8-10)  0
DPTR FM NORMAL     0

[CDD (BASE 65) ]
TOTAL THIS MO.   637
DPTR FM NORMAL    91    [PRESSURE DATA]
TOTAL FM JAN 1  2358    HIGHEST SLP 29.33 ON 11
DPTR FM NORMAL   143    LOWEST  SLP 29.67 ON 18

[REMARKS]
