000
CXUS55 KLBF 261200
CF6BBW
PRELIMINARY LOCAL CLIMATOLOGICAL DATA (WS FORM: F-6)

                                          STATION:   BROKEN BOW NE
                                          MONTH:     FEBRUARY
                                          YEAR:      2015
                                          LATITUDE:   41 26 N
                                          LONGITUDE:  99 39 W

  TEMPERATURE IN F:       :PCPN:    SNOW:  WIND      :SUNSHINE: SKY     :PK WND
================================================================================
1   2   3   4   5  6A  6B    7    8   9   10  11  12  13   14  15   16   17  18
                                     12Z  AVG MX 2MIN
DY MAX MIN AVG DEP HDD CDD  WTR  SNW DPTH SPD SPD DIR MIN PSBL S-S WX    SPD DR
================================================================================

 1  21  -5   8 -18  57   0 0.14    M    M 23.4 39 340   M    M   7 189    47 350
 2  38  -8  15 -11  50   0 0.00    M    M  4.3 25 210   M    M   1        28 210
 3  54  16  35   9  30   0 0.00    M    M  6.9 15 170   M    M   3 1      23 180
 4  29 -12   9 -17  56   0 0.30    M    M 11.4 26 360   M    M   5 1289    M  M
 5  37 -11  13 -13  52   0 0.00    M    M  6.5 16 210   M    M   0 1      27 210
 6  57  25  41  15  24   0 0.00    M    M  5.4 16 270   M    M   0        19 270
 7  67  36  52  26  13   0 0.00    M    M 10.0 23 290   M    M   0        28 290
 8  64  31  48  22  17   0 0.00    M    M 13.0 31 330   M    M   0        39 320
 9  60  31  46  20  19   0 0.00    M    M  9.5 20 180   M    M   2 1      25 180
10  65  35  50  23  15   0 0.00    M    M 11.9 30 350   M    M   5 1      39 350
11  43  24  34   7  31   0 0.00    M    M 15.8 35 340   M    M   5        40 340
12  30  13  22  -5  43   0    T    M    M 11.8 21 200   M    M   5        30 210
13  61  26  44  17  21   0 0.00    M    M  9.8 17 310   M    M   0        24 320
14  46  17  32   5  33   0 0.00    M    M 12.4 23  40   M    M   7 1      27  40
15  31  17  24  -4  41   0 0.00    M    M  5.6 15 160   M    M   7        25 170
16  42  18  30   2  35   0    T    M    M  8.8 24 340   M    M   7 18     29 340
17  30  12  21  -7  44   0 0.01    M    M 15.9 33 310   M    M   4 128    40 360
18  25   6  16 -12  49   0 0.00    M    M 11.7 24 330   M    M   3        31 320
19  35  17  26  -3  39   0 0.00    M    M 12.3 22 160   M    M   5        30 140
20  53  22  38   9  27   0    T    M    M  9.1 23 360   M    M   7        30 350
21  39  17  28  -1  37   0    T    M    M 14.2 29 360   M    M   7 8      33  10
22  18   0   9 -21  56   0    T    M    M 12.3 26 350   M    M   3 8      31 360
23  32  -1  16 -14  49   0 0.00    M    M  9.1 21 240   M    M   0        25 240
24  53  19  36   6  29   0 0.00    M    M 11.3 29 340   M    M   0        35 340
25  44  12  28  -3  37   0 0.01    M    M 21.0 36 350   M    M   8        41 360
================================================================================
SM 1074  357       904   0  0.46    M    283.4          M       91
================================================================================
AV 43.0 14.3                              11.3 FASTST   M    M   4    MAX(MPH)
                                 MISC ---->  # 39 340               # 47  350
================================================================================
NOTES:
# LAST OF SEVERAL OCCURRENCES

COLUMN 17 PEAK WIND IN M.P.H.

PRELIMINARY LOCAL CLIMATOLOGICAL DATA (WS FORM: F-6) , PAGE 2

                                          STATION:  BROKEN BOW NE
                                          MONTH:    FEBRUARY
                                          YEAR:     2015
                                          LATITUDE:   41 26 N
                                          LONGITUDE:  99 39 W

[TEMPERATURE DATA]      [PRECIPITATION DATA]       SYMBOLS USED IN COLUMN 16

AVERAGE MONTHLY: 28.6   TOTAL FOR MONTH:   0.46    1 = FOG OR MIST
DPTR FM NORMAL:   1.1   DPTR FM NORMAL:   -0.05    2 = FOG REDUCING VISIBILITY
HIGHEST:    67 ON  7    GRTST 24HR  0.30 ON  4- 4      TO 1/4 MILE OR LESS
LOWEST:    -12 ON  4                               3 = THUNDER
                        SNOW, ICE PELLETS, HAIL    4 = ICE PELLETS
                        TOTAL MONTH:    M          5 = HAIL
                        GRTST 24HR    M  ON   M    6 = FREEZING RAIN OR DRIZZLE
                        GRTST DEPTH:  M  ON   M    7 = DUSTSTORM OR SANDSTORM:
                                                       VSBY 1/2 MILE OR LESS
                                                   8 = SMOKE OR HAZE
[NO. OF DAYS WITH]      [WEATHER - DAYS WITH]      9 = BLOWING SNOW
                                                   X = TORNADO
MAX 32 OR BELOW:   8    0.01 INCH OR MORE:   4
MAX 90 OR ABOVE:   0    0.10 INCH OR MORE:   2
MIN 32 OR BELOW:  23    0.50 INCH OR MORE:   0
MIN  0 OR BELOW:   6    1.00 INCH OR MORE:   0

[HDD (BASE 65) ]
TOTAL THIS MO.   904    CLEAR  (SCALE 0-3)  12
DPTR FM NORMAL   -32    PTCLDY (SCALE 4-7)  13
TOTAL FM JUL 1  4613    CLOUDY (SCALE 8-10)  0
DPTR FM NORMAL  -301

[CDD (BASE 65) ]
TOTAL THIS MO.     0
DPTR FM NORMAL     0    [PRESSURE DATA]
TOTAL FM JAN 1     0    HIGHEST SLP M ON M
DPTR FM NORMAL     0    LOWEST  SLP 29.65 ON  7

[REMARKS]
