000
CXUS51 KOKX 220701
CF6BDR
PRELIMINARY LOCAL CLIMATOLOGICAL DATA (WS FORM: F-6)

                                          STATION:   BRIDGEPORT CT
                                          MONTH:     NOVEMBER
                                          YEAR:      2014
                                          LATITUDE:   41 10 N
                                          LONGITUDE:  73  8 W

  TEMPERATURE IN F:       :PCPN:    SNOW:  WIND      :SUNSHINE: SKY     :PK WND
================================================================================
1   2   3   4   5  6A  6B    7    8   9   10  11  12  13   14  15   16   17  18
                                     12Z  AVG MX 2MIN
DY MAX MIN AVG DEP HDD CDD  WTR  SNW DPTH SPD SPD DIR MIN PSBL S-S WX    SPD DR
================================================================================

 1  48  43  46  -4  19   0 0.52  0.0    0 18.4 25  30   M    M  10 1      34  30
 2  50  39  45  -5  20   0 0.00  0.0    0 18.4 35 330   M    M   3        48 340
 3  61  36  49   0  16   0 0.00  0.0    0  7.5 18 290   M    M   1        25 290
 4  66  45  56   7   9   0 0.00  0.0    0  7.3 16 200   M    M   2        21 190
 5  62  48  55   6  10   0 0.00  0.0    0  6.4 14 230   M    M   1        17 230
 6  55  46  51   3  14   0 0.41  0.0    0  6.7 17 210   M    M   9 1      21 190
 7  50  37  44  -4  21   0 0.01  0.0    0 10.1 26 310   M    M   7        34 310
 8  49  31  40  -8  25   0 0.00  0.0    0  9.6 21 220   M    M   1        26 230
 9  57  40  49   1  16   0 0.00  0.0    0  5.4 15 220   M    M   3        19 220
10  60  36  48   1  17   0 0.00  0.0    0  4.3 12 180   M    M   0        15 190
11  61  43  52   5  13   0 0.00  0.0    0  5.8 10  70   M    M   5 12     14  30
12  63  42  53   6  12   0 0.00  0.0    0  6.5 20 330   M    M   7 12     24 320
13  50  34  42  -4  23   0 0.11  0.0    0  6.2 15 350   M    M   5 1      18 340
14  43  32  38  -8  27   0 0.06    T    0  8.5 21 350   M    M   6        27 340
15  43  27  35 -11  30   0 0.00  0.0    0  5.1 16 310   M    M   1        21 310
16  46  27  37  -9  28   0    T  0.0    0  5.9 15 220   M    M   7        18 220
17  55  39  47   2  18   0 1.47  0.0    0  8.0 17 300   M    M  10 1      23 300
18  46  25  36  -9  29   0 0.00  0.0    0 14.8 24 300   M    M   1        33 270
19  36  23  30 -15  35   0 0.00  0.0    0 13.2 24 230   M    M   2        33 220
20  47  32  40  -4  25   0    T  0.0    0 13.0 24 220   M    M   4        31 220
21  38  27  33 -11  32   0 0.00  0.0    0 12.8 23 330   M    M   0        32 340
================================================================================
SM 1086  752       439   0  2.58    T    193.9          M       85
================================================================================
AV 51.7 35.8                               9.2 FASTST   M    M   4    MAX(MPH)
                                 MISC ---->  # 35 330               # 48  340
================================================================================
NOTES:
# LAST OF SEVERAL OCCURRENCES

COLUMN 17 PEAK WIND IN M.P.H.

PRELIMINARY LOCAL CLIMATOLOGICAL DATA (WS FORM: F-6) , PAGE 2

                                          STATION:  BRIDGEPORT CT
                                          MONTH:    NOVEMBER
                                          YEAR:     2014
                                          LATITUDE:   41 10 N
                                          LONGITUDE:  73  8 W

[TEMPERATURE DATA]      [PRECIPITATION DATA]       SYMBOLS USED IN COLUMN 16

AVERAGE MONTHLY: 43.8   TOTAL FOR MONTH:   2.58    1 = FOG OR MIST
DPTR FM NORMAL:  -3.2   DPTR FM NORMAL:    0.28    2 = FOG REDUCING VISIBILITY
HIGHEST:    66 ON  4    GRTST 24HR  1.47 ON 17-17      TO 1/4 MILE OR LESS
LOWEST:     23 ON 19                               3 = THUNDER
                        SNOW, ICE PELLETS, HAIL    4 = ICE PELLETS
                        TOTAL MONTH:    T          5 = HAIL
                        GRTST 24HR    T  ON 14-14  6 = FREEZING RAIN OR DRIZZLE
                        GRTST DEPTH:   0           7 = DUSTSTORM OR SANDSTORM:
                                                       VSBY 1/2 MILE OR LESS
                                                   8 = SMOKE OR HAZE
[NO. OF DAYS WITH]      [WEATHER - DAYS WITH]      9 = BLOWING SNOW
                                                   X = TORNADO
MAX 32 OR BELOW:   0    0.01 INCH OR MORE:   6
MAX 90 OR ABOVE:   0    0.10 INCH OR MORE:   4
MIN 32 OR BELOW:   8    0.50 INCH OR MORE:   2
MIN  0 OR BELOW:   0    1.00 INCH OR MORE:   1

[HDD (BASE 65) ]
TOTAL THIS MO.   439    CLEAR  (SCALE 0-3)  10
DPTR FM NORMAL    61    PTCLDY (SCALE 4-7)   8
TOTAL FM JUL 1   708    CLOUDY (SCALE 8-10)  3
DPTR FM NORMAL   -60

[CDD (BASE 65) ]
TOTAL THIS MO.     0
DPTR FM NORMAL     0    [PRESSURE DATA]
TOTAL FM JAN 1   884    HIGHEST SLP M ON M
DPTR FM NORMAL    59    LOWEST  SLP 29.50 ON 17

[REMARKS]
