000
CXUS55 KCTP 210700
CF6BFD
PRELIMINARY LOCAL CLIMATOLOGICAL DATA (WS FORM: F-6)

                                          STATION:   BRADFORD
                                          MONTH:     FEBRUARY
                                          YEAR:      2018
                                          LATITUDE:   41 47 N
                                          LONGITUDE:  78 38 W

  TEMPERATURE IN F:       :PCPN:    SNOW:  WIND      :SUNSHINE: SKY     :PK WND
================================================================================
1   2   3   4   5  6A  6B    7    8   9   10  11  12  13   14  15   16   17  18
                                     12Z  AVG MX 2MIN
DY MAX MIN AVG DEP HDD CDD  WTR  SNW DPTH SPD SPD DIR MIN PSBL S-S WX    SPD DR
================================================================================

 1  40  19  30   8  35   0 0.05    M    M 10.1 20 310   M    M  10 1      25 220
 2  19   7  13  -9  52   0    T    M    M 12.5 26 290   M    M   9 189    36 320
 3  29   8  19  -3  46   0    T    M    M  9.3 16 210   M    M   9 8      25 200
 4  33  28  31   9  34   0 0.22    M    M  8.1 18 290   M    M  10 168    25 190
 5  30  10  20  -2  45   0 0.01    M    M  9.3 25 320   M    M   7 18     36 330
 6  21  14  18  -4  47   0 0.04    M    M  4.6 14 280   M    M  10 1      18 280
 7  26  13  20  -2  45   0 0.37    M    M 10.0 20 300   M    M  10 128    26 300
 8  19   0  10 -13  55   0    T    M    M  5.9 15 280   M    M  10 18     21 290
 9  36   2  19  -4  46   0 0.09    M    M  5.3 12 160   M    M   8 128    18 150
10  45  33  39  16  26   0 0.08    M    M  2.9  9 190   M    M  10 126    14 180
11  50  29  40  17  25   0 0.18    M    M  8.4 21 310   M    M  10 12     27 310
12  29  12  21  -2  44   0 0.00    M    M 10.2 18 320   M    M   4 1      22 320
13  36   5  21  -2  44   0 0.00    M    M  5.6 14 150   M    M   1 1      20 150
14  44  32  38  15  27   0    T    M    M  6.1 15 230   M    M   9 12     22 240
15  56  38  47  23  18   0 0.26    M    M  6.2 16 320   M    M   9 12     24 260
16  48  18  33   9  32   0 0.17    M    M 11.1 23 310   M    M   9 1      29 290
17  29  10  20  -4  45   0 0.11    M    M  5.0 15 180   M    M   4 1      21 190
18  36  25  31   7  34   0 0.01    M    M  7.8 18 310   M    M   6 18     23 320
19  53  30  42  18  23   0 0.56    M    M  8.1 16 160   M    M   7 1      25 160
20  67  52  60  36   5   0 0.00    M    M  7.8 20 240   M    M   5        31 240
================================================================================
SM  746  385       728   0  2.15    M    154.3          M      157
================================================================================
AV 37.3 19.3                               7.7 FASTST   M    M   8    MAX(MPH)
                                 MISC ---->  # 26 290               # 36  320
================================================================================
NOTES:
# LAST OF SEVERAL OCCURRENCES

COLUMN 17 PEAK WIND IN M.P.H.

PRELIMINARY LOCAL CLIMATOLOGICAL DATA (WS FORM: F-6) , PAGE 2

                                          STATION:  BRADFORD
                                          MONTH:    FEBRUARY
                                          YEAR:     2018
                                          LATITUDE:   41 47 N
                                          LONGITUDE:  78 38 W

[TEMPERATURE DATA]      [PRECIPITATION DATA]       SYMBOLS USED IN COLUMN 16

AVERAGE MONTHLY: 28.3   TOTAL FOR MONTH:   2.15    1 = FOG OR MIST
DPTR FM NORMAL:   5.3   DPTR FM NORMAL:    0.50    2 = FOG REDUCING VISIBILITY
HIGHEST:    67 ON 20    GRTST 24HR  0.56 ON 19-19      TO 1/4 MILE OR LESS
LOWEST:      0 ON  8                               3 = THUNDER
                        SNOW, ICE PELLETS, HAIL    4 = ICE PELLETS
                        TOTAL MONTH:    M          5 = HAIL
                        GRTST 24HR    M  ON   M    6 = FREEZING RAIN OR DRIZZLE
                        GRTST DEPTH:  M  ON   M    7 = DUSTSTORM OR SANDSTORM:
                                                       VSBY 1/2 MILE OR LESS
                                                   8 = SMOKE OR HAZE
[NO. OF DAYS WITH]      [WEATHER - DAYS WITH]      9 = BLOWING SNOW
                                                   X = TORNADO
MAX 32 OR BELOW:   8    0.01 INCH OR MORE:  13
MAX 90 OR ABOVE:   0    0.10 INCH OR MORE:   7
MIN 32 OR BELOW:  17    0.50 INCH OR MORE:   1
MIN  0 OR BELOW:   1    1.00 INCH OR MORE:   0

[HDD (BASE 65) ]
TOTAL THIS MO.   728    CLEAR  (SCALE 0-3)   1
DPTR FM NORMAL    -2    PTCLDY (SCALE 4-7)   6
TOTAL FM JUL 1  4907    CLOUDY (SCALE 8-10) 13
DPTR FM NORMAL  -234

[CDD (BASE 65) ]
TOTAL THIS MO.     0
DPTR FM NORMAL     0    [PRESSURE DATA]
TOTAL FM JAN 1     0    HIGHEST SLP M ON M
DPTR FM NORMAL     0    LOWEST  SLP 29.61 ON 16

[REMARKS]
