000
CXUS55 KCTP 291131
CF6BFD
PRELIMINARY LOCAL CLIMATOLOGICAL DATA (WS FORM: F-6)

                                          STATION:   BRADFORD
                                          MONTH:     AUGUST
                                          YEAR:      2015
                                          LATITUDE:   41 47 N
                                          LONGITUDE:  78 38 W

  TEMPERATURE IN F:       :PCPN:    SNOW:  WIND      :SUNSHINE: SKY     :PK WND
================================================================================
1   2   3   4   5  6A  6B    7    8   9   10  11  12  13   14  15   16   17  18
                                     12Z  AVG MX 2MIN
DY MAX MIN AVG DEP HDD CDD  WTR  SNW DPTH SPD SPD DIR MIN PSBL S-S WX    SPD DR
================================================================================

 1  77  52  65   0   0   0    T    M    M  6.9 17 340   M    M   2        23 320
 2  81  50  66   1   0   1 0.00    M    M  5.8 15 280   M    M   1        21 290
 3  78  59  69   4   0   4 0.05    M    M  6.5 15 270   M    M   3 1      22 290
 4  75  54  65   0   0   0    T    M    M  4.3 16 290   M    M   7 12     21 280
 5  74  49  62  -3   3   0 0.00    M    M  5.9 21 330   M    M   4 1      25 320
 6  69  44  57  -8   8   0 0.00    M    M  1.5  8 150   M    M   1 12     12  80
 7  75  46  61  -4   4   0 0.00    M    M  3.9 14 110   M    M   1 1      18 120
 8  77  51  64  -1   1   0 0.00    M    M  4.1 10  40   M    M   5        16  40
 9  79  57  68   3   0   3 0.00    M    M  1.6  8 300   M    M   6        11 340
10  79  57  68   3   0   3 0.40    M    M  6.0 16 190   M    M   7 18     26 160
11  76  60  68   3   0   3 0.04    M    M  9.2 20 320   M    M   8 1      26 320
12  71  50  61  -4   4   0    T    M    M  7.9 18 320   M    M   6        25 320
13  74  41  58  -6   7   0 0.00    M    M  4.2 14 300   M    M   3 1      20 280
14  81  58  70   6   0   5 0.00    M    M  4.5 15 280   M    M   2        21 260
15  81  56  69   5   0   4 0.00    M    M  2.1 10 230   M    M   3 1      15 170
16  85  56  71   7   0   6 0.00    M    M  2.5 13 300   M    M   4 12     18 280
17  85  56  71   7   0   6 0.00    M    M  2.9 10 270   M    M   1 1       M  M
18  77  59  68   4   0   3 0.04    M    M  2.7 10 220   M    M   5 18     17 240
19  81  63  72   8   0   7 0.05    M    M  7.4 15 140   M    M   6 18     21 190
20  76  55  66   2   0   1 0.58    M    M  6.5 15 220   M    M   7 128    25 180
21  73  47  60  -4   5   0 0.00    M    M  5.3 17 320   M    M   2 12     23 270
22  73  43  58  -5   7   0 0.00    M    M  1.7 10  30   M    M   1 1      16  10
23  76  45  61  -2   4   0 0.00    M    M  4.1 14 140   M    M   0 1      20 140
24  74  55  65   2   0   0 0.00  0.0    0  4.9 16 280   M    M   5        19 280
25  67  44  56  -7   9   0    T    M    0  5.4 14 320   M    M   7 1      20 280
26  62  51  57  -6   8   0 0.04  0.0    0  3.1 10 300   M    M   9 1      13 270
27  68  46  57  -6   8   0    T    M    M  6.1 15 300   M    M   7 1      20 320
28  73  41  57  -5   8   0 0.00    M    M  1.4 10 270   M    M   6 12     13 280
================================================================================
SM 2117 1445        76  46  1.20     0.0 128.4          M      119
================================================================================
AV 75.6 51.6                               4.6 FASTST   M    M   4    MAX(MPH)
                                 MISC ---->  # 21 330               # 26  160
================================================================================
NOTES:
# LAST OF SEVERAL OCCURRENCES

COLUMN 17 PEAK WIND IN M.P.H.

PRELIMINARY LOCAL CLIMATOLOGICAL DATA (WS FORM: F-6) , PAGE 2

                                          STATION:  BRADFORD
                                          MONTH:    AUGUST
                                          YEAR:     2015
                                          LATITUDE:   41 47 N
                                          LONGITUDE:  78 38 W

[TEMPERATURE DATA]      [PRECIPITATION DATA]       SYMBOLS USED IN COLUMN 16

AVERAGE MONTHLY: 63.6   TOTAL FOR MONTH:   1.20    1 = FOG OR MIST
DPTR FM NORMAL:  -0.5   DPTR FM NORMAL:   -2.54    2 = FOG REDUCING VISIBILITY
HIGHEST:    85 ON 17,16 GRTST 24HR  0.62 ON 19-20      TO 1/4 MILE OR LESS
LOWEST:     41 ON 28,13                            3 = THUNDER
                        SNOW, ICE PELLETS, HAIL    4 = ICE PELLETS
                        TOTAL MONTH:   0.0 INCH    5 = HAIL
                        GRTST 24HR     0.0         6 = FREEZING RAIN OR DRIZZLE
                        GRTST DEPTH:   0           7 = DUSTSTORM OR SANDSTORM:
                                                       VSBY 1/2 MILE OR LESS
                                                   8 = SMOKE OR HAZE
[NO. OF DAYS WITH]      [WEATHER - DAYS WITH]      9 = BLOWING SNOW
                                                   X = TORNADO
MAX 32 OR BELOW:   0    0.01 INCH OR MORE:   7
MAX 90 OR ABOVE:   0    0.10 INCH OR MORE:   2
MIN 32 OR BELOW:   0    0.50 INCH OR MORE:   1
MIN  0 OR BELOW:   0    1.00 INCH OR MORE:   0

[HDD (BASE 65) ]
TOTAL THIS MO.    76    CLEAR  (SCALE 0-3)  12
DPTR FM NORMAL    56    PTCLDY (SCALE 4-7)  15
TOTAL FM JUL 1   123    CLOUDY (SCALE 8-10)  1
DPTR FM NORMAL    39

[CDD (BASE 65) ]
TOTAL THIS MO.    46
DPTR FM NORMAL    -3    [PRESSURE DATA]
TOTAL FM JAN 1   200    HIGHEST SLP M ON M
DPTR FM NORMAL    27    LOWEST  SLP 29.72 ON 11

[REMARKS]
