000
CXUS55 KCYS 301000
CF6BFF
PRELIMINARY LOCAL CLIMATOLOGICAL DATA (WS FORM: F-6)

                                          STATION:   SCOTTSBLUFF NE AIRPORT
                                          MONTH:     AUGUST
                                          YEAR:      2015
                                          LATITUDE:   41 52 N
                                          LONGITUDE: 103 36 W

  TEMPERATURE IN F:       :PCPN:    SNOW:  WIND      :SUNSHINE: SKY     :PK WND
================================================================================
1   2   3   4   5  6A  6B    7    8   9   10  11  12  13   14  15   16   17  18
                                     12Z  AVG MX 2MIN
DY MAX MIN AVG DEP HDD CDD  WTR  SNW DPTH SPD SPD DIR MIN PSBL S-S WX    SPD DR
================================================================================

 1  96  63  80   6   0  15    T  0.0    0  7.5 24 140   M    M   0 3      29 140
 2  94  59  77   3   0  12 0.00  0.0    0  4.9 20 340   M    M   0        25 340
 3  89  59  74   0   0   9 0.00  0.0    0  6.8 17  90   M    M   0        22 110
 4  82  58  70  -4   0   5 0.35  0.0    0  5.6 22 110   M    M   3 123    27  60
 5  89  59  74   0   0   9    T  0.0    0  6.3 18 160   M    M   3 123    23 160
 6  88  62  75   1   0  10 0.00  0.0    0  9.8 21 280   M    M   0        27 270
 7  91  60  76   2   0  11 0.00  0.0    0  6.5 18 160   M    M   0        22 160
 8  89  61  75   1   0  10 0.00  0.0    0  4.7 16 280   M    M   1 1      20 280
 9  91  58  75   2   0  10 0.00  0.0    0  8.0 23 300   M    M   1        27 300
10  88  58  73   0   0   8 0.00  0.0    0  6.9 21  70   M    M   1 3      25  70
11  88  62  75   2   0  10 0.00  0.0    0 10.5 20 130   M    M   3        25 130
12  95  62  79   6   0  14 0.00  0.0    0  7.2 14 190   M    M   0 1      17 200
13  97  63  80   7   0  15 0.00  0.0    0  7.9 18 350   M    M   0        24 350
14  94  59  77   4   0  12 0.00  0.0    0  7.9 15 100   M    M   0        19 100
15 101  67  84  12   0  19 0.03  0.0    0  7.5 35 270   M    M   0 38     46 260
16  81  62  72   0   0   7    T  0.0    0  9.3 24  40   M    M   1        33  50
17  71  54  63  -9   2   0 0.39  0.0    0 10.9 30 330   M    M  10 13     37 320
18  65  52  59 -13   6   0 0.04  0.0    0 11.7 26 320   M    M   6 13     33 330
19  71  50  61 -11   4   0 0.43  0.0    0  6.2 13 300   M    M   4 1      17 290
20  85  48  67  -5   0   2 0.00  0.0    0  6.3 14 270   M    M   1        17 300
21  91  51  71   0   0   6 0.00  0.0    0  5.6 13 300   M    M   0        15 300
22  72  43  58 -13   7   0 0.00  0.0    0 12.8 29 340   M    M   2 8      37 360
23  76  37  57 -14   8   0 0.00  0.0    0  6.0 14 150   M    M   0        20 270
24  85  45  65  -5   0   0 0.00  0.0    0  5.4 10  60   M    M   0        17  90
25  93  51  72   2   0   7 0.00  0.0    0  7.2 13 110   M    M   0 18     16 110
26  97  57  77   7   0  12    T  0.0    0  7.1 14 350   M    M   0 128    18 230
27  87  59  73   3   0   8 0.00  0.0    0  9.6 22 340   M    M   1        27 330
28  90  56  73   4   0   8 0.00  0.0    0  7.2 17 290   M    M   0 8      21 300
29  94  52  73   4   0   8 0.00  0.0    0  7.7 15 170   M    M   0 18     19 170
================================================================================
SM 2530 1627        27 227  1.24     0.0 221.0          M       37
================================================================================
AV 87.2 56.1                               7.6 FASTST   M    M   1    MAX(MPH)
                                 MISC ---->  # 35 270               # 46  260
================================================================================
NOTES:
# LAST OF SEVERAL OCCURRENCES

COLUMN 17 PEAK WIND IN M.P.H.

PRELIMINARY LOCAL CLIMATOLOGICAL DATA (WS FORM: F-6) , PAGE 2

                                          STATION:  SCOTTSBLUFF NE AIRPORT
                                          MONTH:    AUGUST
                                          YEAR:     2015
                                          LATITUDE:   41 52 N
                                          LONGITUDE: 103 36 W

[TEMPERATURE DATA]      [PRECIPITATION DATA]       SYMBOLS USED IN COLUMN 16

AVERAGE MONTHLY: 71.7   TOTAL FOR MONTH:   1.24    1 = FOG OR MIST
DPTR FM NORMAL:  -0.5   DPTR FM NORMAL:    0.01    2 = FOG REDUCING VISIBILITY
HIGHEST:   101 ON 15    GRTST 24HR  0.47 ON 18-19      TO 1/4 MILE OR LESS
LOWEST:     37 ON 23                               3 = THUNDER
                        SNOW, ICE PELLETS, HAIL    4 = ICE PELLETS
                        TOTAL MONTH:   0.0 INCH    5 = HAIL
                        GRTST 24HR     0.0         6 = FREEZING RAIN OR DRIZZLE
                        GRTST DEPTH:   0           7 = DUSTSTORM OR SANDSTORM:
                                                       VSBY 1/2 MILE OR LESS
                                                   8 = SMOKE OR HAZE
[NO. OF DAYS WITH]      [WEATHER - DAYS WITH]      9 = BLOWING SNOW
                                                   X = TORNADO
MAX 32 OR BELOW:   0    0.01 INCH OR MORE:   5
MAX 90 OR ABOVE:  13    0.10 INCH OR MORE:   3
MIN 32 OR BELOW:   0    0.50 INCH OR MORE:   0
MIN  0 OR BELOW:   0    1.00 INCH OR MORE:   0

[HDD (BASE 65) ]
TOTAL THIS MO.    27    CLEAR  (SCALE 0-3)  25
DPTR FM NORMAL    19    PTCLDY (SCALE 4-7)   3
TOTAL FM JUL 1    33    CLOUDY (SCALE 8-10)  1
DPTR FM NORMAL    19

[CDD (BASE 65) ]
TOTAL THIS MO.   227
DPTR FM NORMAL     8    [PRESSURE DATA]
TOTAL FM JAN 1   659    HIGHEST SLP M ON M
DPTR FM NORMAL     4    LOWEST  SLP 29.60 ON 21

[REMARKS]
