000
CXUS54 KBMX 271216
CF6BHM
PRELIMINARY LOCAL CLIMATOLOGICAL DATA (WS FORM: F-6)

                                          STATION:   BIRMINGHAM
                                          MONTH:     FEBRUARY
                                          YEAR:      2015
                                          LATITUDE:   33 34 N
                                          LONGITUDE:  86 45 W

  TEMPERATURE IN F:       :PCPN:    SNOW:  WIND      :SUNSHINE: SKY     :PK WND
================================================================================
1   2   3   4   5  6A  6B    7    8   9   10  11  12  13   14  15   16   17  18
                                     12Z  AVG MX 2MIN
DY MAX MIN AVG DEP HDD CDD  WTR  SNW DPTH SPD SPD DIR MIN PSBL S-S WX    SPD DR
================================================================================

 1  59  47  53   8  12   0 0.29  0.0    0 10.6 23 280   M    M   9 13     27 270
 2  55  24  40  -5  25   0 0.00  0.0    0 11.6 26 290   M    M   7        36 300
 3  49  23  36  -9  29   0 0.00  0.0    0  1.6  7 330   M    M   5        10  40
 4  51  29  40  -5  25   0 0.00  0.0    0  2.2 12 150   M    M   6        14 170
 5  47  25  36 -10  29   0 0.00  0.0    0  9.2 22  10   M    M   4        29  20
 6  55  20  38  -8  27   0 0.00  0.0    0  2.4  9 230   M    M   3        12 230
 7  67  30  49   3  16   0 0.00  0.0    0  6.7 20 190   M    M   0        24 180
 8  69  48  59  13   6   0 0.00  0.0    0 11.0 20 210   M    M   6        26 230
 9  65  38  52   6  13   0 0.06  0.0    0 11.5 23 330   M    M   8 1      30 330
10  48  30  39  -7  26   0 0.00  0.0    0 10.4 22 350   M    M   5        26  10
11  62  26  44  -3  21   0 0.00  0.0    0  2.3 12 310   M    M   0 18     15 310
12  46  26  36 -11  29   0 0.00  0.0    0 10.9 24 340   M    M   1        32 360
13  46  23  35 -12  30   0 0.00  0.0    0  4.7 13  20   M    M   5        20 330
14  63  25  44  -4  21   0 0.00  0.0    0  7.9 22 250   M    M   2        29 250
15  43  22  33 -15  32   0 0.00  0.0    0  9.6 22  10   M    M   6        29 360
16  53  32  43  -5  22   0 1.45  0.0    0  8.9 28 310   M    M  10 16     34 310
17  36  24  30 -18  35   0 0.00  0.0    0  9.8 22 330   M    M   7        27 320
18  42  22  32 -16  33   0 0.00  0.0    0 12.3 29 280   M    M   3        39 290
19  31  13  22 -27  43   0 0.00  0.0    0  8.1 17 340   M    M   0        24 310
20  38  20  29 -20  36   0 0.01    T    0  7.6 16 140   M    M   9 46     23 120
21  62  38  50   1  15   0 0.76  0.0    0 13.3 26 180   M    M  10 1      38 190
22  55  38  47  -3  18   0 0.33  0.0    0  6.5 15  10   M    M  10 1      21  20
23  43  32  38 -12  27   0 0.37  0.0    0 10.6 20 340   M    M   9 18     23 330
24  45  29  37 -13  28   0 0.01  0.0    0  5.7 14 360   M    M   8 168    17 340
25  35  30  33 -17  32   0 1.04  0.7    0  4.7 13 350   M    M  10 145    17  60
26  39  28  34 -17  31   0 0.00  0.0    0  5.8 14 320   M    M   7 1      18 340
================================================================================
SM 1304  742       661   0  4.32     0.7 205.9          M      150
================================================================================
AV 50.2 28.5                               7.9 FASTST   M    M   6    MAX(MPH)
                                 MISC ---->  # 29 280               # 39  290
================================================================================
NOTES:
# LAST OF SEVERAL OCCURRENCES

COLUMN 17 PEAK WIND IN M.P.H.

PRELIMINARY LOCAL CLIMATOLOGICAL DATA (WS FORM: F-6) , PAGE 2

                                          STATION:  BIRMINGHAM
                                          MONTH:    FEBRUARY
                                          YEAR:     2015
                                          LATITUDE:   33 34 N
                                          LONGITUDE:  86 45 W

[TEMPERATURE DATA]      [PRECIPITATION DATA]       SYMBOLS USED IN COLUMN 16

AVERAGE MONTHLY: 39.3   TOTAL FOR MONTH:   4.32    1 = FOG OR MIST
DPTR FM NORMAL:  -8.2   DPTR FM NORMAL:    0.14    2 = FOG REDUCING VISIBILITY
HIGHEST:    69 ON  8    GRTST 24HR  1.45 ON 16-16      TO 1/4 MILE OR LESS
LOWEST:     13 ON 19                               3 = THUNDER
                        SNOW, ICE PELLETS, HAIL    4 = ICE PELLETS
                        TOTAL MONTH:   0.7 INCH    5 = HAIL
                        GRTST 24HR   0.7 ON   M    6 = FREEZING RAIN OR DRIZZLE
                        GRTST DEPTH:   0           7 = DUSTSTORM OR SANDSTORM:
                                                       VSBY 1/2 MILE OR LESS
                                                   8 = SMOKE OR HAZE
[NO. OF DAYS WITH]      [WEATHER - DAYS WITH]      9 = BLOWING SNOW
                                                   X = TORNADO
MAX 32 OR BELOW:   1    0.01 INCH OR MORE:   9
MAX 90 OR ABOVE:   0    0.10 INCH OR MORE:   6
MIN 32 OR BELOW:  21    0.50 INCH OR MORE:   3
MIN  0 OR BELOW:   0    1.00 INCH OR MORE:   2

[HDD (BASE 65) ]
TOTAL THIS MO.   661    CLEAR  (SCALE 0-3)   6
DPTR FM NORMAL   202    PTCLDY (SCALE 4-7)  12
TOTAL FM JUL 1  2418    CLOUDY (SCALE 8-10)  8
DPTR FM NORMAL   254

[CDD (BASE 65) ]
TOTAL THIS MO.     0
DPTR FM NORMAL     0    [PRESSURE DATA]
TOTAL FM JAN 1     0    HIGHEST SLP M ON M
DPTR FM NORMAL    -1    LOWEST  SLP 29.68 ON 16

[REMARKS]
