000
CXUS53 KBIS 230830
CF6BIS
PRELIMINARY LOCAL CLIMATOLOGICAL DATA (WS FORM: F-6)

                                          STATION:   BISMARCK ND
                                          MONTH:     JULY
                                          YEAR:      2017
                                          LATITUDE:   46 46 N
                                          LONGITUDE: 100 45 W

  TEMPERATURE IN F:       :PCPN:    SNOW:  WIND      :SUNSHINE: SKY     :PK WND
================================================================================
1   2   3   4   5  6A  6B    7    8   9   10  11  12  13   14  15   16   17  18
                                     12Z  AVG MX 2MIN
DY MAX MIN AVG DEP HDD CDD  WTR  SNW DPTH SPD SPD DIR MIN PSBL S-S WX    SPD DR
================================================================================

 1  85  58  72   3   0   7 0.00  0.0    0  7.9 20  30   M    M   2        23  30
 2  83  50  67  -2   0   2 0.00  0.0    0  7.8 20 100   M    M   0        25  90
 3  93  65  79  10   0  14 0.00  0.0    0 13.3 22 140   M    M   0        28 160
 4 102  64  83  14   0  18 0.09  0.0    0  6.6 23 220   M    M   0 3      28 240
 5 103  59  81  11   0  16 0.01  0.0    0  6.9 16 140   M    M   0        19 130
 6  90  60  75   5   0  10 0.00  0.0    0  9.6 21 330   M    M   0        30 340
 7  89  54  72   2   0   7 0.00  0.0    0  4.6 14  20   M    M   0        18 330
 8  98  54  76   6   0  11 0.00  0.0    0  5.1 13 320   M    M   0        18 320
 9  94  64  79   9   0  14 0.00  0.0    0 10.9 25  40   M    M   0 3      31  40
10  90  57  74   4   0   9 0.00  0.0    0  8.5 20 160   M    M   0 1      24 150
11  98  66  82  11   0  17 0.00  0.0    0 10.5 23 330   M    M   0        30 320
12  76  60  68  -3   0   3 0.00  0.0    0 11.5 20 340   M    M   7        28 320
13  81  53  67  -4   0   2 0.00  0.0    0  6.9 14 100   M    M   2        17 100
14 102  55  79   8   0  14 0.36    T    0 10.9 30 320   M    M   1 35     43 310
15  87  63  75   4   0  10 0.00  0.0    0  9.0 15  90   M    M   0        19  30
16  98  58  78   7   0  13 0.00  0.0    0 13.8 25 160   M    M   0        31 160
17  96  68  82  10   0  17    T  0.0    0 11.5 23 330   M    M   0        29 330
18  84  60  72   0   0   7 0.08  0.0    0  6.1 15 110   M    M   1 13     21 100
19  89  64  77   5   0  12 0.34  0.0    0  7.6 24 170   M    M   3 13     31 180
20  97  61  79   7   0  14 0.12  0.0    0  9.1 25 140   M    M   1 3      29 140
21  92  63  78   6   0  13 0.60    T    0  5.1 31 360   M    M   2 13     37 350
22  90  60  75   3   0  10 0.00  0.0    0  9.4 25 330   M    M   0        36 310
================================================================================
SM 2017 1316         0 240  1.60    T    192.6          M       19
================================================================================
AV 91.7 59.8                               8.8 FASTST   M    M   1    MAX(MPH)
                                 MISC ---->  # 31 360               # 43  310
================================================================================
NOTES:
# LAST OF SEVERAL OCCURRENCES

COLUMN 17 PEAK WIND IN M.P.H.

PRELIMINARY LOCAL CLIMATOLOGICAL DATA (WS FORM: F-6) , PAGE 2

                                          STATION:  BISMARCK ND
                                          MONTH:    JULY
                                          YEAR:     2017
                                          LATITUDE:   46 46 N
                                          LONGITUDE: 100 45 W

[TEMPERATURE DATA]      [PRECIPITATION DATA]       SYMBOLS USED IN COLUMN 16

AVERAGE MONTHLY: 75.8   TOTAL FOR MONTH:   1.60    1 = FOG OR MIST
DPTR FM NORMAL:   5.1   DPTR FM NORMAL:   -0.52    2 = FOG REDUCING VISIBILITY
HIGHEST:   103 ON  5    GRTST 24HR  0.60 ON 21-21      TO 1/4 MILE OR LESS
LOWEST:     50 ON  2                               3 = THUNDER
                        SNOW, ICE PELLETS, HAIL    4 = ICE PELLETS
                        TOTAL MONTH:    T          5 = HAIL
                        GRTST 24HR    T  ON 21-21  6 = FREEZING RAIN OR DRIZZLE
                        GRTST DEPTH:   0           7 = DUSTSTORM OR SANDSTORM:
                                                       VSBY 1/2 MILE OR LESS
                                                   8 = SMOKE OR HAZE
[NO. OF DAYS WITH]      [WEATHER - DAYS WITH]      9 = BLOWING SNOW
                                                   X = TORNADO
MAX 32 OR BELOW:   0    0.01 INCH OR MORE:   7
MAX 90 OR ABOVE:  14    0.10 INCH OR MORE:   4
MIN 32 OR BELOW:   0    0.50 INCH OR MORE:   1
MIN  0 OR BELOW:   0    1.00 INCH OR MORE:   0

[HDD (BASE 65) ]
TOTAL THIS MO.     0    CLEAR  (SCALE 0-3)  21
DPTR FM NORMAL   -13    PTCLDY (SCALE 4-7)   1
TOTAL FM JUL 1     0    CLOUDY (SCALE 8-10)  0
DPTR FM NORMAL   -13

[CDD (BASE 65) ]
TOTAL THIS MO.   240
DPTR FM NORMAL   103    [PRESSURE DATA]
TOTAL FM JAN 1   379    HIGHEST SLP M ON M
DPTR FM NORMAL   142    LOWEST  SLP 29.64 ON 11

[REMARKS]
