000
CXUS56 KBOI 271002
CF6BKE
PRELIMINARY LOCAL CLIMATOLOGICAL DATA (WS FORM: F-6)

                                          STATION:   BAKER OR
                                          MONTH:     NOVEMBER
                                          YEAR:      2014
                                          LATITUDE:   44 50 N
                                          LONGITUDE: 117 49 W

  TEMPERATURE IN F:       :PCPN:    SNOW:  WIND      :SUNSHINE: SKY     :PK WND
================================================================================
1   2   3   4   5  6A  6B    7    8   9   10  11  12  13   14  15   16   17  18
                                     12Z  AVG MX 2MIN
DY MAX MIN AVG DEP HDD CDD  WTR  SNW DPTH SPD SPD DIR MIN PSBL S-S WX    SPD DR
================================================================================

 1  45  36  41   2  24   0 0.06    M    M 17.5 28 300   M    M   7        35 320
 2  51  28  40   2  25   0    T    M    M  5.5 17 320   M    M   6        21 330
 3  50  28  39   1  26   0 0.00    M    M  6.2 17 140   M    M  10        20 130
 4  46  35  41   3  24   0    T    M    M  9.8 21  80   M    M  10 1      25  80
 5  58  33  46   9  19   0 0.00    M    M  6.2 16  60   M    M   6 1      21  60
 6  61  45  53  16  12   0 0.00    M    M 12.7 28 100   M    M   3        34 110
 7  54  21  38   2  27   0 0.00    M    M  3.9 14 340   M    M   0 1      17 330
 8  54  18  36   0  29   0 0.00    M    M  1.2  7 200   M    M   3 128     7 290
 9  49  26  38   2  27   0 0.01    M    M  7.7 36 310   M    M   3        46 310
10  43  22  33  -2  32   0 0.10    M    M 11.2 30 340   M    M   1 1      37 330
11  35  13  24 -11  41   0 0.00    M    M 13.1 25 310   M    M   0        31 310
12  30   4  17 -17  48   0 0.00    M    M  5.8 14 100   M    M   1        18 110
13  23  10  17 -17  48   0 0.04    M    M 10.4 18 100   M    M   8 1      23 110
14  26   8  17 -17  48   0 0.05    M    M  8.2 23 320   M    M   5 1      28 320
15  21  -7   7 -26  58   0 0.00    M    M  2.1 10 270   M    M   1 128    14 230
16  21  -8   7 -26  58   0 0.00    M    M  0.8  7 270   M    M   1 128     7 270
17  24  -3  11 -21  54   0 0.00    M    M  1.0  6 160   M    M   1 128     7 270
18  27  -3  12 -20  53   0 0.00    M    M  2.6 15 100   M    M   0 18     19 100
19  31   2  17 -15  48   0 0.00    M    M  1.9  8 250   M    M   2 1       9 250
20  35  24  30  -1  35   0    T    M    M  2.3  8  90   M    M  10 18     10 100
21  38  24  31   0  34   0 0.02    M    M 10.7 28 100   M    M   8 168    35 100
22  44  31  38   8  27   0 0.15    M    M  9.0 29 300   M    M   7 1      39 320
23  42  22  32   2  33   0    T    M    M  5.0 16 340   M    M   3        20 350
24  42  20  31   1  34   0 0.02    M    M  6.0 16  70   M    M   2        20  60
25  51  32  42  13  23   0 0.01    M    M  4.1 12 100   M    M   7 1      13 110
26  52  29  41  12  24   0 0.00    M    M  1.8 15 100   M    M   0        17 100
================================================================================
SM 1053  490       911   0  0.46    M    166.7          M      105
================================================================================
AV 40.5 18.8                               6.4 FASTST   M    M   4    MAX(MPH)
                                 MISC ---->  # 36 310               # 46  310
================================================================================
NOTES:
# LAST OF SEVERAL OCCURRENCES

COLUMN 17 PEAK WIND IN M.P.H.

PRELIMINARY LOCAL CLIMATOLOGICAL DATA (WS FORM: F-6) , PAGE 2

                                          STATION:  BAKER OR
                                          MONTH:    NOVEMBER
                                          YEAR:     2014
                                          LATITUDE:   44 50 N
                                          LONGITUDE: 117 49 W

[TEMPERATURE DATA]      [PRECIPITATION DATA]       SYMBOLS USED IN COLUMN 16

AVERAGE MONTHLY: 29.7   TOTAL FOR MONTH:   0.46    1 = FOG OR MIST
DPTR FM NORMAL:  -4.1   DPTR FM NORMAL:   -0.31    2 = FOG REDUCING VISIBILITY
HIGHEST:    61 ON  6    GRTST 24HR  0.17 ON 21-22      TO 1/4 MILE OR LESS
LOWEST:     -8 ON 16                               3 = THUNDER
                        SNOW, ICE PELLETS, HAIL    4 = ICE PELLETS
                        TOTAL MONTH:    M          5 = HAIL
                        GRTST 24HR    M  ON   M    6 = FREEZING RAIN OR DRIZZLE
                        GRTST DEPTH:  M  ON   M    7 = DUSTSTORM OR SANDSTORM:
                                                       VSBY 1/2 MILE OR LESS
                                                   8 = SMOKE OR HAZE
[NO. OF DAYS WITH]      [WEATHER - DAYS WITH]      9 = BLOWING SNOW
                                                   X = TORNADO
MAX 32 OR BELOW:   8    0.01 INCH OR MORE:   9
MAX 90 OR ABOVE:   0    0.10 INCH OR MORE:   2
MIN 32 OR BELOW:  22    0.50 INCH OR MORE:   0
MIN  0 OR BELOW:   4    1.00 INCH OR MORE:   0

[HDD (BASE 65) ]
TOTAL THIS MO.   911    CLEAR  (SCALE 0-3)  13
DPTR FM NORMAL   100    PTCLDY (SCALE 4-7)   8
TOTAL FM JUL 1  1687    CLOUDY (SCALE 8-10)  5
DPTR FM NORMAL  -203

[CDD (BASE 65) ]
TOTAL THIS MO.     0
DPTR FM NORMAL     0    [PRESSURE DATA]
TOTAL FM JAN 1   250    HIGHEST SLP M ON M
DPTR FM NORMAL    81    LOWEST  SLP 29.48 ON  1

[REMARKS]
