000
CXUS56 KBOI 271002
CF6BKE
PRELIMINARY LOCAL CLIMATOLOGICAL DATA (WS FORM: F-6)

                                          STATION:   BAKER OR
                                          MONTH:     JANUARY
                                          YEAR:      2015
                                          LATITUDE:   44 50 N
                                          LONGITUDE: 117 49 W

  TEMPERATURE IN F:       :PCPN:    SNOW:  WIND      :SUNSHINE: SKY     :PK WND
================================================================================
1   2   3   4   5  6A  6B    7    8   9   10  11  12  13   14  15   16   17  18
                                     12Z  AVG MX 2MIN
DY MAX MIN AVG DEP HDD CDD  WTR  SNW DPTH SPD SPD DIR MIN PSBL S-S WX    SPD DR
================================================================================

 1  16  -4   6 -18  59   0 0.00    M    M  1.5  8 360   M    M   0         9 360
 2  18  -1   9 -15  56   0 0.00    M    M  2.3  1  60   M    M   6        13  40
 3  21  11  16  -8  49   0    T    M    M  1.3  7 190   M    M   6 18      8 190
 4  27  15  21  -3  44   0 0.02    M    M  1.5  7 230   M    M   9 18      8 240
 5  35  26  31   7  34   0 0.14    M    M  2.3  8  40   M    M   9 16     11 320
 6  39  24  32   8  33   0 0.00    M    M  0.8  7 310   M    M   0 12      8 320
 7  44  21  33   9  32   0 0.00    M    M  2.0  9 260   M    M   0 12     12 220
 8  32  20  26   2  39   0 0.00    M    M  1.3  7 260   M    M   9 128     8 260
 9  33  26  30   6  35   0 0.00    M    M  2.5  8  30   M    M   9 128    12  60
10  33  28  31   7  34   0 0.00    M    M  3.2  8 160   M    M  10 1      10  60
11  36  29  33   8  32   0 0.08    M    M  1.3  6 250   M    M   M         7 270
12  36  28  32   7  33   0 0.04    M    M  5.2 17 330   M    M   M 1      23 330
13  33  26  30   5  35   0 0.00    M    M  5.4 13 310   M    M   M        15 300
14  33  26  30   5  35   0 0.00    M    M  6.9 16 120   M    M  10        20 130
15  31  28  30   5  35   0    T    M    M 16.0 23 100   M    M  10 1      28 100
16  36  19  28   3  37   0 0.01    M    M  7.2 22 100   M    M   6 12     29 100
17  35  26  31   6  34   0 0.10    M    M 11.8 22 100   M    M   9 12     27 100
18  43  24  34   9  31   0    T    M    M  5.5 24 100   M    M   5 1      30 100
19  45  23  34   9  31   0 0.00    M    M  3.1  9 330   M    M   4        11 320
20  38  18  28   3  37   0 0.00    M    M  2.6  7 240   M    M   0         M  M
21  35  13  24  -1  41   0 0.00    M    M  2.7 10 170   M    M   0        12 260
22  31  17  24  -2  41   0    T    M    M  3.0  9  60   M    M   7 1      11  70
23  41  23  32   6  33   0 0.00    M    M  2.4  9 170   M    M   6        12 290
24  41  26  34   8  31   0 0.00    M    M  3.1 12  50   M    M   6 1      14  40
25  41  25  33   7  32   0 0.00    M    M  3.0 12 320   M    M   0 1      13 320
26  47  27  37  11  28   0 0.00    M    M  7.6 21 110   M    M   0 1      26 120
================================================================================
SM  900  544       961   0  0.39    M    105.5          M      121
================================================================================
AV 34.6 20.9                               4.1 FASTST   M    M   5    MAX(MPH)
                                 MISC ---->  # 24 100               # 30  100
================================================================================
NOTES:
# LAST OF SEVERAL OCCURRENCES

COLUMN 17 PEAK WIND IN M.P.H.

PRELIMINARY LOCAL CLIMATOLOGICAL DATA (WS FORM: F-6) , PAGE 2

                                          STATION:  BAKER OR
                                          MONTH:    JANUARY
                                          YEAR:     2015
                                          LATITUDE:   44 50 N
                                          LONGITUDE: 117 49 W

[TEMPERATURE DATA]      [PRECIPITATION DATA]       SYMBOLS USED IN COLUMN 16

AVERAGE MONTHLY: 27.8   TOTAL FOR MONTH:   0.39    1 = FOG OR MIST
DPTR FM NORMAL:   3.0   DPTR FM NORMAL:   -0.30    2 = FOG REDUCING VISIBILITY
HIGHEST:    47 ON 26    GRTST 24HR  0.14 ON  5- 5      TO 1/4 MILE OR LESS
LOWEST:     -4 ON  1                               3 = THUNDER
                        SNOW, ICE PELLETS, HAIL    4 = ICE PELLETS
                        TOTAL MONTH:    M          5 = HAIL
                        GRTST 24HR    M  ON   M    6 = FREEZING RAIN OR DRIZZLE
                        GRTST DEPTH:  M  ON   M    7 = DUSTSTORM OR SANDSTORM:
                                                       VSBY 1/2 MILE OR LESS
                                                   8 = SMOKE OR HAZE
[NO. OF DAYS WITH]      [WEATHER - DAYS WITH]      9 = BLOWING SNOW
                                                   X = TORNADO
MAX 32 OR BELOW:   7    0.01 INCH OR MORE:   6
MAX 90 OR ABOVE:   0    0.10 INCH OR MORE:   2
MIN 32 OR BELOW:  26    0.50 INCH OR MORE:   0
MIN  0 OR BELOW:   2    1.00 INCH OR MORE:   0

[HDD (BASE 65) ]
TOTAL THIS MO.   961    CLEAR  (SCALE 0-3)   7
DPTR FM NORMAL   -84    PTCLDY (SCALE 4-7)   8
TOTAL FM JUL 1  3786    CLOUDY (SCALE 8-10)  8
DPTR FM NORMAL  -544

[CDD (BASE 65) ]
TOTAL THIS MO.     0
DPTR FM NORMAL     0    [PRESSURE DATA]
TOTAL FM JAN 1     0    HIGHEST SLP M ON M
DPTR FM NORMAL     0    LOWEST  SLP 30.09 ON 18

[REMARKS]
