000
CXUS51 KRLX 251400
CF6BKW
PRELIMINARY LOCAL CLIMATOLOGICAL DATA (WS FORM: F-6)

                                          STATION:   BECKLEY WV
                                          MONTH:     JULY
                                          YEAR:      2014
                                          LATITUDE:   37 46 N
                                          LONGITUDE:  81  7 W

  TEMPERATURE IN F:       :PCPN:    SNOW:  WIND      :SUNSHINE: SKY     :PK WND
================================================================================
1   2   3   4   5  6A  6B    7    8   9   10  11  12  13   14  15   16   17  18
                                     12Z  AVG MX 2MIN
DY MAX MIN AVG DEP HDD CDD  WTR  SNW DPTH SPD SPD DIR MIN PSBL S-S WX    SPD DR
================================================================================

 1  85  66  76   6   0  11 0.07  0.0    0  6.3 16 200   M    M   3 1      23 210
 2  84  69  77   7   0  12 0.00  0.0    0  5.9 15 290   M    M   3        18 250
 3  77  60  69  -1   0   4 0.01  0.0    0  5.9 15 320   M    M   6        20 320
 4  73  54  64  -6   1   0 0.00  0.0    0  8.3 21 360   M    M   6        27 330
 5  78  48  63  -8   2   0 0.00  0.0    0  3.6  9 150   M    M   0        14 150
 6  80  56  68  -3   0   3 0.00  0.0    0  6.4 16 250   M    M   2        22 260
 7  83  61  72   1   0   7 0.00  0.0    0  8.8 20 220   M    M   1        27 220
 8  84  66  75   4   0  10 0.11  0.0    0 11.1 23 220   M    M   3 1      32 200
 9  78  63  71   0   0   6 0.26  0.0    0  6.0 20 250   M    M   7 1      28 240
10  82  59  71   0   0   6 0.09  0.0    0  3.2 13  10   M    M   3 12     17 360
11  83  57  70  -1   0   5 0.00  0.0    0  3.4 10 290   M    M   1 1      14  40
12  86  65  76   5   0  11 0.00  0.0    0  6.2 14 300   M    M   2        18 290
13  86  68  77   6   0  12 0.00  0.0    0  8.1 16 230   M    M   4        26 270
14  81  67  74   3   0   9 0.09  0.0    0  7.5 18 280   M    M   4 1      24 260
15  73  59  66  -5   0   1 0.66  0.0    0  6.8 14 220   M    M   7 1      18 220
16  71  51  61 -10   4   0 0.00  0.0    0  5.2 14 350   M    M   3        19 340
17  73  49  61 -10   4   0 0.00  0.0    0  3.7 12 320   M    M   2        16 310
18  70  55  63  -8   2   0    T  0.0    0  8.0 18 140   M    M   7        27 150
19  65  61  63  -8   2   0 0.23  0.0    0  9.1 17 130   M    M  10 1      24 140
20  77  61  69  -2   0   4    T  0.0    0  8.5 14 130   M    M   8        22 140
21  83  66  75   4   0  10 0.00  0.0    0  6.9 15 130   M    M   4        22 130
22  85  65  75   4   0  10 0.00  0.0    0  4.2 13 130   M    M   3        17 130
23  85  66  76   5   0  11 0.35  0.0    0  6.4 16  20   M    M   4 18     20  30
24  76  59  68  -3   0   3 0.21  0.0    0  5.1 16 360   M    M   9 12     20 350
================================================================================
SM 1898 1451        15 135  2.08     0.0 154.6          M      102
================================================================================
AV 79.1 60.5                               6.4 FASTST   M    M   4    MAX(MPH)
                                 MISC ---->  # 23 220               # 32  200
================================================================================
NOTES:
# LAST OF SEVERAL OCCURRENCES

COLUMN 17 PEAK WIND IN M.P.H.

PRELIMINARY LOCAL CLIMATOLOGICAL DATA (WS FORM: F-6) , PAGE 2

                                          STATION:  BECKLEY WV
                                          MONTH:    JULY
                                          YEAR:     2014
                                          LATITUDE:   37 46 N
                                          LONGITUDE:  81  7 W

[TEMPERATURE DATA]      [PRECIPITATION DATA]       SYMBOLS USED IN COLUMN 16

AVERAGE MONTHLY: 69.8   TOTAL FOR MONTH:   2.08    1 = FOG OR MIST
DPTR FM NORMAL:  -1.1   DPTR FM NORMAL:   -1.77    2 = FOG REDUCING VISIBILITY
HIGHEST:    86 ON 13,12 GRTST 24HR  0.73 ON 14-15      TO 1/4 MILE OR LESS
LOWEST:     48 ON  5                               3 = THUNDER
                        SNOW, ICE PELLETS, HAIL    4 = ICE PELLETS
                        TOTAL MONTH:   0.0 INCH    5 = HAIL
                        GRTST 24HR     0.0         6 = FREEZING RAIN OR DRIZZLE
                        GRTST DEPTH:   0           7 = DUSTSTORM OR SANDSTORM:
                                                       VSBY 1/2 MILE OR LESS
                                                   8 = SMOKE OR HAZE
[NO. OF DAYS WITH]      [WEATHER - DAYS WITH]      9 = BLOWING SNOW
                                                   X = TORNADO
MAX 32 OR BELOW:   0    0.01 INCH OR MORE:  10
MAX 90 OR ABOVE:   0    0.10 INCH OR MORE:   6
MIN 32 OR BELOW:   0    0.50 INCH OR MORE:   1
MIN  0 OR BELOW:   0    1.00 INCH OR MORE:   0

[HDD (BASE 65) ]
TOTAL THIS MO.    15    CLEAR  (SCALE 0-3)  11
DPTR FM NORMAL    15    PTCLDY (SCALE 4-7)  11
TOTAL FM JUL 1    15    CLOUDY (SCALE 8-10)  2
DPTR FM NORMAL    15

[CDD (BASE 65) ]
TOTAL THIS MO.   135
DPTR FM NORMAL    -9    [PRESSURE DATA]
TOTAL FM JAN 1   381    HIGHEST SLP M ON M
DPTR FM NORMAL    85    LOWEST  SLP 29.77 ON  8

[REMARKS]
