000
CXUS51 KRNK 240929
CF6BLF
PRELIMINARY LOCAL CLIMATOLOGICAL DATA (WS FORM: F-6)

                                          STATION:   BLUEFIELD WV
                                          MONTH:     APRIL
                                          YEAR:      2014
                                          LATITUDE:   37 17 N
                                          LONGITUDE:  81 12 W

  TEMPERATURE IN F:       :PCPN:    SNOW:  WIND      :SUNSHINE: SKY     :PK WND
================================================================================
1   2   3   4   5  6A  6B    7    8   9   10  11  12  13   14  15   16   17  18
                                     12Z  AVG MX 2MIN
DY MAX MIN AVG DEP HDD CDD  WTR  SNW DPTH SPD SPD DIR MIN PSBL S-S WX    SPD DR
================================================================================

 1  76  50  63  13   2   0 0.01  0.0    0  8.2 24 270   M    M   2        37 260
 2  78  56  67  16   0   2 0.00  0.0    0  7.6 21 250   M    M   2        28 300
 3  79  56  68  17   0   3 0.39  0.0    0  8.2 29 310   M    M   3 13     40 300
 4  69  51  60   8   5   0 0.28  0.0    0 10.6 30 250   M    M   5 13     39 270
 5  54  38  46  -6  19   0 0.00  0.0    0  9.0 21 290   M    M   5        30 300
 6  63  35  49  -3  16   0 0.00  0.0    0  7.9 16 140   M    M   2        27 150
 7  62  43  53   1  12   0 0.53  0.0    0 10.0 23 230   M    M   9 1      33 180
 8  58  44  51  -2  14   0    T  0.0    0  9.7 26 270   M    M   9        40 280
 9  55  40  48  -5  17   0 0.01  0.0    0  7.9 18 310   M    M   5        26 310
10  71  43  57   3   8   0 0.00  0.0    0  8.8 21 250   M    M   0        28 240
11  74  53  64  10   1   0    T  0.0    0 11.8 25 260   M    M   2        36 250
12  77  54  66  12   0   1 0.00  0.0    0  8.0 17 180   M    M   4        29 170
13  83  64  74  20   0   9 0.00  0.0    0  9.6 22 160   M    M   0        36 190
14  70  60  65  10   0   0 0.18  0.0    0 10.7 22 170   M    M   5        33 180
15  62  28  45 -10  20   0 0.18  0.4    0 11.6 24 300   M    M   9 1      34 310
16  53  23  38 -17  27   0 0.00  0.0    0  6.3 15 140   M    M   1        27 150
17  60  35  48  -8  17   0 0.00  0.0    0  8.5 20 140   M    M   0        30 140
18  64  44  54  -2  11   0 0.00  0.0    0  3.7 13 150   M    M   0        19 150
19  67  47  57   1   8   0 0.00  0.0    0  5.6 16  30   M    M   0        26  30
20  71  48  60   3   5   0 0.00  0.0    0  7.0 15 140   M    M   0        21 140
21  79  47  63   6   2   0 0.00  0.0    0  4.8 15 300   M    M   0        20 290
22  67  56  62   5   3   0 0.02  0.0    0  9.2 22 280   M    M   5        29 310
23  61  41  51  -6  14   0 0.00  0.0    0  9.6 20 310   M    M   1        26 290
================================================================================
SM 1553 1056       201  15  1.60     0.4 194.3          M       69
================================================================================
AV 67.5 45.9                               8.4 FASTST   M    M   3    MAX(MPH)
                                 MISC ---->  # 30 250               # 40  300
================================================================================
NOTES:
# LAST OF SEVERAL OCCURRENCES

COLUMN 17 PEAK WIND IN M.P.H.

PRELIMINARY LOCAL CLIMATOLOGICAL DATA (WS FORM: F-6) , PAGE 2

                                          STATION:  BLUEFIELD WV
                                          MONTH:    APRIL
                                          YEAR:     2014
                                          LATITUDE:   37 17 N
                                          LONGITUDE:  81 12 W

[TEMPERATURE DATA]      [PRECIPITATION DATA]       SYMBOLS USED IN COLUMN 16

AVERAGE MONTHLY: 56.7   TOTAL FOR MONTH:   1.60    1 = FOG OR MIST
DPTR FM NORMAL:   2.7   DPTR FM NORMAL:   -0.91    2 = FOG REDUCING VISIBILITY
HIGHEST:    83 ON 13    GRTST 24HR  0.67 ON  3- 4      TO 1/4 MILE OR LESS
LOWEST:     23 ON 16                               3 = THUNDER
                        SNOW, ICE PELLETS, HAIL    4 = ICE PELLETS
                        TOTAL MONTH:   0.4 INCH    5 = HAIL
                        GRTST 24HR   0.4 ON   M    6 = FREEZING RAIN OR DRIZZLE
                        GRTST DEPTH:   0           7 = DUSTSTORM OR SANDSTORM:
                                                       VSBY 1/2 MILE OR LESS
                                                   8 = SMOKE OR HAZE
[NO. OF DAYS WITH]      [WEATHER - DAYS WITH]      9 = BLOWING SNOW
                                                   X = TORNADO
MAX 32 OR BELOW:   0    0.01 INCH OR MORE:   8
MAX 90 OR ABOVE:   0    0.10 INCH OR MORE:   5
MIN 32 OR BELOW:   2    0.50 INCH OR MORE:   1
MIN  0 OR BELOW:   0    1.00 INCH OR MORE:   0

[HDD (BASE 65) ]
TOTAL THIS MO.   201    CLEAR  (SCALE 0-3)  14
DPTR FM NORMAL   -67    PTCLDY (SCALE 4-7)   6
TOTAL FM JUL 1  4538    CLOUDY (SCALE 8-10)  3
DPTR FM NORMAL   161

[CDD (BASE 65) ]
TOTAL THIS MO.    15
DPTR FM NORMAL    -6    [PRESSURE DATA]
TOTAL FM JAN 1    15    HIGHEST SLP M ON M
DPTR FM NORMAL   -10    LOWEST  SLP 29.54 ON  8

[REMARKS]
