000
CXUS51 KRNK 230903
CF6BLF

PRELIMINARY LOCAL CLIMATOLOGICAL DATA (WS FORM: F-6)

                                          STATION:   BLUEFIELD WV
                                          MONTH:     MARCH
                                          YEAR:      2017
                                          LATITUDE:   37 17 N
                                          LONGITUDE:  81 12 W

  TEMPERATURE IN F:       :PCPN:    SNOW:  WIND      :SUNSHINE: SKY     :PK WND
================================================================================
1   2   3   4   5  6A  6B    7    8   9   10  11  12  13   14  15   16   17  18
                                     12Z  AVG MX 2MIN
DY MAX MIN AVG DEP HDD CDD  WTR  SNW DPTH SPD SPD DIR MIN PSBL S-S WX    SPD DR
================================================================================

 1  64  39  52  11  13   0 0.79  0.0    0 16.6 39 280   M    M   7 13     60 280
 2  40  30  35  -6  30   0 0.00  0.0    0 13.8 25 270   M    M   6        38 310
 3  32  23  28 -13  37   0 0.02  0.4    0 11.6 24 280   M    M   7 12     35 280
 4  40  18  29 -13  36   0 0.00  0.0    0  5.8 15 310   M    M   3        20 310
 5  58  24  41  -1  24   0 0.00  0.0    0  4.6 14 160   M    M   0        19 150
 6  55  39  47   5  18   0    T  0.0    0  5.9 15 160   M    M   9        23 190
 7  60  50  55  13  10   0 0.24  0.0    0 10.1 14 220   M    M   7 1      30 160
 8  55  34  45   2  20   0 0.02  0.0    0 11.4 26 260   M    M   3 1      40 310
 9  61  40  51   8  14   0 0.00  0.0    0 11.0 24 230   M    M   0        33 260
10  54  27  41  -2  24   0 0.05    T    0 14.9 25 300   M    M   6 1      40 290
11  34  19  27 -17  38   0 0.00  0.0    0  8.4 18 310   M    M   0        26 310
12  40  20  30 -14  35   0 0.00  0.0    0  4.3 15 260   M    M   0        21 290
13  43  27  35  -9  30   0 0.12  0.2    0  9.2 20 140   M    M   3 16     30 140
14  31  12  22 -22  43   0 0.08  2.3    2 11.3 23 300   M    M  10 126    33 300
15  22   7  15 -30  50   0    T  0.3    2 14.6 26 310   M    M   7        36 280
16  32  14  23 -22  42   0 0.00  0.0    0  9.4 20 310   M    M   1        28 300
17  44  23  34 -12  31   0 0.79  0.0    0  5.8 20 260   M    M   7 1      28 260
18  53  31  42  -4  23   0 0.03    T    0 11.7 25 280   M    M   9 18     35 280
19  37  30  34 -12  31   0 0.01    T    0  6.2 14 310   M    M   9 18     21 330
20  57  26  42  -4  23   0 0.09  0.0    0  5.8 15 260   M    M   3        22 310
21  56  41  49   2  16   0 0.00  0.0    0  7.1 21 250   M    M   8        28 250
22  44  29  37 -10  28   0 0.00  0.0    0  8.4 16  10   M    M   2        24  10
================================================================================
SM 1012  603       616   0  2.24     3.2 207.9          M      107
================================================================================
AV 46.0 27.4                               9.5 FASTST   M    M   5    MAX(MPH)
                                 MISC ---->  # 39 280               # 60  280
================================================================================
NOTES:
# LAST OF SEVERAL OCCURRENCES

COLUMN 17 PEAK WIND IN M.P.H.

PRELIMINARY LOCAL CLIMATOLOGICAL DATA (WS FORM: F-6) , PAGE 2

                                          STATION:  BLUEFIELD WV
                                          MONTH:    MARCH
                                          YEAR:     2017
                                          LATITUDE:   37 17 N
                                          LONGITUDE:  81 12 W

[TEMPERATURE DATA]      [PRECIPITATION DATA]       SYMBOLS USED IN COLUMN 16

AVERAGE MONTHLY: 36.7   TOTAL FOR MONTH:   2.24    1 = FOG OR MIST
DPTR FM NORMAL:  -7.1   DPTR FM NORMAL:   -0.24    2 = FOG REDUCING VISIBILITY
HIGHEST:    64 ON  1    GRTST 24HR  0.79 ON 17-17      TO 1/4 MILE OR LESS
LOWEST:      7 ON 15                               3 = THUNDER
                        SNOW, ICE PELLETS, HAIL    4 = ICE PELLETS
                        TOTAL MONTH:   3.2 INCHES  5 = HAIL
                        GRTST 24HR   2.3 ON   M    6 = FREEZING RAIN OR DRIZZLE
                        GRTST DEPTH:   2 ON 15,14  7 = DUSTSTORM OR SANDSTORM:
                                                       VSBY 1/2 MILE OR LESS
                                                   8 = SMOKE OR HAZE
[NO. OF DAYS WITH]      [WEATHER - DAYS WITH]      9 = BLOWING SNOW
                                                   X = TORNADO
MAX 32 OR BELOW:   4    0.01 INCH OR MORE:  11
MAX 90 OR ABOVE:   0    0.10 INCH OR MORE:   4
MIN 32 OR BELOW:  16    0.50 INCH OR MORE:   2
MIN  0 OR BELOW:   0    1.00 INCH OR MORE:   0

[HDD (BASE 65) ]
TOTAL THIS MO.   616    CLEAR  (SCALE 0-3)  10
DPTR FM NORMAL   148    PTCLDY (SCALE 4-7)   8
TOTAL FM JUL 1  3748    CLOUDY (SCALE 8-10)  4
DPTR FM NORMAL  -213

[CDD (BASE 65) ]
TOTAL THIS MO.     0
DPTR FM NORMAL     0    [PRESSURE DATA]
TOTAL FM JAN 1     0    HIGHEST SLP M ON M
DPTR FM NORMAL     0    LOWEST  SLP 29.67 ON  1

[REMARKS]
DUE TO A POWER OUTAGE CAUSING A MISSING HIGH TEMPERATURE ON NOVEMBER
10...THE SEASONAL HEATING DEGREE DAY TOTAL AND DEPARTURE FROM
NORMAL WILL BE CALCULATED WITHOUT DATA FROM THIS DATE.
