298
CXUS51 KRNK 220648
CF6BLF
PRELIMINARY LOCAL CLIMATOLOGICAL DATA (WS FORM: F-6)

                                          STATION:   BLUEFIELD WV
                                          MONTH:     NOVEMBER
                                          YEAR:      2017
                                          LATITUDE:   37 17 N
                                          LONGITUDE:  81 12 W

  TEMPERATURE IN F:       :PCPN:    SNOW:  WIND      :SUNSHINE: SKY     :PK WND
================================================================================
1   2   3   4   5  6A  6B    7    8   9   10  11  12  13   14  15   16   17  18
                                     12Z  AVG MX 2MIN
DY MAX MIN AVG DEP HDD CDD  WTR  SNW DPTH SPD SPD DIR MIN PSBL S-S WX    SPD DR
================================================================================

 1  57  44  51  -1  14   0    T  0.0    0  4.3 13 230   M    M   7        21 170
 2  69  55  62  10   3   0 0.01  0.0    0  6.5 16 250   M    M   7        22 270
 3  66  54  60   8   5   0 0.52  0.0    0  4.9 13 250   M    M   8 12     17 250
 4  57  51  54   3  11   0 0.02  0.0    0  4.2 12 130   M    M   9 12     20  80
 5  68  50  59   8   6   0    T  0.0    0  4.4 14 240   M    M   4 1      19 250
 6  68  52  60   9   5   0 0.04  0.0    0  8.8 24 250   M    M   6 1      33 250
 7  62  42  52   2  13   0 0.20  0.0    0  5.4 14 280   M    M   9 12     22 170
 8  42  40  41  -9  24   0 0.09  0.0    0  3.9 12 130   M    M  10 12     16 130
 9  46  37  42  -8  23   0 0.03  0.0    0  4.2 12 300   M    M   8 1      17 120
10  38  23  31 -18  34   0 0.00  0.0    0  6.9 14 290   M    M   3 1      21 270
11  44  22  33 -16  32   0 0.00  0.0    0  5.1 10 120   M    M   0        16 120
12  47  30  39  -9  26   0 0.01  0.0    0  2.4 12 270   M    M   8        16 260
13  46  34  40  -8  25   0 0.04  0.0    0  6.9 15 270   M    M  10 12     26 310
14  43  33  38 -10  27   0 0.00  0.0    0  3.1  8 120   M    M   7 1      12 100
15  49  29  39  -8  26   0 0.03  0.0    0  5.0 15 260   M    M   2 1      21 250
16  50  32  41  -6  24   0    T  0.0    0 11.7 22 290   M    M   4 1      33 260
17  56  26  41  -6  24   0 0.00  0.0    0  4.8  9 310   M    M   3        14 290
18  60  47  54   8  11   0 0.25  0.0    0 13.4 32 250   M    M   5 1      47 270
19  52  28  40  -6  25   0 0.07    T    0 14.1 31 280   M    M  10 1      45 310
20  45  24  35 -11  30   0 0.00  0.0    0  7.3 20 300   M    M   3        31 290
21  58  33  46   1  19   0 0.00  0.0    0  7.7 29 240   M    M   2        36 230
================================================================================
SM 1123  786       407   0  1.31    T    135.0          M      125
================================================================================
AV 53.5 37.4                               6.4 FASTST   M    M   6    MAX(MPH)
                                 MISC ---->  # 32 250               # 47  270
================================================================================
NOTES:
# LAST OF SEVERAL OCCURRENCES

COLUMN 17 PEAK WIND IN M.P.H.

PRELIMINARY LOCAL CLIMATOLOGICAL DATA (WS FORM: F-6) , PAGE 2

                                          STATION:  BLUEFIELD WV
                                          MONTH:    NOVEMBER
                                          YEAR:     2017
                                          LATITUDE:   37 17 N
                                          LONGITUDE:  81 12 W

[TEMPERATURE DATA]      [PRECIPITATION DATA]       SYMBOLS USED IN COLUMN 16

AVERAGE MONTHLY: 45.5   TOTAL FOR MONTH:   1.31    1 = FOG OR MIST
DPTR FM NORMAL:  -3.4   DPTR FM NORMAL:   -0.53    2 = FOG REDUCING VISIBILITY
HIGHEST:    69 ON  2    GRTST 24HR  0.52 ON  3- 3      TO 1/4 MILE OR LESS
LOWEST:     22 ON 11                               3 = THUNDER
                        SNOW, ICE PELLETS, HAIL    4 = ICE PELLETS
                        TOTAL MONTH:    T          5 = HAIL
                        GRTST 24HR    T  ON 19-19  6 = FREEZING RAIN OR DRIZZLE
                        GRTST DEPTH:   0           7 = DUSTSTORM OR SANDSTORM:
                                                       VSBY 1/2 MILE OR LESS
                                                   8 = SMOKE OR HAZE
[NO. OF DAYS WITH]      [WEATHER - DAYS WITH]      9 = BLOWING SNOW
                                                   X = TORNADO
MAX 32 OR BELOW:   0    0.01 INCH OR MORE:  12
MAX 90 OR ABOVE:   0    0.10 INCH OR MORE:   3
MIN 32 OR BELOW:   8    0.50 INCH OR MORE:   1
MIN  0 OR BELOW:   0    1.00 INCH OR MORE:   0

[HDD (BASE 65) ]
TOTAL THIS MO.   407    CLEAR  (SCALE 0-3)   5
DPTR FM NORMAL    63    PTCLDY (SCALE 4-7)  11
TOTAL FM JUL 1   832    CLOUDY (SCALE 8-10)  5
DPTR FM NORMAL   124

[CDD (BASE 65) ]
TOTAL THIS MO.     0
DPTR FM NORMAL     0    [PRESSURE DATA]
TOTAL FM JAN 1   488    HIGHEST SLP M ON M
DPTR FM NORMAL  -363    LOWEST  SLP 29.44 ON 18

[REMARKS]
