000
CXUS55 KSEW 270930
CF6BLI
PRELIMINARY LOCAL CLIMATOLOGICAL DATA (WS FORM: F-6)

                                          STATION:   BELLINGHAM WA AIRPORT
                                          MONTH:     DECEMBER
                                          YEAR:      2014
                                          LATITUDE:   48 47 N
                                          LONGITUDE: 122 32 W

  TEMPERATURE IN F:       :PCPN:    SNOW:  WIND      :SUNSHINE: SKY     :PK WND
================================================================================
1   2   3   4   5  6A  6B    7    8   9   10  11  12  13   14  15   16   17  18
                                     12Z  AVG MX 2MIN
DY MAX MIN AVG DEP HDD CDD  WTR  SNW DPTH SPD SPD DIR MIN PSBL S-S WX    SPD DR
================================================================================

 1  36  19  28 -12  37   0 0.00  0.0    0  2.4  7  10   M    M   2         9  20
 2  40  22  31  -9  34   0 0.00  0.0    0  6.4 16  20   M    M   0        21  10
 3  46  24  35  -4  30   0 0.00  0.0    0  5.4 20  10   M    M   0        24 360
 4  41  33  37  -2  28   0 0.09  0.0    0  5.2 10 360   M    M   9 1      13  20
 5  43  36  40   1  25   0 0.01  0.0    0  4.9 10  20   M    M   8 1      16  10
 6  52  40  46   7  19   0 0.40  0.0    0  7.4 21 150   M    M   9 1      31 150
 7  53  37  45   6  20   0 0.00  0.0    0  4.5 10  20   M    M   2 1      13  20
 8  62  42  52  13  13   0 0.37  0.0    0 10.7 33 120   M    M   7        41 120
 9  63  55  59  21   6   0 0.11  0.0    0 17.9 43 150   M    M   8 1      67 140
10  67  50  59  21   6   0 0.93  0.0    0 19.3 39 150   M    M  10 1      54 150
11  59  47  53  15  12   0 0.53  0.0    0 14.0 43 150   M    M   8 1      59 150
12  53  42  48  10  17   0 0.01  0.0    0  7.6 38 150   M    M   5        53 140
13  49  34  42   4  23   0 0.00  0.0    0  1.5  6  20   M    M   6 1       9  10
14  50  29  40   2  25   0 0.00  0.0    0  2.9 12  20   M    M   2 12     15  10
15  49  28  39   1  26   0 0.00  0.0    0  3.7 14  30   M    M   5        18  50
16  45  39  42   4  23   0 0.02    M    0  5.5 10  20   M    M   9        13  20
17  46  38  42   4  23   0 0.02  0.0    0  1.5  6  10   M    M   9         8  20
18  56  41  49  11  16   0 0.28  0.0    0  7.3 29 150   M    M  10 1      38 160
19  50  47  49  11  16   0 0.48  0.0    0 12.3 24 140   M    M   8 1      31 150
20  56  44  50  12  15   0 0.29  0.0    0 12.2 28 140   M    M  10 1      38 160
21  54  48  51  13  14   0    T  0.0    0  7.8 14 170   M    M   3        22 190
22  49  37  43   5  22   0 0.00  0.0    0  1.8  8 160   M    M   4        10 170
23  52  41  47   9  18   0 0.78  0.0    0  6.0 21 150   M    M  10 1      26 150
24  47  42  45   7  20   0 0.05  0.0    0  5.2 16 150   M    M   9        22 170
25  44  31  38   0  27   0 0.05  0.0    0  2.1 10 180   M    M   8 1      16 150
26  41  33  37  -1  28   0 0.02  0.0    0  1.0  7  30   M    M  10 1       8  40
================================================================================
SM 1303  979       543   0  4.44     0.0 176.5          M      171
================================================================================
AV 50.1 37.7                               6.8 FASTST   M    M   7    MAX(MPH)
                                 MISC ---->  # 43 150               # 67  140
================================================================================
NOTES:
# LAST OF SEVERAL OCCURRENCES

COLUMN 17 PEAK WIND IN M.P.H.

PRELIMINARY LOCAL CLIMATOLOGICAL DATA (WS FORM: F-6) , PAGE 2

                                          STATION:  BELLINGHAM WA AIRPORT
                                          MONTH:    DECEMBER
                                          YEAR:     2014
                                          LATITUDE:   48 47 N
                                          LONGITUDE: 122 32 W

[TEMPERATURE DATA]      [PRECIPITATION DATA]       SYMBOLS USED IN COLUMN 16

AVERAGE MONTHLY: 43.9   TOTAL FOR MONTH:   4.44    1 = FOG OR MIST
DPTR FM NORMAL:   5.5   DPTR FM NORMAL:    0.81    2 = FOG REDUCING VISIBILITY
HIGHEST:    67 ON 10    GRTST 24HR  1.25 ON 10-11      TO 1/4 MILE OR LESS
LOWEST:     19 ON  1                               3 = THUNDER
                        SNOW, ICE PELLETS, HAIL    4 = ICE PELLETS
                        TOTAL MONTH:   0.0 INCH    5 = HAIL
                        GRTST 24HR     0.0         6 = FREEZING RAIN OR DRIZZLE
                        GRTST DEPTH:   0           7 = DUSTSTORM OR SANDSTORM:
                                                       VSBY 1/2 MILE OR LESS
                                                   8 = SMOKE OR HAZE
[NO. OF DAYS WITH]      [WEATHER - DAYS WITH]      9 = BLOWING SNOW
                                                   X = TORNADO
MAX 32 OR BELOW:   0    0.01 INCH OR MORE:  17
MAX 90 OR ABOVE:   0    0.10 INCH OR MORE:   9
MIN 32 OR BELOW:   6    0.50 INCH OR MORE:   3
MIN  0 OR BELOW:   0    1.00 INCH OR MORE:   0

[HDD (BASE 65) ]
TOTAL THIS MO.   543    CLEAR  (SCALE 0-3)   6
DPTR FM NORMAL  -149    PTCLDY (SCALE 4-7)   9
TOTAL FM JUL 1  1592    CLOUDY (SCALE 8-10) 11
DPTR FM NORMAL  -658

[CDD (BASE 65) ]
TOTAL THIS MO.     0
DPTR FM NORMAL     0    [PRESSURE DATA]
TOTAL FM JAN 1   117    HIGHEST SLP M ON M
DPTR FM NORMAL    75    LOWEST  SLP 28.98 ON 11

[REMARKS]
