788
CXUS53 KILX 232300
CF6BMI
PRELIMINARY LOCAL CLIMATOLOGICAL DATA (WS FORM: F-6)

                                          STATION:   BLOOMINGTON IL AIRPORT
                                          MONTH:     NOVEMBER
                                          YEAR:      2017
                                          LATITUDE:   40 28 N
                                          LONGITUDE:  88 56 W

  TEMPERATURE IN F:       :PCPN:    SNOW:  WIND      :SUNSHINE: SKY     :PK WND
================================================================================
1   2   3   4   5  6A  6B    7    8   9   10  11  12  13   14  15   16   17  18
                                     12Z  AVG MX 2MIN
DY MAX MIN AVG DEP HDD CDD  WTR  SNW DPTH SPD SPD DIR MIN PSBL S-S WX    SPD DR
================================================================================

 1  51  35  43   M  22   0    T    M    M 12.9 21 210   M    M  10 1      20 160
 2  65  46  56   M   9   0    T    M    M 10.5 17 360   M    M  10 12      M  M
 3  54  38  46   M  19   0 0.00    M    M 13.6 17  20   M    M   2 1      23  10
 4  60  38  49   M  16   0    T    M    M  8.4 17 140   M    M  10 12      M  M
 5  64  46  55   M  10   0 0.03    M    M  9.9 17 330   M    M  10 12      M  M
 6  46  34  40   M  25   0    T    M    M 14.8 18  40   M    M   8        24 340
 7  48  34  41   M  24   0 0.00    M    M 14.5 22  40   M    M   5        25  30
 8  48  28  38   M  27   0 0.00    M    M  5.3  9 360   M    M   0         M  M
 9  48  24  36   M  29   0 0.00    M    M 12.9 20 330   M    M   2        27 310
10  36  18  27   M  38   0 0.00    M    M 11.0 18  20   M    M   0        18  80
11  42  25  34   M  31   0 0.00    M    M 11.7 15 180   M    M   8         M  M
12  39  36  38   M  27   0 0.14    M    M  7.4 12 340   M    M  10 1       M  M
13  42  33  38   M  27   0 0.00    M    M  5.0 10 150   M    M   6 1       M  M
14  50  32  41   M  24   0 0.00    M    M 14.5 22 170   M    M   5 1       M  M
15  55  31  43   M  22   0 0.33    M    M 17.0 22 310   M    M   7 13     32 320
16  34  27  31   M  34   0 0.00    M    M  9.9 22 330   M    M   8        28 330
17  51  30  41   M  24   0    T    M    M 17.8 27 180   M    M   7 1      33 150
18  53  31  42   M  23   0 2.09    M    M 19.8 27 340   M    M   8 13     41 340
19  35  24  30   M  35   0 0.00    M    M 14.8 22 280   M    M   3        31 310
20  53  29  41   M  24   0 0.00    M    M 20.5 28 210   M    M   0        36 210
21  45  25  35   M  30   0 0.00    M    M 15.6 27 200   M    M   3        33 200
22  36  20  28   M  37   0 0.00    M    M  6.5  9 340   M    M   1         M  M
================================================================================
SM 1055  684       557   0  2.59    M    274.3          M      123
================================================================================
AV 48.0 31.1                              12.5 FASTST   M    M   6    MAX(MPH)
                                 MISC ---->  # 28 210               # 41  340
================================================================================
NOTES:
# LAST OF SEVERAL OCCURRENCES

COLUMN 17 PEAK WIND IN M.P.H.

PRELIMINARY LOCAL CLIMATOLOGICAL DATA (WS FORM: F-6) , PAGE 2

                                          STATION:  BLOOMINGTON IL AIRPORT
                                          MONTH:    NOVEMBER
                                          YEAR:     2017
                                          LATITUDE:   40 28 N
                                          LONGITUDE:  88 56 W

[TEMPERATURE DATA]      [PRECIPITATION DATA]       SYMBOLS USED IN COLUMN 16

AVERAGE MONTHLY: 39.5   TOTAL FOR MONTH:   2.59    1 = FOG OR MIST
DPTR FM NORMAL:     M   DPTR FM NORMAL:       M    2 = FOG REDUCING VISIBILITY
HIGHEST:    65 ON  2    GRTST 24HR  2.09 ON 18-18      TO 1/4 MILE OR LESS
LOWEST:     18 ON 10                               3 = THUNDER
                        SNOW, ICE PELLETS, HAIL    4 = ICE PELLETS
                        TOTAL MONTH:    M          5 = HAIL
                        GRTST 24HR    M  ON   M    6 = FREEZING RAIN OR DRIZZLE
                        GRTST DEPTH:  M  ON   M    7 = DUSTSTORM OR SANDSTORM:
                                                       VSBY 1/2 MILE OR LESS
                                                   8 = SMOKE OR HAZE
[NO. OF DAYS WITH]      [WEATHER - DAYS WITH]      9 = BLOWING SNOW
                                                   X = TORNADO
MAX 32 OR BELOW:   0    0.01 INCH OR MORE:   4
MAX 90 OR ABOVE:   0    0.10 INCH OR MORE:   3
MIN 32 OR BELOW:  13    0.50 INCH OR MORE:   1
MIN  0 OR BELOW:   0    1.00 INCH OR MORE:   1

[HDD (BASE 65) ]
TOTAL THIS MO.   557    CLEAR  (SCALE 0-3)   8
DPTR FM NORMAL     M    PTCLDY (SCALE 4-7)   9
TOTAL FM JUL 1   894    CLOUDY (SCALE 8-10)  5
DPTR FM NORMAL     M

[CDD (BASE 65) ]
TOTAL THIS MO.     0
DPTR FM NORMAL     M    [PRESSURE DATA]
TOTAL FM JAN 1   990    HIGHEST SLP M ON M
DPTR FM NORMAL     M    LOWEST  SLP M ON M

[REMARKS]
