000
CXUS51 KBOX 201200
CF6BOS
PRELIMINARY LOCAL CLIMATOLOGICAL DATA (WS FORM: F-6)

                                          STATION:   BOSTON MA
                                          MONTH:     NOVEMBER
                                          YEAR:      2017
                                          LATITUDE:   42 22 N
                                          LONGITUDE:  71  2 W

  TEMPERATURE IN F:       :PCPN:    SNOW:  WIND      :SUNSHINE: SKY     :PK WND
================================================================================
1   2   3   4   5  6A  6B    7    8   9   10  11  12  13   14  15   16   17  18
                                     12Z  AVG MX 2MIN
DY MAX MIN AVG DEP HDD CDD  WTR  SNW DPTH SPD SPD DIR MIN PSBL S-S WX    SPD DR
================================================================================

 1  53  41  47  -2  18   0 0.00  0.0    M  6.5 12 140   M    M   7        15 140
 2  71  52  62  13   3   0 0.00  0.0    M  9.2 17 190   M    M   8        21 180
 3  75  51  63  15   2   0 0.01  0.0    M 14.7 28 330   M    M   7        35 330
 4  52  43  48   0  17   0 0.00  0.0    M 10.5 24 320   M    M   6        30 320
 5  60  50  55   7  10   0    T  0.0    M 10.3 18 110   M    M  10 1      26 110
 6  64  50  57   9   8   0 0.08  0.0    M 13.3 21 320   M    M   8 1      29 320
 7  50  37  44  -3  21   0 0.13  0.0    M 10.3 21 330   M    M   7        26 330
 8  45  37  41  -6  24   0 0.03  0.0    M 11.6 21  30   M    M   6 1      27  20
 9  48  34  41  -6  24   0 0.00  0.0    M  7.3 14 150   M    M   3        18 190
10  49  24  37 -10  28   0 0.02  0.0    M 18.4 31 300   M    M   3        45 280
11  37  23  30 -16  35   0 0.00  0.0    M 10.1 17 290   M    M   1        25 290
12  44  29  37  -9  28   0 0.00  0.0    M  3.8  8 140   M    M   7        10 130
13  43  37  40  -6  25   0 0.13  0.0    M  9.2 17 310   M    M  10 1      21 320
14  44  37  41  -4  24   0    T  0.0    M  9.8 14  30   M    M  10        18  30
15  44  34  39  -6  26   0 0.00  0.0    M  8.1 12  80   M    M   5        16  50
16  50  38  44  -1  21   0 0.19  0.0    M 10.1 23 270   M    M   9 1      30 270
17  44  34  39  -5  26   0 0.00  0.0    M 16.1 30 300   M    M   3        39 300
18  52  30  41  -3  24   0 0.09  0.0    M  6.6 15 300   M    M   6 1      19 300
19  60  38  49   5  16   0 0.23  0.0    M 18.4 37 270   M    M   7 1      49 270
================================================================================
SM  985  719       380   0  0.91     0.0 204.3          M      123
================================================================================
AV 51.8 37.8                              10.8 FASTST   M    M   6    MAX(MPH)
                                 MISC ---->  # 37 270               # 49  270
================================================================================
NOTES:
# LAST OF SEVERAL OCCURRENCES

COLUMN 17 PEAK WIND IN M.P.H.

PRELIMINARY LOCAL CLIMATOLOGICAL DATA (WS FORM: F-6) , PAGE 2

                                          STATION:  BOSTON MA
                                          MONTH:    NOVEMBER
                                          YEAR:     2017
                                          LATITUDE:   42 22 N
                                          LONGITUDE:  71  2 W

[TEMPERATURE DATA]      [PRECIPITATION DATA]       SYMBOLS USED IN COLUMN 16

AVERAGE MONTHLY: 44.8   TOTAL FOR MONTH:   0.91    1 = FOG OR MIST
DPTR FM NORMAL:  -1.6   DPTR FM NORMAL:   -1.59    2 = FOG REDUCING VISIBILITY
HIGHEST:    75 ON  3    GRTST 24HR  0.23 ON 19-19      TO 1/4 MILE OR LESS
LOWEST:     23 ON 11                               3 = THUNDER
                        SNOW, ICE PELLETS, HAIL    4 = ICE PELLETS
                        TOTAL MONTH:   0.0 INCH    5 = HAIL
                        GRTST 24HR     0.0         6 = FREEZING RAIN OR DRIZZLE
                        GRTST DEPTH:  M  ON   M    7 = DUSTSTORM OR SANDSTORM:
                                                       VSBY 1/2 MILE OR LESS
                                                   8 = SMOKE OR HAZE
[NO. OF DAYS WITH]      [WEATHER - DAYS WITH]      9 = BLOWING SNOW
                                                   X = TORNADO
MAX 32 OR BELOW:   0    0.01 INCH OR MORE:   9
MAX 90 OR ABOVE:   0    0.10 INCH OR MORE:   4
MIN 32 OR BELOW:   4    0.50 INCH OR MORE:   0
MIN  0 OR BELOW:   0    1.00 INCH OR MORE:   0

[HDD (BASE 65) ]
TOTAL THIS MO.   380    CLEAR  (SCALE 0-3)   3
DPTR FM NORMAL    27    PTCLDY (SCALE 4-7)  11
TOTAL FM JUL 1   574    CLOUDY (SCALE 8-10)  5
DPTR FM NORMAL  -226

[CDD (BASE 65) ]
TOTAL THIS MO.     0
DPTR FM NORMAL     0    [PRESSURE DATA]
TOTAL FM JAN 1   880    HIGHEST SLP M ON M
DPTR FM NORMAL   133    LOWEST  SLP 29.11 ON 19

[REMARKS]
