000
CXUS54 KMAF 201100
CF6BPG
PRELIMINARY LOCAL CLIMATOLOGICAL DATA (WS FORM: F-6)

                                          STATION:   Big Spring McMahon-Wrinkle Fi
                                          MONTH:     AUGUST
                                          YEAR:      2017
                                          LATITUDE:   32 12 N
                                          LONGITUDE: 101 31 W

  TEMPERATURE IN F:       :PCPN:    SNOW:  WIND      :SUNSHINE: SKY     :PK WND
================================================================================
1   2   3   4   5  6A  6B    7    8   9   10  11  12  13   14  15   16   17  18
                                     12Z  AVG MX 2MIN
DY MAX MIN AVG DEP HDD CDD  WTR  SNW DPTH SPD SPD DIR MIN PSBL S-S WX    SPD DR
================================================================================

 1  82  70  76   M   0  11 0.07  0.0    0  7.2 25 310   M    M   8 3      29 310
 2  87  69  78   M   0  13 0.01  0.0    0  7.0 12 350   M    M   6        18  30
 3  90  63  77   M   0  12 0.00  0.0    0  3.0  9  90   M    M   1        16  20
 4  94  67  81   M   0  16 0.00  0.0    0  4.5 13  80   M    M   2        16  80
 5  98  73  86   M   0  21 0.00  0.0    0 11.5 20 170   M    M   1        29 180
 6 100  74  87   M   0  22 0.00  0.0    0  9.0 18 190   M    M   1        24 170
 7  87  72  80   M   0  15 0.00  0.0    0  9.0 16  60   M    M   5        22  40
 8  86  70  78   M   0  13 0.00  0.0    0 10.8 16  50   M    M   7        21  50
 9  93  68  81   M   0  16 0.00  0.0    0  5.1 12 120   M    M   2         M  M
10  98  73  86   M   0  21 0.00  0.0    0  9.5 16 160   M    M   1        22 170
11  97  72  85   M   0  20 0.00  0.0    0  8.3 14 120   M    M   2        20 120
12  89  71  80   M   0  15 0.18  0.0    0  8.2 16 300   M    M   3 3      21 300
13  97  70  84   M   0  19 0.37  0.0    0  7.4 22 120   M    M   3 3       M  M
14  94  69  82   M   0  17 0.00  0.0    0  7.0 17  50   M    M   1        25  10
15  78  68  73   M   0   8 0.77  0.0    0  7.0 18  70   M    M   3 3      23 130
16  95  70  83   M   0  18 0.24  0.0    0  6.7 28 160   M    M   1 3      38 160
17  92  71  82   M   0  17 0.02  0.0    0  6.5 17 150   M    M   1        29 150
18  94  68  81   M   0  16 0.00  0.0    0  4.0 15 130   M    M   1        20 130
19  95  71  83   M   0  18 0.00  0.0    0  5.9 14 180   M    M   0        18 140
================================================================================
SM 1746 1329         0 308  1.66     0.0 137.6          M       49
================================================================================
AV 91.9 70.0                               7.2 FASTST   M    M   3    MAX(MPH)
                                 MISC ---->  # 28 160               # 38  160
================================================================================
NOTES:
# LAST OF SEVERAL OCCURRENCES

COLUMN 17 PEAK WIND IN M.P.H.

PRELIMINARY LOCAL CLIMATOLOGICAL DATA (WS FORM: F-6) , PAGE 2

                                          STATION:  Big Spring McMahon-Wrinkle Fi
                                          MONTH:    AUGUST
                                          YEAR:     2017
                                          LATITUDE:   32 12 N
                                          LONGITUDE: 101 31 W

[TEMPERATURE DATA]      [PRECIPITATION DATA]       SYMBOLS USED IN COLUMN 16

AVERAGE MONTHLY: 80.9   TOTAL FOR MONTH:   1.66    1 = FOG OR MIST
DPTR FM NORMAL:     M   DPTR FM NORMAL:       M    2 = FOG REDUCING VISIBILITY
HIGHEST:   100 ON  6    GRTST 24HR  0.77 ON 15-15      TO 1/4 MILE OR LESS
LOWEST:     63 ON  3                               3 = THUNDER
                        SNOW, ICE PELLETS, HAIL    4 = ICE PELLETS
                        TOTAL MONTH:   0.0 INCH    5 = HAIL
                        GRTST 24HR     0.0         6 = FREEZING RAIN OR DRIZZLE
                        GRTST DEPTH:   0           7 = DUSTSTORM OR SANDSTORM:
                                                       VSBY 1/2 MILE OR LESS
                                                   8 = SMOKE OR HAZE
[NO. OF DAYS WITH]      [WEATHER - DAYS WITH]      9 = BLOWING SNOW
                                                   X = TORNADO
MAX 32 OR BELOW:   0    0.01 INCH OR MORE:   7
MAX 90 OR ABOVE:  13    0.10 INCH OR MORE:   4
MIN 32 OR BELOW:   0    0.50 INCH OR MORE:   1
MIN  0 OR BELOW:   0    1.00 INCH OR MORE:   0

[HDD (BASE 65) ]
TOTAL THIS MO.     0    CLEAR  (SCALE 0-3)  15
DPTR FM NORMAL     M    PTCLDY (SCALE 4-7)   4
TOTAL FM JUL 1     0    CLOUDY (SCALE 8-10)  0
DPTR FM NORMAL     M

[CDD (BASE 65) ]
TOTAL THIS MO.   308
DPTR FM NORMAL     M    [PRESSURE DATA]
TOTAL FM JAN 1  1822    HIGHEST SLP M ON M
DPTR FM NORMAL     M    LOWEST  SLP M ON M

[REMARKS]
