000
CXUS54 KLZK 281430
CF6BPK
PRELIMINARY LOCAL CLIMATOLOGICAL DATA (WS FORM: F-6)

                                          STATION:   Mountain Home Airport
                                          MONTH:     DECEMBER
                                          YEAR:      2014
                                          LATITUDE:   36 22 N
                                          LONGITUDE:  92 28 W

  TEMPERATURE IN F:       :PCPN:    SNOW:  WIND      :SUNSHINE: SKY     :PK WND
================================================================================
1   2   3   4   5  6A  6B    7    8   9   10  11  12  13   14  15   16   17  18
                                     12Z  AVG MX 2MIN
DY MAX MIN AVG DEP HDD CDD  WTR  SNW DPTH SPD SPD DIR MIN PSBL S-S WX    SPD DR
================================================================================

 1  41  26  34  -9  31   0 0.06    M    0  5.4 12  20   M    M  10 18     18 340
 2  36  27  32 -10  33   0 0.00  0.0    0  2.6  8 200   M    M   9 1      11 200
 3  42  35  39  -3  26   0    T    M    0  2.9 10 120   M    M  10 1      13 110
 4  45  37  41   0  24   0 0.13    M    0  5.3 10 130   M    M  10 12     13 130
 5  58  45  52  11  13   0 0.64    M    0  3.8 10 320   M    M  10 12     18 330
 6  51  39  45   4  20   0 0.00  0.0    0  5.3 12 330   M    M  10        18 310
 7  43  36  40   0  25   0 0.00  0.0    0  4.1  9 110   M    M   5 18     12 120
 8  56  33  45   5  20   0 0.00  0.0    0  3.0 13 280   M    M   4 18     19 270
 9  42  29  36  -4  29   0 0.00  0.0    0  3.7  9  50   M    M   3 18     15  20
10  37  26  32  -8  33   0    T    M    0  3.8  8  70   M    M   8 18     13  70
11  42  35  39   0  26   0    T    M    0  4.5  8 120   M    M   9 18     10 120
12  48  36  42   3  23   0 0.00  0.0    0  3.6  8 150   M    M  10 18     12 140
13  59  43  51  12  14   0 0.00  0.0    0  3.7  9 150   M    M   7 1      11 140
14  63  42  53  14  12   0    T    M    0  7.5 15 160   M    M   5 128    21 140
15  64  41  53  15  12   0 0.79  0.0    0  9.1 16 270   M    M   8 1      30 280
16  41  27  34  -4  31   0 0.00  0.0    0  8.0 16 300   M    M   9        30 320
17  37  23  30  -8  35   0 0.36    M    0  0.9  8 140   M    M   5 1      10 140
18  38  33  36  -2  29   0    T    M    0  3.2  9 110   M    M   9 1      12 120
19  38  36  37  -1  28   0 0.01    M    0  4.3  9  90   M    M  10 1      11  90
20  43  35  39   1  26   0    T    M    0  2.7  7 150   M    M   9 1       8 120
21  47  38  43   6  22   0 0.00  0.0    0  6.3 12 110   M    M  10 18     16 130
22  50  42  46   9  19   0 0.06  0.0    0  5.6 12 160   M    M  10 1      17 140
23  50  37  44   7  21   0 0.00  0.0    0  3.0  8 320   M    M   5 1      13 330
24  40  35  38   1  27   0    T  0.0    0  5.8 15 310   M    M   9 18     27 300
25  53  28  41   4  24   0 0.00  0.0    0  8.1 18 180   M    M   0        25 190
26  53  41  47  10  18   0 0.10  0.0    0  7.9 15 170   M    M   6 1      21 180
27  50  32  41   4  24   0 0.12    M    0  4.6 14 320   M    M  10 1      23 330
================================================================================
SM 1267  937       645   0  2.27     0.0 128.7          M      210
================================================================================
AV 46.9 34.7                               4.8 FASTST   M    M   8    MAX(MPH)
                                 MISC ---->  # 18 180               # 30  280
================================================================================
NOTES:
# LAST OF SEVERAL OCCURRENCES

COLUMN 17 PEAK WIND IN M.P.H.

PRELIMINARY LOCAL CLIMATOLOGICAL DATA (WS FORM: F-6) , PAGE 2

                                          STATION:  Mountain Home Airport
                                          MONTH:    DECEMBER
                                          YEAR:     2014
                                          LATITUDE:   36 22 N
                                          LONGITUDE:  92 28 W

[TEMPERATURE DATA]      [PRECIPITATION DATA]       SYMBOLS USED IN COLUMN 16

AVERAGE MONTHLY: 40.8   TOTAL FOR MONTH:   2.27    1 = FOG OR MIST
DPTR FM NORMAL:   1.8   DPTR FM NORMAL:   -0.34    2 = FOG REDUCING VISIBILITY
HIGHEST:    64 ON 15    GRTST 24HR  0.79 ON 15-15      TO 1/4 MILE OR LESS
LOWEST:     23 ON 17                               3 = THUNDER
                        SNOW, ICE PELLETS, HAIL    4 = ICE PELLETS
                        TOTAL MONTH:   0.0 INCH    5 = HAIL
                        GRTST 24HR     0.0         6 = FREEZING RAIN OR DRIZZLE
                        GRTST DEPTH:   0           7 = DUSTSTORM OR SANDSTORM:
                                                       VSBY 1/2 MILE OR LESS
                                                   8 = SMOKE OR HAZE
[NO. OF DAYS WITH]      [WEATHER - DAYS WITH]      9 = BLOWING SNOW
                                                   X = TORNADO
MAX 32 OR BELOW:   0    0.01 INCH OR MORE:   9
MAX 90 OR ABOVE:   0    0.10 INCH OR MORE:   6
MIN 32 OR BELOW:   8    0.50 INCH OR MORE:   2
MIN  0 OR BELOW:   0    1.00 INCH OR MORE:   0

[HDD (BASE 65) ]
TOTAL THIS MO.   645    CLEAR  (SCALE 0-3)   2
DPTR FM NORMAL   -60    PTCLDY (SCALE 4-7)   9
TOTAL FM JUL 1  1503    CLOUDY (SCALE 8-10) 16
DPTR FM NORMAL    83

[CDD (BASE 65) ]
TOTAL THIS MO.     0
DPTR FM NORMAL     0    [PRESSURE DATA]
TOTAL FM JAN 1  1459    HIGHEST SLP M ON M
DPTR FM NORMAL  -101    LOWEST  SLP 29.52 ON 22

[REMARKS]
