000
CXUS55 KDVN 271100
CF6BRL
PRELIMINARY LOCAL CLIMATOLOGICAL DATA (WS FORM: F-6)

                                          STATION:   BURLINGTON IA
                                          MONTH:     MAY
                                          YEAR:      2017
                                          LATITUDE:   40 46 N
                                          LONGITUDE:  91  7 W

  TEMPERATURE IN F:       :PCPN:    SNOW:  WIND      :SUNSHINE: SKY     :PK WND
================================================================================
1   2   3   4   5  6A  6B    7    8   9   10  11  12  13   14  15   16   17  18
                                     12Z  AVG MX 2MIN
DY MAX MIN AVG DEP HDD CDD  WTR  SNW DPTH SPD SPD DIR MIN PSBL S-S WX    SPD DR
================================================================================

 1  56  44  50  -9  15   0 0.09    M    M 14.8 28 270   M    M  10 18     36 280
 2  61  40  51  -8  14   0 0.00    M    M 11.6 23 300   M    M   2        33 300
 3  55  42  49 -11  16   0 0.00    M    M  5.7 13 150   M    M   3        16 130
 4  65  44  55  -5  10   0 0.00    M    M 12.2 25  40   M    M   0 8      34  30
 5  71  42  57  -3   8   0 0.00    M    M 10.4 24 350   M    M   0        32 360
 6  69  47  58  -2   7   0 0.00    M    M  9.0 22  20   M    M   2        30  20
 7  72  41  57  -4   8   0 0.00    M    M  5.8 12  60   M    M   0        15  60
 8  76  51  64   3   1   0 0.00    M    M  7.9 14 200   M    M   1        17 150
 9  80  61  71  10   0   6 0.00    M    M  9.0 17 240   M    M   0 8      24 230
10  78  58  68   6   0   3 1.33    M    M  7.2 29 310   M    M   5 13     40 310
11  69  56  63   1   2   0 0.00    M    M  8.3 18  20   M    M   7 1      23  10
12  74  52  63   1   2   0 0.00    M    M  3.9 14  20   M    M   5 1      16  40
13  80  49  65   2   0   0 0.00    M    M  4.6 15 240   M    M   0        18 240
14  81  57  69   6   0   4 0.00    M    M  8.0 20 220   M    M   0        25 220
15  88  60  74  11   0   9 0.00    M    M  9.1 18 180   M    M   1        25 180
16  86  66  76  12   0  11 0.00    M    M 15.1 28 190   M    M   0        37 210
17  81  69  75  11   0  10 0.39    M    M 18.5 37 180   M    M   6 138    49 180
18  79  61  70   6   0   5 0.00    M    M 12.7 22 260   M    M   1        29 250
19  62  47  55  -9  10   0 0.59    M    M 14.0 31  50   M    M   9 13     40  40
20  73  50  62  -3   3   0 0.32    M    M 10.2 21  70   M    M   8 1      27  80
21  57  48  53 -12  12   0 0.00    M    M 10.3 22 270   M    M   7        29 270
22  72  46  59  -7   6   0 0.18    M    M 11.2 28 240   M    M   3 1      35 240
23  67  49  58  -8   7   0 0.03    M    M  7.3 15 320   M    M   8 1      22 310
24  66  47  57  -9   8   0 0.09    M    M  8.6 22 360   M    M   4 18     28 360
25  72  48  60  -6   5   0 0.00    M    M  5.4 12 140   M    M   0        16 290
26  76  58  67   0   0   2 0.30    M    M  6.2 23 120   M    M   4 13     32 110
================================================================================
SM 1866 1333       134  50  3.32    M    247.0          M       86
================================================================================
AV 71.8 51.3                               9.5 FASTST   M    M   3    MAX(MPH)
                                 MISC ---->  # 37 180               # 49  180
================================================================================
NOTES:
# LAST OF SEVERAL OCCURRENCES

COLUMN 17 PEAK WIND IN M.P.H.

PRELIMINARY LOCAL CLIMATOLOGICAL DATA (WS FORM: F-6) , PAGE 2

                                          STATION:  BURLINGTON IA
                                          MONTH:    MAY
                                          YEAR:     2017
                                          LATITUDE:   40 46 N
                                          LONGITUDE:  91  7 W

[TEMPERATURE DATA]      [PRECIPITATION DATA]       SYMBOLS USED IN COLUMN 16

AVERAGE MONTHLY: 61.5   TOTAL FOR MONTH:   3.32    1 = FOG OR MIST
DPTR FM NORMAL:  -1.3   DPTR FM NORMAL:   -0.79    2 = FOG REDUCING VISIBILITY
HIGHEST:    88 ON 15    GRTST 24HR  1.33 ON 10-10      TO 1/4 MILE OR LESS
LOWEST:     40 ON  2                               3 = THUNDER
                        SNOW, ICE PELLETS, HAIL    4 = ICE PELLETS
                        TOTAL MONTH:    M          5 = HAIL
                        GRTST 24HR    M  ON   M    6 = FREEZING RAIN OR DRIZZLE
                        GRTST DEPTH:  M  ON   M    7 = DUSTSTORM OR SANDSTORM:
                                                       VSBY 1/2 MILE OR LESS
                                                   8 = SMOKE OR HAZE
[NO. OF DAYS WITH]      [WEATHER - DAYS WITH]      9 = BLOWING SNOW
                                                   X = TORNADO
MAX 32 OR BELOW:   0    0.01 INCH OR MORE:   9
MAX 90 OR ABOVE:   0    0.10 INCH OR MORE:   6
MIN 32 OR BELOW:   0    0.50 INCH OR MORE:   2
MIN  0 OR BELOW:   0    1.00 INCH OR MORE:   1

[HDD (BASE 65) ]
TOTAL THIS MO.   134    CLEAR  (SCALE 0-3)  15
DPTR FM NORMAL    18    PTCLDY (SCALE 4-7)   9
TOTAL FM JUL 1  4806    CLOUDY (SCALE 8-10)  2
DPTR FM NORMAL  -772

[CDD (BASE 65) ]
TOTAL THIS MO.    50
DPTR FM NORMAL   -10    [PRESSURE DATA]
TOTAL FM JAN 1    70    HIGHEST SLP M ON M
DPTR FM NORMAL   -10    LOWEST  SLP 29.37 ON  1

[REMARKS]
