000
CXUS55 KDVN 221100
CF6BRL
PRELIMINARY LOCAL CLIMATOLOGICAL DATA (WS FORM: F-6)

                                          STATION:   BURLINGTON IA
                                          MONTH:     DECEMBER
                                          YEAR:      2014
                                          LATITUDE:   40 46 N
                                          LONGITUDE:  91  7 W

  TEMPERATURE IN F:       :PCPN:    SNOW:  WIND      :SUNSHINE: SKY     :PK WND
================================================================================
1   2   3   4   5  6A  6B    7    8   9   10  11  12  13   14  15   16   17  18
                                     12Z  AVG MX 2MIN
DY MAX MIN AVG DEP HDD CDD  WTR  SNW DPTH SPD SPD DIR MIN PSBL S-S WX    SPD DR
================================================================================

 1  20  15  18 -16  47   0 0.00    M    M 10.4 21 360   M    M   1        26 360
 2  30  13  22 -12  43   0 0.00    M    M  7.2 15 180   M    M   4        18 180
 3  37  21  29  -4  36   0 0.00    M    M  6.5 15 330   M    M   0 18     19 320
 4  34  25  30  -3  35   0 0.00    M    M  7.1 12 130   M    M   7 1      16 130
 5  39  32  36   4  29   0    T    M    M  6.9 13  30   M    M  10 12     16  20
 6  38  27  33   1  32   0 0.00    M    M  7.8 17 360   M    M   6 18     19 360
 7  38  27  33   1  32   0 0.00    M    M  8.1 15 150   M    M   2 1      19 160
 8  42  31  37   6  28   0 0.07    M    M 10.1 24 320   M    M  10 1      34 310
 9  33  28  31   0  34   0 0.00    M    M  7.5 17 350   M    M  10 8      22 340
10  34  30  32   2  33   0 0.00    M    M  3.6 10  80   M    M  10        14  70
11  33  24  29  -1  36   0 0.00    M    M  2.1  8 210   M    M   7 18     11 240
12  40  30  35   5  30   0 0.00    M    M  4.1  9 200   M    M   8 18     12 190
13  48  32  40  11  25   0 0.00    M    M  7.0 12 220   M    M   6 12     15 210
14  54  45  50  21  15   0 0.00    M    M  9.8 16 140   M    M  10 12     20 150
15  50  43  47  18  18   0 0.14    M    M 10.5 24 110   M    M  10 1      33 100
16  44  22  33   5  32   0    T    M    M 15.0 25 310   M    M  10 1      38 290
17  30  19  25  -3  40   0 0.00    M    M  6.2 14 310   M    M   6        20 290
18  29  20  25  -3  40   0    T    M    M  1.4  6  30   M    M   8         7  40
19  34  27  31   3  34   0    T    M    M  3.7  8 130   M    M  10        11 120
20  36  31  34   6  31   0    T    M    M  4.8  9 170   M    M  10 18     12 150
21  43  36  40  13  25   0    T    M    M 10.4 18 170   M    M   9 1      23 170
================================================================================
SM  786  578       675   0  0.21    M    150.2          M      154
================================================================================
AV 37.4 27.5                               7.2 FASTST   M    M   7    MAX(MPH)
                                 MISC ---->  # 25 310               # 38  290
================================================================================
NOTES:
# LAST OF SEVERAL OCCURRENCES

COLUMN 17 PEAK WIND IN M.P.H.

PRELIMINARY LOCAL CLIMATOLOGICAL DATA (WS FORM: F-6) , PAGE 2

                                          STATION:  BURLINGTON IA
                                          MONTH:    DECEMBER
                                          YEAR:     2014
                                          LATITUDE:   40 46 N
                                          LONGITUDE:  91  7 W

[TEMPERATURE DATA]      [PRECIPITATION DATA]       SYMBOLS USED IN COLUMN 16

AVERAGE MONTHLY: 32.5   TOTAL FOR MONTH:   0.21    1 = FOG OR MIST
DPTR FM NORMAL:   2.2   DPTR FM NORMAL:   -1.30    2 = FOG REDUCING VISIBILITY
HIGHEST:    54 ON 14    GRTST 24HR  0.14 ON 15-15      TO 1/4 MILE OR LESS
LOWEST:     13 ON  2                               3 = THUNDER
                        SNOW, ICE PELLETS, HAIL    4 = ICE PELLETS
                        TOTAL MONTH:    M          5 = HAIL
                        GRTST 24HR    M  ON   M    6 = FREEZING RAIN OR DRIZZLE
                        GRTST DEPTH:  M  ON   M    7 = DUSTSTORM OR SANDSTORM:
                                                       VSBY 1/2 MILE OR LESS
                                                   8 = SMOKE OR HAZE
[NO. OF DAYS WITH]      [WEATHER - DAYS WITH]      9 = BLOWING SNOW
                                                   X = TORNADO
MAX 32 OR BELOW:   4    0.01 INCH OR MORE:   2
MAX 90 OR ABOVE:   0    0.10 INCH OR MORE:   1
MIN 32 OR BELOW:  18    0.50 INCH OR MORE:   0
MIN  0 OR BELOW:   0    1.00 INCH OR MORE:   0

[HDD (BASE 65) ]
TOTAL THIS MO.   675    CLEAR  (SCALE 0-3)   3
DPTR FM NORMAL   -53    PTCLDY (SCALE 4-7)   7
TOTAL FM JUL 1  2052    CLOUDY (SCALE 8-10) 11
DPTR FM NORMAL   251

[CDD (BASE 65) ]
TOTAL THIS MO.     0
DPTR FM NORMAL     0    [PRESSURE DATA]
TOTAL FM JAN 1   940    HIGHEST SLP M ON M
DPTR FM NORMAL  -267    LOWEST  SLP 29.61 ON M

[REMARKS]
