000
CXAK56 PABR 011824
CF6BRW

PRELIMINARY LOCAL CLIMATOLOGICAL DATA (WS FORM: F-6)

                                        STATION:   BARROW
                                        MONTH:     05
                                        YEAR:      2015
                                        LATITUDE:   71 17 N
                                        LONGITUDE: 156 46 W

  TEMPERATURE IN F:       :PCPN:    SNOW:  WIND      :SUNSHINE: SKY    :PK WND
===============================================================================
1   2   3   4   5  6A  6B    7     8   9   10  11  12  13   14  15   16  17  18
                                      12Z  AVG MX 2MIN
DY MAX MIN AVG DEP HDD CDD  WTR   SNW DPTH SPD SPD DIR MIN PSBL S-S WX   SPD DR
===============================================================================

 1  19   4  12   0  53   0     T  0.1   7 15.8 22   80   M    M   M 1    23  80
 2  20  17  19   6  46   0     T    T   7 12.4 20  110   M    M   M 2    22 110
 3  25  15  20   6  45   0     T    T   7  5.5 13  300   M    M   M 2    17 300
 4  21  16  19   5  46   0     T    T   7  9.3 14  330   M    M   M 16   17 330
 5  17   9  13  -2  52   0     T    T   7  8.0 13   70   M    M   M 1    14  60
 6  16   9  13  -3  52   0  0.01  0.3   7 13.2 24  110   M    M   M 19   27 110
 7  22  12  17   1  48   0  0.01  0.2   8 12.6 26  110   M    M   M 269  30 110
 8  32  16  24   7  41   0  0.00  0.0   8 15.1 24  120   M    M   M 26   27 120
 9  31  25  28  11  37   0     T    T   7  6.6 15  260   M    M   M 26   18 250
10  33  21  27   9  38   0  0.00  0.0   6 13.2 22   40   M    M   M 26   26  40
11  32  28  30  11  35   0     T    T   6  9.8 18   50   M    M   M 26   23  50
12  33  25  29  10  36   0     T  0.1   6 12.0 20  270   M    M   M 26   22 260
13  29  24  27   7  38   0  0.01  0.1   6 13.9 25   70   M    M   M 19   29  60
14  24  20  22   2  43   0  0.02  0.2   6 24.5 31   80   M    M   M 19   37  80
15  32  22  27   6  38   0     T    T   6 17.9 32  100   M    M   M 169  38 100
16  36  27  32  11  33   0  0.09  0.0   5  9.4 18  220   M    M   M 26   21 210
17  38  31  35  13  30   0  0.00  0.0   5 11.0 23  200   M    M   M      27 200
18  41  33  37  15  28   0     T  0.0   3  6.8 14  170   M    M   M      16 170
19  46  31  39  16  26   0     T  0.0   3  4.5  9   80   M    M   M 28   11  80
20  37  29  33   9  32   0  0.00  0.0   T 12.0 18   80   M    M   M 2    32  90
21  47  31  39  15  26   0     T  0.0   T 10.8 18  120   M    M   M 1    23 100
22  41  33  37  12  28   0  0.01  0.0   T 11.5 24  240   M    M   M      30 240
23  38  32  35  10  30   0  0.00  0.0   T 19.7 29   80   M    M   M      35  80
24  35  31  33   7  32   0  0.00  0.0   T 18.6 28  100   M    M   M      34 100
25  35  31  33   7  32   0  0.34  0.0   0  6.5 12  110   M    M   M 16   13 110
26  32  29  31   4  34   0     T  0.0   0  5.4  9   30   M    M   M 26   12 350
27  34  28  31   4  34   0  0.01  0.1   0  8.9 15   70   M    M   M 2    18  80
28  36  28  32   4  33   0  0.01  0.0   0 15.0 26   60   M    M   M 1    29  70
29  41  32  37   9  28   0  0.14  0.0   0  7.4 13   80   M    M   M      15  80
30  37  28  33   4  32   0     T    T   T  9.9 18   50   M    M   M 1    21  40
31  34  25  30   1  35   0     T  0.1   T 12.9 20   20   M    M   M 1    23  30
===============================================================================
SM  994  742      1141   0  0.65  1.2    360.1           M        M
===============================================================================
AV 32.1 23.9                             11.6 FASTST  PSBL  %   M    MAX(MPH)
                                 MISC ---->     32  100                 38 100
===============================================================================
NOTES:
# LAST OF SEVERAL OCCURRENCES

COLUMN 17 PEAK WIND IN M.P.H.

PRELIMINARY LOCAL CLIMATOLOGICAL DATA (WS FORM: F-6) , PAGE 2

                                          STATION:   BARROW
                                          MONTH:     05
                                          YEAR:      2015
                                          LATITUDE:  71 17 N
                                          LONGITUDE: 156 46 W

[TEMPERATURE DATA]      [PRECIPITATION DATA]      SYMBOLS USED IN COLUMN 16

AVERAGE MONTHLY:28.0   TOTAL FOR MONTH: 0.65      1 = FOG
DPTR FM NORMAL:  6.8   DPTR FM NORMAL: 0.47       2 = FOG REDUCING VISIBILITY
HIGHEST:    47 ON 21    GRTST 24HR   0.34 ON 25       TO 1/4 MILE OR LESS
LOWEST:      4 ON  1                              3 = THUNDER
                        SNOW, ICE PELLETS, HAIL   4 = ICE PELLETS
                        TOTAL MONTH:  1.2 INCHES  5 = HAIL
                        GRTST 24HR 0.5 ON 6TH-7TH 6 = GLAZE OR RIME
                        GRTST DEPTH:    8 ON  9TH 7 = BLOWING DUST OR SAND:
                                                      VSBY 1/2 MILE OR LESS
                                                  8 = SMOKE OR HAZE
[NO. OF DAYS WITH]     [WEATHER - DAYS WITH]      9 = BLOWING SNOW
                                                  X = TORNADO
MAX 32 OR BELOW:  14   0.01 INCH OR MORE:  10
MAX 70 OR ABOVE:   0   0.10 INCH OR MORE:   2
MIN 32 OR BELOW:  29   0.50 INCH OR MORE:   0
MIN  0 OR BELOW:   0   1.00 INCH OR MORE:   0

[HDD (BASE 65)]
TOTAL THIS MO.  1141   CLEAR  (SCALE 0-3)   M
DPTR FM NORMAL  -218   PTCLDY (SCALE 4-7)   M
SEASONAL TOTAL 17373   CLOUDY (SCALE 8-10)  M
DPTR FM NORMAL -1134

[CDD (BASE65) ]
TOTAL THIS MO.     0
DPTR FM NORMAL     0   [PRESSURE DATA]
SEASONAL TOTAL     0    HIGHEST SLP 30.55 IN. ON 31ST
DPTR FM NORMAL     0    LOWEST  SLP 29.67 IN. ON  8TH
                        AVERAGE SLP 30.10 IN.
[REMARKS]
-MAY 2015 TIED 1991 FOR WARMEST AVERAGE TEMP WITH 28.0 DEGREES F.
-MAY 2015 WAS 4TH WETTEST MAY OF RECORD WITH 0.65 INCHES OF PRECIPITATION.
-FOUR DATES...17TH-19TH AND THE 21ST TIED OR SET NEW DAILY MAXIMUM TEMPS
  FOR THOSE DATES.
-DAILY PRECIPITATION OF 0.34 INCHES ON THE 25TH WAS THE WETTEST DAY EVER FOR
  ALL MAY DATES OF RECORD. RFL
#FINAL-05-15#
