000
CXAK56 PABR 210913
CF6BRW

PRELIMINARY LOCAL CLIMATOLOGICAL DATA (WS FORM: F-6)

                                          STATION:   BARROW
                                          MONTH:     12
                                          YEAR:      2014
                                          LATITUDE:   71 17 N
                                          LONGITUDE: 156 46 W

  TEMPERATURE IN F:       :PCPN:    SNOW:  WIND      :SUNSHINE: SKY     :PK WND
================================================================================
1   2   3   4   5  6A  6B    7     8   9   10  11  12  13   14  15   16  17  18
                                      12Z  AVG MX 2MIN
DY MAX MIN AVG DEP HDD CDD  WTR   SNW DPTH SPD SPD DIR MIN PSBL S-S WX   SPD DR
================================================================================

 1  -1 -11  -6  -1  71   0     T    T   6  6.3 10  330   M    M   M 1     13  30
 2  -2 -18 -10  -5  75   0  0.01  0.2   4 10.5 22   60   M    M   M 1     24  60
 3  -2 -14  -8  -3  73   0  0.02  0.3   6 10.1 23   70   M    M   M 19    26  70
 4   9  -8   1   6  64   0     T  0.1   4  7.6 16   60   M    M   M 1     19  60
 5   8 -19  -5   0  70   0     T    T   4  6.3 16   70   M    M   M 2     19  70
 6  -1 -21 -11  -5  76   0     T    T   4  9.2 14   40   M    M   M 2     17  50
 7  -7 -16 -11  -5  76   0  0.00  0.0   4 11.1 15   40   M    M   M       17  40
 8  -5 -11  -8  -2  73   0  0.00  0.0   4 17.7 23   50   M    M   M 189   28  50
 9  -9 -13 -11  -5  76   0  0.00  0.0   4 14.3 23   50   M    M   M 18    30  50
10  -7 -16 -11  -4  76   0     T    T   4  8.6 16   50   M    M   M 8     19  40
11  -7 -12  -9  -2  74   0  0.00  0.0   4 16.9 23   50   M    M   M 189   28  50
12  -7 -12  -9  -2  74   0     T    T   4 18.2 23   40   M    M   M 18    28  40
13  -8 -13 -10  -3  75   0     T    T   4 11.9 18   50   M    M   M 19    22  40
14  -9 -18 -13  -6  78   0  0.01  0.1   4  8.4 12   60   M    M   M       15  40
15 -16 -21 -18 -10  83   0  0.00  0.0   4 10.0 14   40   M    M   M       17  40
16  -8 -19 -13  -5  78   0  0.00  0.0   4 15.9 23   50   M    M   M 9     29  50
17  -6 -11  -8   0  73   0  0.00  0.0   4 18.4 24   60   M    M   M 9     29  50
18  -6 -12  -9  -1  74   0  0.01  0.3   4 11.9 18   60   M    M   M       19  60
19  -3 -14  -8   0  73   0     T    T   4 13.2 17   50   M    M   M 19    21  50
20   2  -9  -3   6  68   0     T  0.1   4 15.7 22   60   M    M   M 19    26  60
================================================================================
SM  -85 -288      1480   0  0.05 1.1    242.2           M        M
================================================================================
AV -4.3-14.4                             12.1 FASTST  PSBL  %   M    MAX(MPH)
                                 MISC ---->     24   60                 30  50
================================================================================
NOTES:
# LAST OF SEVERAL OCCURRENCES

COLUMN 17 PEAK WIND IN M.P.H.

PRELIMINARY LOCAL CLIMATOLOGICAL DATA (WS FORM: F-6) , PAGE 2

                                          STATION:   BARROW
                                          MONTH:     12
                                          YEAR:      2014
                                          LATITUDE:  71 17 N
                                          LONGITUDE: 156 46 W

[TEMPERATURE DATA]      [PRECIPITATION DATA]       SYMBOLS USED IN COLUMN 16

AVERAGE MONTHLY:-9.3   TOTAL FOR MONTH: 0.05       1 = FOG
DPTR FM NORMAL: -2.7   DPTR FM NORMAL: -0.04       2 = FOG REDUCING VISIBILITY
HIGHEST:     9 ON  4    GRTST 24HR   0.02 ON  3        TO 1/4 MILE OR LESS
LOWEST:    -21 ON 15                               3 = THUNDER
                        SNOW, ICE PELLETS, HAIL    4 = ICE PELLETS
                        TOTAL MONTH: 1.1 INCHES  5 = HAIL
                        GRTST 24HR   0.3 ON 18     6 = GLAZE OR RIME
                        GRTST DEPTH:    6 ON  3    7 = BLOWING DUST OR SAND:
                                                       VSBY 1/2 MILE OR LESS
                                                   8 = SMOKE OR HAZE
[NO. OF DAYS WITH]      [WEATHER - DAYS WITH]      9 = BLOWING SNOW
                                                   X = TORNADO
MAX 32 OR BELOW:  20    0.01 INCH OR MORE:   4
MAX 70 OR ABOVE:   0    0.10 INCH OR MORE:   0
MIN 32 OR BELOW:  20    0.50 INCH OR MORE:   0
MIN  0 OR BELOW:  20    1.00 INCH OR MORE:   0

[HDD (BASE 65) ]
TOTAL THIS MO.  1492    CLEAR  (SCALE 0-3)   M
DPTR FM NORMAL    60    PTCLDY (SCALE 4-7)   M
SEASONAL TOTAL  7082    CLOUDY (SCALE 8-10)  M
DPTR FM NORMAL  -300

[CDD (BASE 65) ]
TOTAL THIS MO.     0
DPTR FM NORMAL     0    [PRESSURE DATA]
SEASONAL TOTAL     0    HIGHEST SLP     M
DPTR FM NORMAL     0    LOWEST  SLP     M

[REMARKS]
