000
CXUS55 KLIX 301000
CF6BTR
PRELIMINARY LOCAL CLIMATOLOGICAL DATA (WS FORM: F-6)

                                          STATION:   BATON ROUGE  ASOS
                                          MONTH:     JULY
                                          YEAR:      2016
                                          LATITUDE:   30 31 N
                                          LONGITUDE:  91  9 W

  TEMPERATURE IN F:       :PCPN:    SNOW:  WIND      :SUNSHINE: SKY     :PK WND
================================================================================
1   2   3   4   5  6A  6B    7    8   9   10  11  12  13   14  15   16   17  18
                                     12Z  AVG MX 2MIN
DY MAX MIN AVG DEP HDD CDD  WTR  SNW DPTH SPD SPD DIR MIN PSBL S-S WX    SPD DR
================================================================================

 1  97  74  86   3   0  21 0.00  0.0    0  2.0 10  30   M    M   1 1      23 270
 2  96  73  85   2   0  20 0.00  0.0    0  3.2 14 230   M    M   1        16 220
 3  95  76  86   3   0  21 0.00  0.0    0  7.4 15 240   M    M   2        20 190
 4  95  77  86   3   0  21 0.54  0.0    0  9.6 32 250   M    M   3 13     39 250
 5  94  82  88   5   0  23 0.00  0.0    0  9.0 18 220   M    M   4        22 220
 6  94  79  87   4   0  22    T  0.0    0  8.6 28 240   M    M   3 38     38 200
 7  95  78  87   4   0  22 0.00  0.0    0  8.4 16 240   M    M   4        21 250
 8  95  79  87   4   0  22 0.00  0.0    0  6.3 15 170   M    M   3        19 210
 9  95  77  86   3   0  21    T  0.0    0  5.1 21 250   M    M   2        26 240
10  95  73  84   1   0  19 0.45  0.0    0  4.8 26 260   M    M   2 13     41 280
11  93  73  83   0   0  18 0.20  0.0    0  3.1 26 130   M    M   2 13     34 130
12  94  73  84   1   0  19 0.47  0.0    0  5.1 14 360   M    M   3 13     21 200
13  96  74  85   2   0  20 0.36  0.0    0  5.2 24 170   M    M   3 13     30 130
14  92  73  83   0   0  18 0.87  0.0    0  4.4 30 230   M    M   4 123    36 230
15  86  73  80  -3   0  15 0.40  0.0    0  4.4 18 190   M    M   5 13     21 200
16  93  72  83   0   0  18    T  0.0    0  2.8 14 280   M    M   3 1      18 250
17  92  73  83   0   0  18 0.19  0.0    0  3.3 20 160   M    M   2 13     25 160
18  95  75  85   2   0  20    T  0.0    0  4.7 23 120   M    M   2 1      30 100
19  94  76  85   2   0  20    T  0.0    0  4.6 13 130   M    M   2        16 120
20  96  76  86   3   0  21    T  0.0    0  3.1 12  90   M    M   1        22 150
21  96  77  87   4   0  22    T  0.0    0  3.6 12 310   M    M   2 3      17 310
22  93  75  84   1   0  19    T  0.0    0  3.0 18 150   M    M   1 13     23 150
23  95  75  85   2   0  20 0.01  0.0    0  3.2 29 230   M    M   2 13     37 240
24  91  76  84   1   0  19 0.05  0.0    0  3.9 16 360   M    M   3 1      21 350
25  95  75  85   2   0  20 0.08  0.0    0  5.0 17 120   M    M   3 3      23 120
26  91  74  83   0   0  18 0.92  0.0    0  5.2 17 150   M    M   5 13     21 200
27  84  74  79  -4   0  14 0.57  0.0    0  8.4 20 220   M    M   7 1      26 220
28  91  73  82  -1   0  17 0.88  0.0    0  3.7 26 270   M    M   3 138    32 270
29  93  72  83   0   0  18    T  0.0    0  3.1 14 160   M    M   2        20 230
================================================================================
SM 2711 2177         0 566  5.99     0.0 144.2          M       80
================================================================================
AV 93.5 75.1                               5.0 FASTST   M    M   3    MAX(MPH)
                                 MISC ---->  # 32 250               # 41  280
================================================================================
NOTES:
# LAST OF SEVERAL OCCURRENCES

COLUMN 17 PEAK WIND IN M.P.H.

PRELIMINARY LOCAL CLIMATOLOGICAL DATA (WS FORM: F-6) , PAGE 2

                                          STATION:  BATON ROUGE  ASOS
                                          MONTH:    JULY
                                          YEAR:     2016
                                          LATITUDE:   30 31 N
                                          LONGITUDE:  91  9 W

[TEMPERATURE DATA]      [PRECIPITATION DATA]       SYMBOLS USED IN COLUMN 16

AVERAGE MONTHLY: 84.3   TOTAL FOR MONTH:   5.99    1 = FOG OR MIST
DPTR FM NORMAL:   1.3   DPTR FM NORMAL:    1.36    2 = FOG REDUCING VISIBILITY
HIGHEST:    97 ON  1    GRTST 24HR  1.49 ON 26-27      TO 1/4 MILE OR LESS
LOWEST:     72 ON 29,16                            3 = THUNDER
                        SNOW, ICE PELLETS, HAIL    4 = ICE PELLETS
                        TOTAL MONTH:   0.0 INCH    5 = HAIL
                        GRTST 24HR     0.0         6 = FREEZING RAIN OR DRIZZLE
                        GRTST DEPTH:   0           7 = DUSTSTORM OR SANDSTORM:
                                                       VSBY 1/2 MILE OR LESS
                                                   8 = SMOKE OR HAZE
[NO. OF DAYS WITH]      [WEATHER - DAYS WITH]      9 = BLOWING SNOW
                                                   X = TORNADO
MAX 32 OR BELOW:   0    0.01 INCH OR MORE:  14
MAX 90 OR ABOVE:  27    0.10 INCH OR MORE:  11
MIN 32 OR BELOW:   0    0.50 INCH OR MORE:   5
MIN  0 OR BELOW:   0    1.00 INCH OR MORE:   0

[HDD (BASE 65) ]
TOTAL THIS MO.     0    CLEAR  (SCALE 0-3)  21
DPTR FM NORMAL     0    PTCLDY (SCALE 4-7)   8
TOTAL FM JUL 1     0    CLOUDY (SCALE 8-10)  0
DPTR FM NORMAL     0

[CDD (BASE 65) ]
TOTAL THIS MO.   566
DPTR FM NORMAL    44    [PRESSURE DATA]
TOTAL FM JAN 1  1659    HIGHEST SLP M ON M
DPTR FM NORMAL    88    LOWEST  SLP 29.88 ON 26

[REMARKS]
