000
CXAK56 PAFG 301308
CF6BTT
PRELIMINARY LOCAL CLIMATOLOGICAL DATA (WS FORM: F-6)

                                          STATION:   BETTLES AK
                                          MONTH:     AUGUST
                                          YEAR:      2016
                                          LATITUDE:   66 55 N
                                          LONGITUDE: 151 31 W

  TEMPERATURE IN F:       :PCPN:    SNOW:  WIND      :SUNSHINE: SKY     :PK WND
================================================================================
1   2   3   4   5  6A  6B    7    8   9   10  11  12  13   14  15   16   17  18
                                     12Z  AVG MX 2MIN
DY MAX MIN AVG DEP HDD CDD  WTR  SNW DPTH SPD SPD DIR MIN PSBL S-S WX    SPD DR
================================================================================

 1  65  40  53  -4  12   0    T  0.0    0  6.5 14 260   M    M   6        20 200
 2  63  50  57   1   8   0    T  0.0    0  6.8 15 240   M    M   8 1      21 200
 3  52  42  47  -9  18   0 0.05  0.0    0  4.8 13  30   M    M   9        17  20
 4  61  36  49  -7  16   0 0.02  0.0    0  4.8 13  40   M    M   7        18  50
 5  68  49  59   3   6   0 0.00  0.0    0  7.2 13 130   M    M   8        20 120
 6  70  51  61   6   4   0 0.00  0.0    0  5.6 13 140   M    M   9        17 110
 7  69  52  61   6   4   0 0.10  0.0    0  2.1  9 220   M    M   9        15 230
 8  71  53  62   7   3   0 0.09  0.0    0  1.6  8  20   M    M   9 1      11  20
 9  69  54  62   7   3   0    T  0.0    0  4.8 13 220   M    M   9 1      18 230
10  68  48  58   4   7   0 0.89  0.0    0  3.5 10 230   M    M   7 1      16 200
11  68  42  55   1  10   0 0.07  0.0    0  2.8 16 120   M    M   7 13     24 110
12  66  51  59   5   6   0 0.14  0.0    0  2.9  9 230   M    M   7        14  20
13  73  49  61   7   4   0 0.03  0.0    0  3.1 12 140   M    M   7        14  40
14  74  53  64  11   1   0 0.00  0.0    0  4.4 17 120   M    M   6 3      21 120
15  70  52  61   8   4   0 0.01  0.0    0  3.8 10 240   M    M   8 3      14 230
16  67  45  56   3   9   0 0.00  0.0    0  4.4 14 240   M    M   5 12     19 260
17  66  42  54   2  11   0 0.00  0.0    0  4.4 12 220   M    M   5 1      17 210
18  70  38  54   2  11   0 0.02  0.0    0  4.2 17 250   M    M   8 1      21 250
19  60  49  55   3  10   0 0.02  0.0    0  5.7 14 240   M    M  10        22 250
20  58  50  54   3  11   0 0.27  0.0    0  5.8 10 210   M    M  10 1      15 210
21  55  48  52   1  13   0 0.51  0.0    0  7.2 15 160   M    M   9 1      20 170
22  59  48  54   3  11   0 0.33  0.0    0  3.6  8  20   M    M   9 1      12 120
23  66  45  56   6   9   0 0.21  0.0    0  3.8 12 180   M    M   9 1      16 170
24  69  50  60  10   5   0 0.06  0.0    0  2.3 10 180   M    M   7        15 200
25  69  48  59   9   6   0 0.03  0.0    0  2.3  7 230   M    M   7 1      10 240
26  67  44  56   6   9   0 0.01  0.0    0  3.2 12 210   M    M   6 12     16 210
27  62  38  50   1  15   0 0.00  0.0    0  2.3  7 250   M    M   6 12      9 250
28  74  39  57   8   8   0 0.00  0.0    0  2.6  8  50   M    M   3 1      11 360
29  71  48  60  12   5   0    T    M    0  3.4  9 360   M    M   6        15 350
================================================================================
SM 1920 1354       239   0  2.86     0.0 119.9          M      216
================================================================================
AV 66.2 46.7                               4.1 FASTST   M    M   7    MAX(MPH)
                                 MISC ---->  # 17 120               # 24  110
================================================================================
NOTES:
# LAST OF SEVERAL OCCURRENCES

COLUMN 17 PEAK WIND IN M.P.H.

PRELIMINARY LOCAL CLIMATOLOGICAL DATA (WS FORM: F-6) , PAGE 2

                                          STATION:  BETTLES AK
                                          MONTH:    AUGUST
                                          YEAR:     2016
                                          LATITUDE:   66 55 N
                                          LONGITUDE: 151 31 W

[TEMPERATURE DATA]      [PRECIPITATION DATA]       SYMBOLS USED IN COLUMN 16

AVERAGE MONTHLY: 56.4   TOTAL FOR MONTH:   2.86    1 = FOG OR MIST
DPTR FM NORMAL:   3.7   DPTR FM NORMAL:    0.37    2 = FOG REDUCING VISIBILITY
HIGHEST:    74 ON 28,14 GRTST 24HR  0.89 ON 10-10      TO 1/4 MILE OR LESS
LOWEST:     36 ON  4                               3 = THUNDER
                        SNOW, ICE PELLETS, HAIL    4 = ICE PELLETS
                        TOTAL MONTH:   0.0 INCH    5 = HAIL
                        GRTST 24HR     0.0         6 = FREEZING RAIN OR DRIZZLE
                        GRTST DEPTH:   0           7 = DUSTSTORM OR SANDSTORM:
                                                       VSBY 1/2 MILE OR LESS
                                                   8 = SMOKE OR HAZE
[NO. OF DAYS WITH]      [WEATHER - DAYS WITH]      9 = BLOWING SNOW
                                                   X = TORNADO
MAX 32 OR BELOW:   0    0.01 INCH OR MORE:  18
MAX 90 OR ABOVE:   0    0.10 INCH OR MORE:   7
MIN 32 OR BELOW:   0    0.50 INCH OR MORE:   2
MIN  0 OR BELOW:   0    1.00 INCH OR MORE:   0

[HDD (BASE 65) ]
TOTAL THIS MO.   239    CLEAR  (SCALE 0-3)   1
DPTR FM NORMAL  -117    PTCLDY (SCALE 4-7)  18
TOTAL FM JUL 1   392    CLOUDY (SCALE 8-10) 10
DPTR FM NORMAL  -146

[CDD (BASE 65) ]
TOTAL THIS MO.     0
DPTR FM NORMAL     0    [PRESSURE DATA]
TOTAL FM JAN 1    36    HIGHEST SLP M ON M
DPTR FM NORMAL     2    LOWEST  SLP 29.53 ON M

[REMARKS]
