000
CXUS51 KBTV 300700
CF6BTV
PRELIMINARY LOCAL CLIMATOLOGICAL DATA (WS FORM: F-6)

                                          STATION:   BURLINGTON VT
                                          MONTH:     MARCH
                                          YEAR:      2017
                                          LATITUDE:   44 28 N
                                          LONGITUDE:  73  9 W

  TEMPERATURE IN F:       :PCPN:    SNOW:  WIND      :SUNSHINE: SKY     :PK WND
================================================================================
1   2   3   4   5  6A  6B    7    8   9   10  11  12  13   14  15   16   17  18
                                     12Z  AVG MX 2MIN
DY MAX MIN AVG DEP HDD CDD  WTR  SNW DPTH SPD SPD DIR MIN PSBL S-S WX    SPD DR
================================================================================

 1  63  47  55  30  10   0 0.25  0.0    0 13.7 29 180   M    M   9 18     41 170
 2  54  19  37  11  28   0    T    T    0 17.1 29 270   M    M   9        42 240
 3  23  10  17  -9  48   0 0.02  0.5    0 11.3 28 330   M    M   9 189    34 320
 4  10   3   7 -19  58   0    T    T    0 16.2 30 330   M    M   5 9      37 340
 5  22   5  14 -13  51   0 0.00  0.0    0  9.3 21 330   M    M   0        27 340
 6  41   6  24  -3  41   0 0.04  0.0    0  4.4 12 200   M    M   6        13 200
 7  49  35  42  15  23   0 0.05  0.0    0 12.6 21 180   M    M  10        32 190
 8  55  38  47  19  18   0 0.19  0.0    0 12.4 31 260   M    M   8 1      48 240
 9  43  28  36   8  29   0 0.03  0.9    1 13.9 28 260   M    M   9 1289   40 270
10  30  10  20  -8  45   0    T    T    T 10.9 28 330   M    M   8 9      36 330
11  11   0   6 -23  59   0    T    T    T 18.1 28 320   M    M   9 8      37 320
12  19   4  12 -17  53   0 0.00  0.0    0 13.9 23 320   M    M   5        29 330
13  22   8  15 -15  50   0 0.00  0.0    0  7.4 16 330   M    M   5        20 330
14  20  18  19 -11  46   0 0.79 17.8    0 12.4 28 340   M    M  10 129    34 330
15  23  18  21  -9  44   0 0.34 12.6   20 13.7 24 340   M    M  10 128    33 330
16  28  17  23  -8  42   0    T    T   18 10.6 23 300   M    M   9 8      32 300
17  33  13  23  -8  42   0 0.00  0.0   14  5.3 15 330   M    M   3        18 330
18  40   5  23  -9  42   0 0.00  0.0   13  2.8 12 260   M    M   1        14 260
19  39  15  27  -5  38   0 0.00  0.0   10  5.3 16 320   M    M   0        19 320
20  47  15  31  -1  34   0 0.00  0.0    9  2.8  9 300   M    M   5        12 330
21  38  32  35   2  30   0 0.04  0.0    7  1.4 12 230   M    M   9 18     14 220
22  36  11  24  -9  41   0 0.03  0.2    0 19.3 32 320   M    M   6 1      39 310
23  33   3  18 -16  47   0 0.00  0.0    6  5.0 18 350   M    M   2        23 360
24  36  25  31  -3  34   0 0.57  2.3    6 11.0 25 180   M    M  10 1248   33 190
25  36  21  29  -6  36   0    T    T    7  6.7 17 340   M    M   7 18     20 330
26  39  16  28  -7  37   0 0.01  0.0    7  6.7 20 170   M    M   6 1      27 170
27  42  36  39   3  26   0 0.31  0.0    5  8.4 23 180   M    M  10 1      29 180
28  52  36  44   8  21   0 0.03    T    4  5.7 17 190   M    M  10 1      21 200
29  40  35  38   1  27   0    T    T    2  9.4 20 330   M    M   9 1      24 320
================================================================================
SM 1024  529      1100   0  2.70    34.3 287.7          M      199
================================================================================
AV 35.3 18.2                               9.9 FASTST   M    M   7    MAX(MPH)
                                 MISC ---->  # 32 320               # 48  240
================================================================================
NOTES:
# LAST OF SEVERAL OCCURRENCES

COLUMN 17 PEAK WIND IN M.P.H.

PRELIMINARY LOCAL CLIMATOLOGICAL DATA (WS FORM: F-6) , PAGE 2

                                          STATION:  BURLINGTON VT
                                          MONTH:    MARCH
                                          YEAR:     2017
                                          LATITUDE:   44 28 N
                                          LONGITUDE:  73  9 W

[TEMPERATURE DATA]      [PRECIPITATION DATA]       SYMBOLS USED IN COLUMN 16

AVERAGE MONTHLY: 26.8   TOTAL FOR MONTH:   2.70    1 = FOG OR MIST
DPTR FM NORMAL:  -3.8   DPTR FM NORMAL:    0.63    2 = FOG REDUCING VISIBILITY
HIGHEST:    63 ON  1    GRTST 24HR  0.79 ON 14-14      TO 1/4 MILE OR LESS
LOWEST:      0 ON 11                               3 = THUNDER
                        SNOW, ICE PELLETS, HAIL    4 = ICE PELLETS
                        TOTAL MONTH:  34.3 INCHES  5 = HAIL
                        GRTST 24HR  17.8 ON   M    6 = FREEZING RAIN OR DRIZZLE
                        GRTST DEPTH:  20 ON 15     7 = DUSTSTORM OR SANDSTORM:
                                                       VSBY 1/2 MILE OR LESS
                                                   8 = SMOKE OR HAZE
[NO. OF DAYS WITH]      [WEATHER - DAYS WITH]      9 = BLOWING SNOW
                                                   X = TORNADO
MAX 32 OR BELOW:  10    0.01 INCH OR MORE:  14
MAX 90 OR ABOVE:   0    0.10 INCH OR MORE:   6
MIN 32 OR BELOW:  23    0.50 INCH OR MORE:   2
MIN  0 OR BELOW:   1    1.00 INCH OR MORE:   0

[HDD (BASE 65) ]
TOTAL THIS MO.  1100    CLEAR  (SCALE 0-3)   5
DPTR FM NORMAL   102    PTCLDY (SCALE 4-7)  10
TOTAL FM JUL 1  5478    CLOUDY (SCALE 8-10) 14
DPTR FM NORMAL  -930

[CDD (BASE 65) ]
TOTAL THIS MO.     0
DPTR FM NORMAL     0    [PRESSURE DATA]
TOTAL FM JAN 1     0    HIGHEST SLP M ON M
DPTR FM NORMAL     0    LOWEST  SLP 29.21 ON  1

[REMARKS]
