000
CXUS51 KBTV 290700
CF6BTV
PRELIMINARY LOCAL CLIMATOLOGICAL DATA (WS FORM: F-6)

                                          STATION:   BURLINGTON VT
                                          MONTH:     JULY
                                          YEAR:      2015
                                          LATITUDE:   44 28 N
                                          LONGITUDE:  73  9 W

  TEMPERATURE IN F:       :PCPN:    SNOW:  WIND      :SUNSHINE: SKY     :PK WND
================================================================================
1   2   3   4   5  6A  6B    7    8   9   10  11  12  13   14  15   16   17  18
                                     12Z  AVG MX 2MIN
DY MAX MIN AVG DEP HDD CDD  WTR  SNW DPTH SPD SPD DIR MIN PSBL S-S WX    SPD DR
================================================================================

 1  76  63  70   0   0   5 2.04  0.0    0  6.8 16 290   M    M   8 13     23 290
 2  76  53  65  -5   0   0 0.00  0.0    0  8.2 15 260   M    M   3        23 280
 3  78  49  64  -6   1   0 0.00  0.0    0  3.1 10 160   M    M   2        14 200
 4  74  56  65  -5   0   0 0.42  0.0    0  6.9 17 190   M    M   7 13     24 200
 5  82  59  71   1   0   6 0.00  0.0    0  4.7 12 220   M    M   4        15 200
 6  84  59  72   2   0   7 0.00  0.0    0  4.2 13 190   M    M   2 8      17 180
 7  85  66  76   6   0  11    T  0.0    0 12.6 23 180   M    M   5        31 170
 8  76  58  67  -3   0   2 0.12  0.0    0  9.1 26 340   M    M   5 1      35 340
 9  74  56  65  -6   0   0    T  0.0    0  4.9 14 180   M    M   7        19 200
10  83  61  72   1   0   7 0.00  0.0    0  5.5 16 310   M    M   3 1      21 350
11  88  59  74   3   0   9 0.00  0.0    0  4.8 12 170   M    M   4        15 190
12  89  66  78   7   0  13 0.00  0.0    0  3.5 12 200   M    M   3        16 190
13  88  67  78   7   0  13 0.00  0.0    0  6.0 16 150   M    M   3 18     22 190
14  86  71  79   8   0  14 0.18  0.0    0  9.3 20 190   M    M   6 1      26 190
15  71  57  64  -7   1   0 0.08  0.0    0 10.9 23 330   M    M   6 1      29 330
16  74  50  62  -9   3   0 0.00  0.0    0  5.9 16 330   M    M   1        20 350
17  79  51  65  -6   0   0 0.01  0.0    0  6.4 17 180   M    M   5        23 200
18  85  66  76   5   0  11 0.38  0.0    0 10.5 21 190   M    M   6 1      28 190
19  89  69  79   8   0  14 0.11  0.0    0  7.0 16 180   M    M   7 13     21 200
20  88  66  77   6   0  12 0.00  0.0    0  6.3 16 180   M    M   3        20 180
21  83  63  73   2   0   8 0.60  0.0    0  6.5 26 280   M    M   5 13     37 270
22  77  59  68  -3   0   3 0.20  0.0    0  4.4 16 320   M    M   6        19 320
23  77  63  70  -1   0   5 0.00  0.0    0  5.1 15 310   M    M   7        20 340
24  76  59  68  -3   0   3 0.15  0.0    0  3.5 13 350   M    M   7 1      16 360
25  83  57  70  -1   0   5    T  0.0    0  4.3 12 180   M    M   6        15 190
26  84  68  76   5   0  11 0.01  0.0    0  7.7 16 190   M    M   7        22 190
27  87  65  76   5   0  11    T  0.0    0  4.2 16 350   M    M   4        20 350
28  90  67  79   8   0  14 0.18  0.0    0  3.5 12 170   M    M   4 1      15 170
================================================================================
SM 2282 1703         5 184  4.48     0.0 175.8          M      136
================================================================================
AV 81.5 60.8                               6.3 FASTST   M    M   5    MAX(MPH)
                                 MISC ---->  # 26 340               # 37  270
================================================================================
NOTES:
# LAST OF SEVERAL OCCURRENCES

COLUMN 17 PEAK WIND IN M.P.H.

PRELIMINARY LOCAL CLIMATOLOGICAL DATA (WS FORM: F-6) , PAGE 2

                                          STATION:  BURLINGTON VT
                                          MONTH:    JULY
                                          YEAR:     2015
                                          LATITUDE:   44 28 N
                                          LONGITUDE:  73  9 W

[TEMPERATURE DATA]      [PRECIPITATION DATA]       SYMBOLS USED IN COLUMN 16

AVERAGE MONTHLY: 71.2   TOTAL FOR MONTH:   4.48    1 = FOG OR MIST
DPTR FM NORMAL:   0.4   DPTR FM NORMAL:    0.73    2 = FOG REDUCING VISIBILITY
HIGHEST:    90 ON 28    GRTST 24HR  2.04 ON  1- 1      TO 1/4 MILE OR LESS
LOWEST:     49 ON  3                               3 = THUNDER
                        SNOW, ICE PELLETS, HAIL    4 = ICE PELLETS
                        TOTAL MONTH:   0.0 INCH    5 = HAIL
                        GRTST 24HR     0.0         6 = FREEZING RAIN OR DRIZZLE
                        GRTST DEPTH:   0           7 = DUSTSTORM OR SANDSTORM:
                                                       VSBY 1/2 MILE OR LESS
                                                   8 = SMOKE OR HAZE
[NO. OF DAYS WITH]      [WEATHER - DAYS WITH]      9 = BLOWING SNOW
                                                   X = TORNADO
MAX 32 OR BELOW:   0    0.01 INCH OR MORE:  13
MAX 90 OR ABOVE:   1    0.10 INCH OR MORE:  10
MIN 32 OR BELOW:   0    0.50 INCH OR MORE:   2
MIN  0 OR BELOW:   0    1.00 INCH OR MORE:   1

[HDD (BASE 65) ]
TOTAL THIS MO.     5    CLEAR  (SCALE 0-3)   7
DPTR FM NORMAL    -3    PTCLDY (SCALE 4-7)  21
TOTAL FM JUL 1     5    CLOUDY (SCALE 8-10)  0
DPTR FM NORMAL    -3

[CDD (BASE 65) ]
TOTAL THIS MO.   184
DPTR FM NORMAL    16    [PRESSURE DATA]
TOTAL FM JAN 1   352    HIGHEST SLP M ON M
DPTR FM NORMAL    68    LOWEST  SLP 29.55 ON 21

[REMARKS]
