000
CXUS51 KBUF 271205
CF6BUF
PRELIMINARY LOCAL CLIMATOLOGICAL DATA (WS FORM: F-6)

                                          STATION:   BUFFALO NY
                                          MONTH:     JUNE
                                          YEAR:      2017
                                          LATITUDE:   42 55 N
                                          LONGITUDE:  78 44 W

  TEMPERATURE IN F:       :PCPN:    SNOW:  WIND      :SUNSHINE: SKY     :PK WND
================================================================================
1   2   3   4   5  6A  6B    7    8   9   10  11  12  13   14  15   16   17  18
                                     12Z  AVG MX 2MIN
DY MAX MIN AVG DEP HDD CDD  WTR  SNW DPTH SPD SPD DIR MIN PSBL S-S WX    SPD DR
================================================================================

 1  64  54  59  -3   6   0 0.01  0.0    0 10.4 24 220   M    M   6        29 220
 2  66  48  57  -5   8   0 0.00  0.0    0  9.6 23 230   M    M   3        28 230
 3  69  51  60  -3   5   0    T  0.0    0  5.6 16 250   M    M   4        23 330
 4  73  54  64   1   1   0 0.12  0.0    0 10.1 24 240   M    M   8 13     31 240
 5  65  56  61  -2   4   0    T  0.0    0  6.2 16 340   M    M   9 18     19 330
 6  63  51  57  -7   8   0 0.14  0.0    0 10.0 18  30   M    M  10 1      24  20
 7  70  51  61  -3   4   0 0.00  0.0    0  8.5 16  80   M    M   4 1      21  40
 8  77  49  63  -1   2   0 0.00  0.0    0  5.2 17 340   M    M   3        21 350
 9  71  52  62  -3   3   0 0.00  0.0    0 12.4 23 230   M    M   4        30 250
10  77  61  69   4   0   4 0.01  0.0    0 12.2 24 240   M    M   4        31 240
11  82  70  76  11   0  11 0.00  0.0    0 17.6 31 240   M    M   3        43 250
12  86  70  78  12   0  13 0.00  0.0    0 14.5 26 240   M    M   3        34 230
13  83  65  74   8   0   9    T  0.0    0  6.9 18 350   M    M   7        22 360
14  81  58  70   4   0   5 0.00  0.0    0  8.8 20  60   M    M   2 1      24  60
15  82  60  71   5   0   6 0.12  0.0    0  8.2 16 250   M    M   7 13     20 250
16  83  67  75   8   0  10 0.00  0.0    0 10.3 18 230   M    M   5 1      23 240
17  89  70  80  13   0  15 0.00  0.0    0  9.3 20 190   M    M   6        27 210
18  86  69  78  11   0  13 0.77  0.0    0 13.9 26 250   M    M   6 13     35 250
19  77  66  72   5   0   7    T  0.0    0 12.2 20 230   M    M   6        26 240
20  71  60  66  -2   0   1 0.03  0.0    0 16.1 31 240   M    M   7        42 230
21  72  58  65  -3   0   0 0.00  0.0    0  8.7 20 230   M    M   4        25 240
22  80  56  68   0   0   3 0.06  0.0    0  9.9 25 230   M    M   6 8      35 220
23  77  69  73   5   0   8 0.20  0.0    0 11.4 22 210   M    M  10 1      28 210
24  74  63  69   0   0   4    T  0.0    0 11.8 24 250   M    M   6 3      34 250
25  73  59  66  -3   0   1    T  0.0    0 13.3 31 250   M    M   4        41 260
26  71  57  64  -5   1   0    T    M    M 12.8 26 240   M    M   6        34 230
================================================================================
SM 1962 1544        42 110  1.46     0.0 275.9          M      143
================================================================================
AV 75.5 59.4                              10.6 FASTST   M    M   6    MAX(MPH)
                                 MISC ---->  # 31 240               # 43  250
================================================================================
NOTES:
# LAST OF SEVERAL OCCURRENCES

COLUMN 17 PEAK WIND IN M.P.H.

PRELIMINARY LOCAL CLIMATOLOGICAL DATA (WS FORM: F-6) , PAGE 2

                                          STATION:  BUFFALO NY
                                          MONTH:    JUNE
                                          YEAR:     2017
                                          LATITUDE:   42 55 N
                                          LONGITUDE:  78 44 W

[TEMPERATURE DATA]      [PRECIPITATION DATA]       SYMBOLS USED IN COLUMN 16

AVERAGE MONTHLY: 67.4   TOTAL FOR MONTH:   1.46    1 = FOG OR MIST
DPTR FM NORMAL:   1.6   DPTR FM NORMAL:   -1.77    2 = FOG REDUCING VISIBILITY
HIGHEST:    89 ON 17    GRTST 24HR  0.77 ON 18-18      TO 1/4 MILE OR LESS
LOWEST:     48 ON  2                               3 = THUNDER
                        SNOW, ICE PELLETS, HAIL    4 = ICE PELLETS
                        TOTAL MONTH:   0.0 INCH    5 = HAIL
                        GRTST 24HR     0.0         6 = FREEZING RAIN OR DRIZZLE
                        GRTST DEPTH:   0           7 = DUSTSTORM OR SANDSTORM:
                                                       VSBY 1/2 MILE OR LESS
                                                   8 = SMOKE OR HAZE
[NO. OF DAYS WITH]      [WEATHER - DAYS WITH]      9 = BLOWING SNOW
                                                   X = TORNADO
MAX 32 OR BELOW:   0    0.01 INCH OR MORE:   9
MAX 90 OR ABOVE:   0    0.10 INCH OR MORE:   5
MIN 32 OR BELOW:   0    0.50 INCH OR MORE:   1
MIN  0 OR BELOW:   0    1.00 INCH OR MORE:   0

[HDD (BASE 65) ]
TOTAL THIS MO.    42    CLEAR  (SCALE 0-3)   5
DPTR FM NORMAL   -19    PTCLDY (SCALE 4-7)  17
TOTAL FM JUL 1  5636    CLOUDY (SCALE 8-10)  4
DPTR FM NORMAL  -978

[CDD (BASE 65) ]
TOTAL THIS MO.   110
DPTR FM NORMAL    28    [PRESSURE DATA]
TOTAL FM JAN 1   137    HIGHEST SLP  0.00 ON 18
DPTR FM NORMAL    29    LOWEST  SLP 29.51 ON 23

[REMARKS]
