000
CXUS54 KTSA 171006
CF6BVO
PRELIMINARY LOCAL CLIMATOLOGICAL DATA (WS FORM: F-6)

                                          STATION:   BARTLESVILLE OKLAHOMA
                                          MONTH:     NOVEMBER
                                          YEAR:      2017
                                          LATITUDE:   36 45 N
                                          LONGITUDE:  96  0 W

  TEMPERATURE IN F:       :PCPN:    SNOW:  WIND      :SUNSHINE: SKY     :PK WND
================================================================================
1   2   3   4   5  6A  6B    7    8   9   10  11  12  13   14  15   16   17  18
                                     12Z  AVG MX 2MIN
DY MAX MIN AVG DEP HDD CDD  WTR  SNW DPTH SPD SPD DIR MIN PSBL S-S WX    SPD DR
================================================================================

 1  69  32  51  -3  14   0 0.00  0.0    0  6.7 16 200   M    M   3        24 190
 2  79  51  65  11   0   0 0.00  0.0    0  7.5 22  10   M    M   6 12     28  10
 3  53  49  51  -3  14   0 0.00  0.0    0  5.2 15  20   M    M  10 18     19  10
 4  62  47  55   2  10   0 0.00  0.0    0  1.1  8 150   M    M   7 18     10 140
 5  66  44  55   2  10   0 0.00  0.0    0  4.0 14  10   M    M   7 12     20 360
 6  48  42  45  -7  20   0 0.00  0.0    0  7.5 15  10   M    M  10 18     19  10
 7  48  41  45  -7  20   0 0.00  0.0    0 10.4 18  20   M    M  10 18     24  10
 8  55  28  42 -10  23   0 0.00  0.0    0  4.2 14  70   M    M   2        18  20
 9  62  25  44  -7  21   0 0.00  0.0    0  1.9  9  60   M    M   0        11  50
10  63  31  47  -4  18   0 0.00  0.0    0  6.2 15 150   M    M   0        21 140
11  54  37  46  -4  19   0 0.00  0.0    0  7.7 17 160   M    M  10        23 160
12  55  48  52   2  13   0 0.00  0.0    0  5.8 15  20   M    M  10        20  10
13  59  47  53   4  12   0 0.02  0.0    0  4.8 13 150   M    M  10        16 150
14  59  54  57   8   8   0 0.03  0.0    0  8.5 16 160   M    M  10 18     26 160
15  65  31  48   0  17   0 0.00  0.0    0  5.6 23  10   M    M   4        31  10
16  66  28  47  -1  18   0 0.00  0.0    0  6.0 16 160   M    M   4        22 160
================================================================================
SM  963  635       237   0  0.05     0.0  93.1          M      103
================================================================================
AV 60.2 39.7                               5.8 FASTST   M    M   6    MAX(MPH)
                                 MISC ---->  # 23  10               # 31   10
================================================================================
NOTES:
# LAST OF SEVERAL OCCURRENCES

COLUMN 17 PEAK WIND IN M.P.H.

PRELIMINARY LOCAL CLIMATOLOGICAL DATA (WS FORM: F-6) , PAGE 2

                                          STATION:  BARTLESVILLE OKLAHOMA
                                          MONTH:    NOVEMBER
                                          YEAR:     2017
                                          LATITUDE:   36 45 N
                                          LONGITUDE:  96  0 W

[TEMPERATURE DATA]      [PRECIPITATION DATA]       SYMBOLS USED IN COLUMN 16

AVERAGE MONTHLY: 49.9   TOTAL FOR MONTH:   0.05    1 = FOG OR MIST
DPTR FM NORMAL:  -1.3   DPTR FM NORMAL:   -1.49    2 = FOG REDUCING VISIBILITY
HIGHEST:    79 ON  2    GRTST 24HR  0.03 ON 14-14      TO 1/4 MILE OR LESS
LOWEST:     25 ON  9                               3 = THUNDER
                        SNOW, ICE PELLETS, HAIL    4 = ICE PELLETS
                        TOTAL MONTH:   0.0 INCH    5 = HAIL
                        GRTST 24HR     0.0         6 = FREEZING RAIN OR DRIZZLE
                        GRTST DEPTH:   0           7 = DUSTSTORM OR SANDSTORM:
                                                       VSBY 1/2 MILE OR LESS
                                                   8 = SMOKE OR HAZE
[NO. OF DAYS WITH]      [WEATHER - DAYS WITH]      9 = BLOWING SNOW
                                                   X = TORNADO
MAX 32 OR BELOW:   0    0.01 INCH OR MORE:   2
MAX 90 OR ABOVE:   0    0.10 INCH OR MORE:   0
MIN 32 OR BELOW:   6    0.50 INCH OR MORE:   0
MIN  0 OR BELOW:   0    1.00 INCH OR MORE:   0

[HDD (BASE 65) ]
TOTAL THIS MO.   237    CLEAR  (SCALE 0-3)   4
DPTR FM NORMAL    14    PTCLDY (SCALE 4-7)   5
TOTAL FM JUL 1   461    CLOUDY (SCALE 8-10)  7
DPTR FM NORMAL    -8

[CDD (BASE 65) ]
TOTAL THIS MO.     0
DPTR FM NORMAL     0    [PRESSURE DATA]
TOTAL FM JAN 1  1636    HIGHEST SLP M ON M
DPTR FM NORMAL  -117    LOWEST  SLP 29.58 ON  1

[REMARKS]
