584
CXUS55 KRIW 250945
CF6BYG
PRELIMINARY LOCAL CLIMATOLOGICAL DATA (WS FORM: F-6)

                                          STATION:   BUFFALO WY
                                          MONTH:     MAY
                                          YEAR:      2016
                                          LATITUDE:   44 22 N
                                          LONGITUDE: 106 43 W

  TEMPERATURE IN F:       :PCPN:    SNOW:  WIND      :SUNSHINE: SKY     :PK WND
================================================================================
1   2   3   4   5  6A  6B    7    8   9   10  11  12  13   14  15   16   17  18
                                     12Z  AVG MX 2MIN
DY MAX MIN AVG DEP HDD CDD  WTR  SNW DPTH SPD SPD DIR MIN PSBL S-S WX    SPD DR
================================================================================

 1   M   M   M   M   M   M 0.00  0.0    M   M   M   M   M    M   0         M  M
 2   M   M   M   M   M   M    M    M    M   M   M   M   M    M   0         M  M
 3  71  44  58   9   7   0 0.00  0.0    M  5.4 12 360   M    M   0        15  30
 4  78  48  63  14   2   0 0.00  0.0    M  7.0 15 140   M    M   0        20 120
 5  83  52  68  19   0   3 0.00  0.0    M  5.4 12 250   M    M   0        16  40
 6  64  53  59   9   6   0 0.00  0.0    M 18.3 40 340   M    M   5 8      54 340
 7  56  47  52   2  13   0 0.12    M    M  5.8 13 280   M    M  10 1      15 280
 8  61  43  52   2  13   0 0.00  0.0    M 10.0 16 140   M    M   4 18     21 140
 9  62  36  49  -1  16   0 0.03    M    M 16.7 33 350   M    M   5 1      42 350
10  43  33  38 -13  27   0 0.09    M    M 17.5 31 350   M    M   9 1      40 340
11  52  36  44  -7  21   0 0.00  0.0    M 15.5 33 340   M    M   8        43 330
12  69  32  51   0  14   0 0.00  0.0    M  9.4 35 340   M    M   0        45 350
13  43  32  38 -13  27   0    T    M    M 11.7 33 340   M    M  10 1      42 350
14  48  35  42 -10  23   0    T    M    M  5.4 13 140   M    M  10        16 140
15  52  35  44  -8  21   0 0.15    M    M  9.1 21 160   M    M   7 1      26 140
16  57  41  49  -3  16   0 0.38    M    M  4.9 12 180   M    M   8 18     14 180
17  60  38  49  -3  16   0 0.00  0.0    0 14.8 29 150   M    M   0        34 150
18  70  36  53   1  12   0 0.00    M    M  4.3 12 160   M    M   1        16 230
19  76  48  62   9   3   0 0.02    M    M  7.8 24 330   M    M   1 3      39 340
20  70  50  60   7   5   0 0.04    M    M  6.2 21 350   M    M   2 3      27 340
21  82  49  66  13   0   1 0.26    M    M 16.1 44 190   M    M   0 38     54 170
22  67  47  57   4   8   0 0.03    M    M 11.2 23 210   M    M   3        31 220
23  67  39  53  -1  12   0 0.00  0.0    M  7.4 20 360   M    M   1        25 350
24  67  39  53  -1  12   0 0.11    M    M  8.7 31 220   M    M   4 3      39 230
================================================================================
SM 1398  913       274   4  1.23     0.0 218.6          M       88
================================================================================
AV 63.5 41.5                               9.9 FASTST   M    M   4    MAX(MPH)
                                 MISC ---->  # 44 190               # 54  340
================================================================================
NOTES:
# LAST OF SEVERAL OCCURRENCES

COLUMN 17 PEAK WIND IN M.P.H.

PRELIMINARY LOCAL CLIMATOLOGICAL DATA (WS FORM: F-6) , PAGE 2

                                          STATION:  BUFFALO WY
                                          MONTH:    MAY
                                          YEAR:     2016
                                          LATITUDE:   44 22 N
                                          LONGITUDE: 106 43 W

[TEMPERATURE DATA]      [PRECIPITATION DATA]       SYMBOLS USED IN COLUMN 16

AVERAGE MONTHLY: 52.5   TOTAL FOR MONTH:   1.23    1 = FOG OR MIST
DPTR FM NORMAL:   1.4   DPTR FM NORMAL:   -0.76    2 = FOG REDUCING VISIBILITY
HIGHEST:    83 ON  5    GRTST 24HR  0.53 ON 15-16      TO 1/4 MILE OR LESS
LOWEST:     32 ON 13,12                            3 = THUNDER
                        SNOW, ICE PELLETS, HAIL    4 = ICE PELLETS
                        TOTAL MONTH:   0.0 INCH    5 = HAIL
                        GRTST 24HR     0.0         6 = FREEZING RAIN OR DRIZZLE
                        GRTST DEPTH:   0           7 = DUSTSTORM OR SANDSTORM:
                                                       VSBY 1/2 MILE OR LESS
                                                   8 = SMOKE OR HAZE
[NO. OF DAYS WITH]      [WEATHER - DAYS WITH]      9 = BLOWING SNOW
                                                   X = TORNADO
MAX 32 OR BELOW:   0    0.01 INCH OR MORE:  10
MAX 90 OR ABOVE:   0    0.10 INCH OR MORE:   5
MIN 32 OR BELOW:   2    0.50 INCH OR MORE:   0
MIN  0 OR BELOW:   0    1.00 INCH OR MORE:   0

[HDD (BASE 65) ]
TOTAL THIS MO.   274    CLEAR  (SCALE 0-3)  13
DPTR FM NORMAL   -63    PTCLDY (SCALE 4-7)   6
TOTAL FM JUL 1  5819    CLOUDY (SCALE 8-10)  5
DPTR FM NORMAL -1362

[CDD (BASE 65) ]
TOTAL THIS MO.     4
DPTR FM NORMAL     4    [PRESSURE DATA]
TOTAL FM JAN 1     5    HIGHEST SLP M ON M
DPTR FM NORMAL     5    LOWEST  SLP 29.49 ON  8

[REMARKS]
