000
CXUS54 KHGX 241415
CF6BYY
PRELIMINARY LOCAL CLIMATOLOGICAL DATA (WS FORM: F-6)

                                          STATION:   Bay City
                                          MONTH:     SEPTEMBER
                                          YEAR:      2016
                                          LATITUDE:   28 58 N
                                          LONGITUDE:  95 52 W

  TEMPERATURE IN F:       :PCPN:    SNOW:  WIND      :SUNSHINE: SKY     :PK WND
================================================================================
1   2   3   4   5  6A  6B    7    8   9   10  11  12  13   14  15   16   17  18
                                     12Z  AVG MX 2MIN
DY MAX MIN AVG DEP HDD CDD  WTR  SNW DPTH SPD SPD DIR MIN PSBL S-S WX    SPD DR
================================================================================

 1  94  76  85   M   0  20 0.00  0.0    0  3.1  8 360   M    M   2 1       M  M
 2  93  74  84   M   0  19 0.53  0.0    0  4.0 18  60   M    M   2 1      25  60
 3  90  75  83   M   0  18 0.06  0.0    0  3.7  9  50   M    M   3 1       M  M
 4  91  75  83   M   0  18 0.00  0.0    0  3.8 16 190   M    M   2 1      23 190
 5  91  77  84   M   0  19 0.00  0.0    0  5.5 14 150   M    M   2        20 150
 6  91  76  84   M   0  19 0.00  0.0    0  5.6 12 130   M    M   3 8      16 150
 7  90  78  84   M   0  19 0.00  0.0    0  4.2  9 150   M    M   3 1       M  M
 8  91  77  84   M   0  19 0.00  0.0    0  4.8 10 160   M    M   2 18      M  M
 9  92  76  84   M   0  19 0.01  0.0    0  3.4  9 160   M    M   3         M  M
10  90  74  82   M   0  17 0.00  0.0    0  2.3 14  40   M    M   2        21  40
11  91  73  82   M   0  17 0.00  0.0    0  2.3 10 360   M    M   2 1       M  M
12  91  73  82   M   0  17 0.00  0.0    0  2.3  8  40   M    M   1 1       M  M
13  90  74  82   M   0  17 0.08  0.0    0  3.4  9  70   M    M   2         M  M
14  90  76  83   M   0  18 0.05  0.0    0  4.7  8  70   M    M   2         M  M
15  91  75  83   M   0  18 0.00  0.0    0  5.4 10  80   M    M   2         M  M
16  91  76  84   M   0  19 0.00  0.0    0  2.7 10 140   M    M   2         M  M
17  92  75  84   M   0  19 0.00  0.0    0  2.1  8 140   M    M   3 1       M  M
18  95  73  84   M   0  19 0.00  0.0    0  2.2  9 180   M    M   4 1       M  M
19  95  75  85   M   0  20 0.00  0.0    0  1.9  9 160   M    M   4 1       M  M
20  94  73  84   M   0  19 0.01  0.0    0  1.6  7 140   M    M   4 1       M  M
21  92  72  82   M   0  17 0.00  0.0    0  2.6  9 120   M    M   1 1       M  M
22  90  75  83   M   0  18 0.00  0.0    0  6.0 14 150   M    M   3        17 160
23  90  75  83   M   0  18 0.00  0.0    0  3.9 13 170   M    M   3        17 170
================================================================================
SM 2105 1723         0 423  0.74     0.0  81.5          M       57
================================================================================
AV 91.5 74.9                               3.5 FASTST   M    M   2    MAX(MPH)
                                 MISC ---->    18   M                 25    M
================================================================================
NOTES:
# LAST OF SEVERAL OCCURRENCES

COLUMN 17 PEAK WIND IN M.P.H.

PRELIMINARY LOCAL CLIMATOLOGICAL DATA (WS FORM: F-6) , PAGE 2

                                          STATION:  Bay City
                                          MONTH:    SEPTEMBER
                                          YEAR:     2016
                                          LATITUDE:   28 58 N
                                          LONGITUDE:  95 52 W

[TEMPERATURE DATA]      [PRECIPITATION DATA]       SYMBOLS USED IN COLUMN 16

AVERAGE MONTHLY: 83.2   TOTAL FOR MONTH:   0.74    1 = FOG OR MIST
DPTR FM NORMAL:     M   DPTR FM NORMAL:       M    2 = FOG REDUCING VISIBILITY
HIGHEST:    95 ON 19,18 GRTST 24HR  0.53 ON  2- 2      TO 1/4 MILE OR LESS
LOWEST:     72 ON 21                               3 = THUNDER
                        SNOW, ICE PELLETS, HAIL    4 = ICE PELLETS
                        TOTAL MONTH:   0.0 INCH    5 = HAIL
                        GRTST 24HR     0.0         6 = FREEZING RAIN OR DRIZZLE
                        GRTST DEPTH:   0           7 = DUSTSTORM OR SANDSTORM:
                                                       VSBY 1/2 MILE OR LESS
                                                   8 = SMOKE OR HAZE
[NO. OF DAYS WITH]      [WEATHER - DAYS WITH]      9 = BLOWING SNOW
                                                   X = TORNADO
MAX 32 OR BELOW:   0    0.01 INCH OR MORE:   6
MAX 90 OR ABOVE:  23    0.10 INCH OR MORE:   1
MIN 32 OR BELOW:   0    0.50 INCH OR MORE:   1
MIN  0 OR BELOW:   0    1.00 INCH OR MORE:   0

[HDD (BASE 65) ]
TOTAL THIS MO.     0    CLEAR  (SCALE 0-3)  17
DPTR FM NORMAL     M    PTCLDY (SCALE 4-7)   6
TOTAL FM JUL 1     0    CLOUDY (SCALE 8-10)  0
DPTR FM NORMAL     M

[CDD (BASE 65) ]
TOTAL THIS MO.   423
DPTR FM NORMAL     M    [PRESSURE DATA]
TOTAL FM JAN 1  2892    HIGHEST SLP M ON M
DPTR FM NORMAL     M    LOWEST  SLP M ON M

[REMARKS]
