000
CXUS56 KMTR 251000
CF6CCR
PRELIMINARY LOCAL CLIMATOLOGICAL DATA (WS FORM: F-6)

                                          STATION:   CONCORD AIRPORT
                                          MONTH:     MAY
                                          YEAR:      2015
                                          LATITUDE:   37 58 N
                                          LONGITUDE: 122  3 W

  TEMPERATURE IN F:       :PCPN:    SNOW:  WIND      :SUNSHINE: SKY     :PK WND
================================================================================
1   2   3   4   5  6A  6B    7    8   9   10  11  12  13   14  15   16   17  18
                                     12Z  AVG MX 2MIN
DY MAX MIN AVG DEP HDD CDD  WTR  SNW DPTH SPD SPD DIR MIN PSBL S-S WX    SPD DR
================================================================================

 1  90  56  73  12   0   8 0.00  0.0    0  5.4 17 290   M    M   0        21 290
 2  81  53  67   5   0   2 0.00  0.0    0  8.8 16 270   M    M   0        20 310
 3  70  51  61  -1   4   0 0.00  0.0    0 10.0 21 260   M    M   2        26 260
 4  70  52  61  -1   4   0 0.00  0.0    0 14.8 25 190   M    M   4        32 180
 5  72  53  63   1   2   0 0.00  0.0    0 16.6 23 190   M    M   0        30 190
 6  76  51  64   2   1   0 0.00  0.0    0 12.7 22 200   M    M   1        28 200
 7  70  51  61  -1   4   0    T  0.0    0  9.2 18  10   M    M   5        24  10
 8  76  45  61  -2   4   0 0.00  0.0    0  5.3 15 210   M    M   0        19 300
 9  75  52  64   1   1   0 0.00  0.0    0 10.4 18 200   M    M   3        23 190
10  73  52  63   0   2   0 0.00  0.0    0 14.0 22 190   M    M   2        27 200
11  70  52  61  -2   4   0 0.00  0.0    0 15.4 22 180   M    M   1        29 180
12  70  50  60  -3   5   0 0.00  0.0    0 11.6 20 300   M    M   1        25 280
13  67  51  59  -5   6   0 0.00  0.0    0 10.3 21 240   M    M   1        25 220
14  66  52  59  -5   6   0 0.04  0.0    0  7.9 21 170   M    M   5 3      24 170
15  69  50  60  -4   5   0 0.00  0.0    0 11.0 18 190   M    M   2        24 220
16  68  54  61  -3   4   0 0.00  0.0    0 14.7 20 200   M    M   2 8      26 180
17  69  55  62  -2   3   0 0.00  0.0    0 11.1 17 200   M    M   5        22 250
18  68  54  61  -3   4   0 0.00  0.0    0 12.1 22 190   M    M   7        26 170
19  72  54  63  -1   2   0 0.00  0.0    0 11.9 18 190   M    M   6        24 180
20  68  54  61  -4   4   0 0.00  0.0    0 14.2 22 200   M    M   4        29 190
21  71  56  64  -1   1   0 0.00  0.0    0 10.0 20 250   M    M   6        24 240
22  71  53  62  -3   3   0 0.00  0.0    0 10.8 21 200   M    M   5        26 190
23  71  55  63  -2   2   0 0.00  0.0    0 15.4 22 190   M    M   5        28 190
24  72  54  63  -2   2   0 0.00  0.0    0 14.7 22 180   M    M   2        26 180
================================================================================
SM 1725 1260        73  10  0.04     0.0 278.3          M       69
================================================================================
AV 71.9 52.5                              11.6 FASTST   M    M   3    MAX(MPH)
                                 MISC ---->  # 25 190               # 32  180
================================================================================
NOTES:
# LAST OF SEVERAL OCCURRENCES

COLUMN 17 PEAK WIND IN M.P.H.

PRELIMINARY LOCAL CLIMATOLOGICAL DATA (WS FORM: F-6) , PAGE 2

                                          STATION:  CONCORD AIRPORT
                                          MONTH:    MAY
                                          YEAR:     2015
                                          LATITUDE:   37 58 N
                                          LONGITUDE: 122  3 W

[TEMPERATURE DATA]      [PRECIPITATION DATA]       SYMBOLS USED IN COLUMN 16

AVERAGE MONTHLY: 62.2   TOTAL FOR MONTH:   0.04    1 = FOG OR MIST
DPTR FM NORMAL:  -1.2   DPTR FM NORMAL:   -0.43    2 = FOG REDUCING VISIBILITY
HIGHEST:    90 ON  1    GRTST 24HR  0.04 ON 14-14      TO 1/4 MILE OR LESS
LOWEST:     45 ON  8                               3 = THUNDER
                        SNOW, ICE PELLETS, HAIL    4 = ICE PELLETS
                        TOTAL MONTH:   0.0 INCH    5 = HAIL
                        GRTST 24HR     0.0         6 = FREEZING RAIN OR DRIZZLE
                        GRTST DEPTH:   0           7 = DUSTSTORM OR SANDSTORM:
                                                       VSBY 1/2 MILE OR LESS
                                                   8 = SMOKE OR HAZE
[NO. OF DAYS WITH]      [WEATHER - DAYS WITH]      9 = BLOWING SNOW
                                                   X = TORNADO
MAX 32 OR BELOW:   0    0.01 INCH OR MORE:   1
MAX 90 OR ABOVE:   1    0.10 INCH OR MORE:   0
MIN 32 OR BELOW:   0    0.50 INCH OR MORE:   0
MIN  0 OR BELOW:   0    1.00 INCH OR MORE:   0

[HDD (BASE 65) ]
TOTAL THIS MO.    73    CLEAR  (SCALE 0-3)  13
DPTR FM NORMAL    -3    PTCLDY (SCALE 4-7)  11
TOTAL FM JUL 1  1527    CLOUDY (SCALE 8-10)  0
DPTR FM NORMAL  -916

[CDD (BASE 65) ]
TOTAL THIS MO.    10
DPTR FM NORMAL   -28    [PRESSURE DATA]
TOTAL FM JAN 1    36    HIGHEST SLP 30.12 ON 18
DPTR FM NORMAL   -16    LOWEST  SLP 29.73 ON  7

[REMARKS]
