000
CXUS56 KMTR 251000
CF6CCR
PRELIMINARY LOCAL CLIMATOLOGICAL DATA (WS FORM: F-6)

                                          STATION:   CONCORD AIRPORT
                                          MONTH:     FEBRUARY
                                          YEAR:      2017
                                          LATITUDE:   37 58 N
                                          LONGITUDE: 122  3 W

  TEMPERATURE IN F:       :PCPN:    SNOW:  WIND      :SUNSHINE: SKY     :PK WND
================================================================================
1   2   3   4   5  6A  6B    7    8   9   10  11  12  13   14  15   16   17  18
                                     12Z  AVG MX 2MIN
DY MAX MIN AVG DEP HDD CDD  WTR  SNW DPTH SPD SPD DIR MIN PSBL S-S WX    SPD DR
================================================================================

 1  52  42  47  -2  18   0    T    M    0  2.6 14 310   M    M   4 18     19 320
 2  66  48  57   7   8   0 0.22  0.0    0  5.4 18 170   M    M   8 18     24 170
 3  62  55  59   9   6   0 0.71  0.0    0 10.2 24 200   M    M   9 18     28 210
 4  61  50  56   6   9   0 0.07  0.0    0  5.8 16 240   M    M   5 1      21 210
 5  64  47  56   6   9   0 0.15    M    0  8.3 24 180   M    M   5 1      31 190
 6  59  55  57   7   8   0 0.41  0.0    0  8.9 20 180   M    M  10 1      26 190
 7  64  57  61  11   4   0 1.18  0.0    0 10.8 30 200   M    M   9 1      40 200
 8  66  57  62  11   3   0 0.22  0.0    0  5.7 13 210   M    M  10 1      18 190
 9  64  58  61  10   4   0 0.50  0.0    0  9.5 28 180   M    M   9 1      38 180
10  64  51  58   7   7   0 0.05  0.0    0  6.8 15 290   M    M   6 1      18 290
11  65  45  55   4  10   0 0.00  0.0    0  3.3 17 290   M    M   1        21 300
12  67  40  54   2  11   0 0.00  0.0    0  2.0  7 180   M    M   0        10  50
13  65  41  53   1  12   0    T    M    0  2.7  9  10   M    M   0        11  40
14  67  44  56   4   9   0 0.00  0.0    0  3.6 10  30   M    M   0        15  40
15  63  48  56   4   9   0 0.00    M    0  3.0 17 200   M    M   4 18     22 200
16  67  53  60   8   5   0 0.18  0.0    0  9.8 24 190   M    M   5 1      36 180
17  59  52  56   4   9   0 0.60  0.0    0  8.7 25 120   M    M  10 1      34 130
18  61  50  56   3   9   0    T  0.0    0  9.4 20 250   M    M   7 1      24 260
19  59  49  54   1  11   0 0.09  0.0    0  8.4 17 180   M    M  10 1      22 190
20  60  55  58   5   7   0 1.37  0.0    0 11.0 28 200   M    M  10 1      37 210
21  60  49  55   2  10   0 0.20    M    0  9.2 28 210   M    M   7 1      36 220
22  57  41  49  -4  16   0 0.00  0.0    0 10.6 25 300   M    M   0        31 300
23  55  39  47  -7  18   0 0.00  0.0    0  5.5 17 290   M    M   0        21 290
24  56  36  46  -8  19   0 0.00  0.0    0  5.6 15 300   M    M   1        17 260
================================================================================
SM 1483 1162       231   0  5.95     0.0 166.8          M      130
================================================================================
AV 61.8 48.4                               7.0 FASTST   M    M   5    MAX(MPH)
                                 MISC ---->  # 30 200               # 40  200
================================================================================
NOTES:
# LAST OF SEVERAL OCCURRENCES

COLUMN 17 PEAK WIND IN M.P.H.

PRELIMINARY LOCAL CLIMATOLOGICAL DATA (WS FORM: F-6) , PAGE 2

                                          STATION:  CONCORD AIRPORT
                                          MONTH:    FEBRUARY
                                          YEAR:     2017
                                          LATITUDE:   37 58 N
                                          LONGITUDE: 122  3 W

[TEMPERATURE DATA]      [PRECIPITATION DATA]       SYMBOLS USED IN COLUMN 16

AVERAGE MONTHLY: 55.1   TOTAL FOR MONTH:   5.95    1 = FOG OR MIST
DPTR FM NORMAL:   3.5   DPTR FM NORMAL:    3.09    2 = FOG REDUCING VISIBILITY
HIGHEST:    67 ON 16,14 GRTST 24HR  1.47 ON  6- 7      TO 1/4 MILE OR LESS
LOWEST:     36 ON 24                               3 = THUNDER
                        SNOW, ICE PELLETS, HAIL    4 = ICE PELLETS
                        TOTAL MONTH:   0.0 INCH    5 = HAIL
                        GRTST 24HR     0.0         6 = FREEZING RAIN OR DRIZZLE
                        GRTST DEPTH:   0           7 = DUSTSTORM OR SANDSTORM:
                                                       VSBY 1/2 MILE OR LESS
                                                   8 = SMOKE OR HAZE
[NO. OF DAYS WITH]      [WEATHER - DAYS WITH]      9 = BLOWING SNOW
                                                   X = TORNADO
MAX 32 OR BELOW:   0    0.01 INCH OR MORE:  14
MAX 90 OR ABOVE:   0    0.10 INCH OR MORE:  11
MIN 32 OR BELOW:   0    0.50 INCH OR MORE:   5
MIN  0 OR BELOW:   0    1.00 INCH OR MORE:   2

[HDD (BASE 65) ]
TOTAL THIS MO.   231    CLEAR  (SCALE 0-3)   7
DPTR FM NORMAL   -92    PTCLDY (SCALE 4-7)   8
TOTAL FM JUL 1  1514    CLOUDY (SCALE 8-10)  9
DPTR FM NORMAL  -306

[CDD (BASE 65) ]
TOTAL THIS MO.     0
DPTR FM NORMAL     0    [PRESSURE DATA]
TOTAL FM JAN 1     0    HIGHEST SLP M ON M
DPTR FM NORMAL     0    LOWEST  SLP 29.14 ON 17

[REMARKS]
