000
CXUS56 KMTR 251000
CF6CCR
PRELIMINARY LOCAL CLIMATOLOGICAL DATA (WS FORM: F-6)

                                          STATION:   CONCORD AIRPORT
                                          MONTH:     SEPTEMBER
                                          YEAR:      2017
                                          LATITUDE:   37 58 N
                                          LONGITUDE: 122  3 W

  TEMPERATURE IN F:       :PCPN:    SNOW:  WIND      :SUNSHINE: SKY     :PK WND
================================================================================
1   2   3   4   5  6A  6B    7    8   9   10  11  12  13   14  15   16   17  18
                                     12Z  AVG MX 2MIN
DY MAX MIN AVG DEP HDD CDD  WTR  SNW DPTH SPD SPD DIR MIN PSBL S-S WX    SPD DR
================================================================================

 1 111  69  90  18   0  25 0.00  0.0    0  3.9 13 260   M    M   0 8      17 260
 2 110  73  92  20   0  27 0.00  0.0    0  4.1 10 280   M    M   0        14 350
 3 106  75  91  19   0  26 0.00  0.0    0  5.5 21 210   M    M   0        25 210
 4  88  69  79   7   0  14 0.00  0.0    0  8.0 20 210   M    M   0 8      23 210
 5  90  70  80   8   0  15 0.00  0.0    0  8.8 17 300   M    M   0        22 310
 6  84  66  75   4   0  10    T  0.0    0  9.0 18 260   M    M   0        22 250
 7  77  64  71   0   0   6    T  0.0    0  9.3 16 250   M    M   7        20 260
 8  85  62  74   3   0   9 0.00  0.0    0  8.0 16 330   M    M   2 1      20 200
 9  91  62  77   6   0  12 0.00  0.0    0  7.4 17 340   M    M   0        22 180
10 101  63  82  11   0  17 0.00  0.0    0  3.6 17 300   M    M   0        23 290
11  98  70  84  13   0  19    T  0.0    0  7.9 23 220   M    M   1 3      28 190
12  92  65  79   8   0  14    T  0.0    0  7.9 20 240   M    M   2        24 230
13  76  64  70  -1   0   5 0.03  0.0    0 13.1 23 260   M    M   7 38     29 250
14  76  62  69  -1   0   4 0.00  0.0    0 13.4 23 190   M    M   4        27 190
15  82  58  70   0   0   5 0.00  0.0    0  8.3 15 200   M    M   1        24 230
16  84  57  71   1   0   6 0.00  0.0    0  7.9 20 320   M    M   0        22 320
17  84  58  71   1   0   6 0.00  0.0    0 12.0 21 190   M    M   0        24 200
18  79  62  71   1   0   6 0.00  0.0    0 12.4 23 250   M    M   2        27 240
19  80  58  69  -1   0   4 0.00  0.0    0  6.4 17 250   M    M   0        25 320
20  75  60  68  -2   0   3    T  0.0    0 11.5 22 230   M    M   4 1      26 230
21  74  55  65  -4   0   0 0.00  0.0    0  8.1 17 280   M    M   1        21 270
22  76  52  64  -5   1   0 0.00  0.0    0  5.7 16 320   M    M   0        18 320
23  82  50  66  -3   0   1 0.00  0.0    0  5.4 14  10   M    M   0        21  20
24  85  51  68  -1   0   3 0.00  0.0    0  5.4 15  10   M    M   0        21 360
================================================================================
SM 2086 1495         1 237  0.03     0.0 193.0          M       31
================================================================================
AV 86.9 62.3                               8.0 FASTST   M    M   1    MAX(MPH)
                                 MISC ---->  # 23 220               # 29  250
================================================================================
NOTES:
# LAST OF SEVERAL OCCURRENCES

COLUMN 17 PEAK WIND IN M.P.H.

PRELIMINARY LOCAL CLIMATOLOGICAL DATA (WS FORM: F-6) , PAGE 2

                                          STATION:  CONCORD AIRPORT
                                          MONTH:    SEPTEMBER
                                          YEAR:     2017
                                          LATITUDE:   37 58 N
                                          LONGITUDE: 122  3 W

[TEMPERATURE DATA]      [PRECIPITATION DATA]       SYMBOLS USED IN COLUMN 16

AVERAGE MONTHLY: 74.6   TOTAL FOR MONTH:   0.03    1 = FOG OR MIST
DPTR FM NORMAL:   4.0   DPTR FM NORMAL:   -0.03    2 = FOG REDUCING VISIBILITY
HIGHEST:   111 ON  1    GRTST 24HR  0.03 ON 13-13      TO 1/4 MILE OR LESS
LOWEST:     50 ON 23                               3 = THUNDER
                        SNOW, ICE PELLETS, HAIL    4 = ICE PELLETS
                        TOTAL MONTH:   0.0 INCH    5 = HAIL
                        GRTST 24HR     0.0         6 = FREEZING RAIN OR DRIZZLE
                        GRTST DEPTH:   0           7 = DUSTSTORM OR SANDSTORM:
                                                       VSBY 1/2 MILE OR LESS
                                                   8 = SMOKE OR HAZE
[NO. OF DAYS WITH]      [WEATHER - DAYS WITH]      9 = BLOWING SNOW
                                                   X = TORNADO
MAX 32 OR BELOW:   0    0.01 INCH OR MORE:   1
MAX 90 OR ABOVE:   8    0.10 INCH OR MORE:   0
MIN 32 OR BELOW:   0    0.50 INCH OR MORE:   0
MIN  0 OR BELOW:   0    1.00 INCH OR MORE:   0

[HDD (BASE 65) ]
TOTAL THIS MO.     1    CLEAR  (SCALE 0-3)  20
DPTR FM NORMAL    -2    PTCLDY (SCALE 4-7)   4
TOTAL FM JUL 1     1    CLOUDY (SCALE 8-10)  0
DPTR FM NORMAL    -7

[CDD (BASE 65) ]
TOTAL THIS MO.   237
DPTR FM NORMAL    96    [PRESSURE DATA]
TOTAL FM JAN 1  1288    HIGHEST SLP M ON M
DPTR FM NORMAL   474    LOWEST  SLP 29.74 ON M

[REMARKS]
