000
CXUS55 KBOU 211443
CF6CCU
PRELIMINARY LOCAL CLIMATOLOGICAL DATA (WS FORM: F-6)

                                          STATION:   COPPER MTN CO
                                          MONTH:     OCTOBER
                                          YEAR:      2014
                                          LATITUDE:   39 28 N
                                          LONGITUDE: 106  9 W

  TEMPERATURE IN F:       :PCPN:    SNOW:  WIND      :SUNSHINE: SKY     :PK WND
================================================================================
1   2   3   4   5  6A  6B    7    8   9   10  11  12  13   14  15   16   17  18
                                     12Z  AVG MX 2MIN
DY MAX MIN AVG DEP HDD CDD  WTR  SNW DPTH SPD SPD DIR MIN PSBL S-S WX    SPD DR
================================================================================

 1  37  25  31   M  34   0    M    M    M 13.3 23 280   M    M   8 38     39 270
 2  34  23  29   M  36   0    M    M    M 18.9 25 280   M    M   5 8      40 270
 3  37  27  32   M  33   0    M    M    M 21.1 31 270   M    M   2        43 280
 4  45  32  39   M  26   0    M    M    M 19.1 25 270   M    M   0 8      39 270
 5  45  32  39   M  26   0    M    M    M 19.2 32 270   M    M   3 8      40 280
 6  48  34  41   M  24   0    M    M    M 21.4 30 260   M    M   1 8      39 260
 7  54  36  45   M  20   0    M    M    M 11.6 20 270   M    M   0        27 250
 8  59  43  51   M  14   0    M    M    M  9.4 21 280   M    M   5        17 270
 9  45  34  40   M  25   0    M    M    M 11.0 22 100   M    M  10        35 100
10  41  34  38   M  27   0    M    M    M  9.9 21 120   M    M  10 12     29 130
11  45  34  40   M  25   0    M    M    M 18.1 27 270   M    M   8 28     35 260
12  36  25  31   M  34   0    M    M    M 23.9 31 270   M    M  10 3      50 270
13  28  23  26   M  39   0    M    M    M 18.2 24 280   M    M   6        32 280
14  52  27  40   M  25   0    M    M    M 12.1 18 180   M    M   0        22 270
15  55  41  48   M  17   0    M    M    M 18.4 25 250   M    M   0        38 230
16  52  37  45   M  20   0    M    M    M 17.5 32 260   M    M   4        40 260
17  54  36  45   M  20   0    M    M    M 12.1 23 280   M    M   1 8      27 280
18  46  37  42   M  23   0    M    M    M 11.0 20 290   M    M   2        24 280
19  54  37  46   M  19   0    M    M    M  8.7 17 160   M    M   3        20 140
20  54  37  46   M  19   0    M    M    M 14.0 22 170   M    M   4        23 160
================================================================================
SM  921  654       506   0    M     M    308.9          M       82
================================================================================
AV 46.0 32.7                              15.4 FASTST   M    M   4    MAX(MPH)
                                 MISC ---->    32   M               # 50  270
================================================================================
NOTES:
# LAST OF SEVERAL OCCURRENCES

COLUMN 17 PEAK WIND IN M.P.H.

PRELIMINARY LOCAL CLIMATOLOGICAL DATA (WS FORM: F-6) , PAGE 2

                                          STATION:  COPPER MTN CO
                                          MONTH:    OCTOBER
                                          YEAR:     2014
                                          LATITUDE:   39 28 N
                                          LONGITUDE: 106  9 W

[TEMPERATURE DATA]      [PRECIPITATION DATA]       SYMBOLS USED IN COLUMN 16

AVERAGE MONTHLY: 39.4   TOTAL FOR MONTH:      M    1 = FOG OR MIST
DPTR FM NORMAL:     M   DPTR FM NORMAL:       M    2 = FOG REDUCING VISIBILITY
HIGHEST:    59 ON  8    GRTST 24HR    M  ON   M        TO 1/4 MILE OR LESS
LOWEST:     23 ON 13, 2                            3 = THUNDER
                        SNOW, ICE PELLETS, HAIL    4 = ICE PELLETS
                        TOTAL MONTH:    M          5 = HAIL
                        GRTST 24HR    M  ON   M    6 = FREEZING RAIN OR DRIZZLE
                        GRTST DEPTH:  M  ON   M    7 = DUSTSTORM OR SANDSTORM:
                                                       VSBY 1/2 MILE OR LESS
                                                   8 = SMOKE OR HAZE
[NO. OF DAYS WITH]      [WEATHER - DAYS WITH]      9 = BLOWING SNOW
                                                   X = TORNADO
MAX 32 OR BELOW:   1    0.01 INCH OR MORE:   0
MAX 90 OR ABOVE:   0    0.10 INCH OR MORE:   0
MIN 32 OR BELOW:   8    0.50 INCH OR MORE:   0
MIN  0 OR BELOW:   0    1.00 INCH OR MORE:   0

[HDD (BASE 65) ]
TOTAL THIS MO.   506    CLEAR  (SCALE 0-3)  10
DPTR FM NORMAL     M    PTCLDY (SCALE 4-7)   7
TOTAL FM JUL 1  1569    CLOUDY (SCALE 8-10)  3
DPTR FM NORMAL     M

[CDD (BASE 65) ]
TOTAL THIS MO.     0
DPTR FM NORMAL     M    [PRESSURE DATA]
TOTAL FM JAN 1     0    HIGHEST SLP M ON M
DPTR FM NORMAL     M    LOWEST  SLP M ON M

[REMARKS]
