000
CXUS54 KLUB 010755
CF6CDS
PRELIMINARY LOCAL CLIMATOLOGICAL DATA (WS FORM: F-6)

                                          STATION:   CHILDRESS
                                          MONTH:     FEBRUARY
                                          YEAR:      2015
                                          LATITUDE:   34 25 N
                                          LONGITUDE: 100 17 W

  TEMPERATURE IN F:       :PCPN:    SNOW:  WIND      :SUNSHINE: SKY     :PK WND
================================================================================
1   2   3   4   5  6A  6B    7    8   9   10  11  12  13   14  15   16   17  18
                                     12Z  AVG MX 2MIN
DY MAX MIN AVG DEP HDD CDD  WTR  SNW DPTH SPD SPD DIR MIN PSBL S-S WX    SPD DR
================================================================================

 1  46  29  38  -5  27   0 0.00  0.0    0 16.5 32 360   M    M   5 12     40 350
 2  45  19  32 -11  33   0 0.00  0.0    0  8.4 17 360   M    M   4        22 160
 3  64  25  45   2  20   0 0.00  0.0    0  9.8 21 160   M    M   0        26 150
 4  54  28  41  -2  24   0    T    M    0 15.8 38  10   M    M   5 1268   46  10
 5  42  26  34  -9  31   0 0.00  0.0    0  8.1 21  10   M    M   7        25  10
 6  79  27  53  10  12   0 0.00  0.0    0 13.0 24 190   M    M   0 1      28 190
 7  84  43  64  21   1   0 0.00  0.0    0  8.4 17 290   M    M   0        22 280
 8  80  42  61  17   4   0 0.00  0.0    0 10.5 23  20   M    M   0        30  20
 9  78  40  59  15   6   0 0.00  0.0    0 10.3 21 170   M    M   0        26 170
10  80  39  60  16   5   0 0.00  0.0    0  8.9 15  20   M    M   0        18  20
11  53  38  46   2  19   0    T    M    0 15.1 28  40   M    M   4 8      40  30
12  54  30  42  -2  23   0 0.00  0.0    0  7.0 12 180   M    M   1        17 180
13  72  31  52   7  13   0 0.00  0.0    0  7.2 16 200   M    M   0        20 200
14  80  38  59  14   6   0 0.00  0.0    0 10.0 22 230   M    M   0        26 200
15  56  26  41  -4  24   0    T    M    0 14.0 26 360   M    M   5 16     32 360
16  50  26  38  -7  27   0 0.00  0.0    0 11.2 25 360   M    M   3        31  10
17  51  32  42  -4  23   0 0.01  0.0    0  9.5 24 340   M    M   7        29 330
18  55  23  39  -7  26   0 0.00  0.0    0  6.2 14 110   M    M   0        18 110
19  71  25  48   2  17   0 0.00  0.0    0 10.3 25 190   M    M   0        33 190
20  62  37  50   4  15   0 0.00  0.0    0  6.0 31  10   M    M   0        37  10
21  57  38  48   1  17   0 0.00  0.0    0 10.8 26  20   M    M   3        36  30
22  45  19  32 -15  33   0    T  0.0    0 15.8 30  20   M    M   8 168    39  20
23  23  18  21 -26  44   0 0.02    T    0  8.9 20  20   M    M  10 18     25  20
24  48  20  34 -13  31   0    T  0.0    0  5.2 14 340   M    M   3        20 360
25  64  29  47  -1  18   0 0.00  0.0    0  9.3 24  30   M    M   2        36  40
26  47  24  36 -12  29   0 0.00  0.0    0 16.5 29  20   M    M  10        36  20
27  25  16  21 -27  44   0 0.06    M    M  9.4 15  60   M    M  10 128    20  80
28  24  16  20 -29  45   0    T    M    0  3.9 10 130   M    M  10 1      13 140
================================================================================
SM 1589  804       617   0  0.09    T    286.0          M       97
================================================================================
AV 56.8 28.7                              10.2 FASTST   M    M   3    MAX(MPH)
                                 MISC ---->  # 38  10               # 46   10
================================================================================
NOTES:
# LAST OF SEVERAL OCCURRENCES

COLUMN 17 PEAK WIND IN M.P.H.

PRELIMINARY LOCAL CLIMATOLOGICAL DATA (WS FORM: F-6) , PAGE 2

                                          STATION:  CHILDRESS
                                          MONTH:    FEBRUARY
                                          YEAR:     2015
                                          LATITUDE:   34 25 N
                                          LONGITUDE: 100 17 W

[TEMPERATURE DATA]      [PRECIPITATION DATA]       SYMBOLS USED IN COLUMN 16

AVERAGE MONTHLY: 42.7   TOTAL FOR MONTH:   0.09    1 = FOG OR MIST
DPTR FM NORMAL:   1.2   DPTR FM NORMAL:   -0.96    2 = FOG REDUCING VISIBILITY
HIGHEST:    84 ON  7    GRTST 24HR  0.51 ON 31- 1      TO 1/4 MILE OR LESS
LOWEST:     16 ON 28,27                            3 = THUNDER
                        SNOW, ICE PELLETS, HAIL    4 = ICE PELLETS
                        TOTAL MONTH:    T          5 = HAIL
                        GRTST 24HR    T  ON 23-23  6 = FREEZING RAIN OR DRIZZLE
                        GRTST DEPTH:   0           7 = DUSTSTORM OR SANDSTORM:
                                                       VSBY 1/2 MILE OR LESS
                                                   8 = SMOKE OR HAZE
[NO. OF DAYS WITH]      [WEATHER - DAYS WITH]      9 = BLOWING SNOW
                                                   X = TORNADO
MAX 32 OR BELOW:   3    0.01 INCH OR MORE:   3
MAX 90 OR ABOVE:   0    0.10 INCH OR MORE:   0
MIN 32 OR BELOW:  20    0.50 INCH OR MORE:   0
MIN  0 OR BELOW:   0    1.00 INCH OR MORE:   0

[HDD (BASE 65) ]
TOTAL THIS MO.   617    CLEAR  (SCALE 0-3)  14
DPTR FM NORMAL    60    PTCLDY (SCALE 4-7)   9
TOTAL FM JUL 1  2497    CLOUDY (SCALE 8-10)  5
DPTR FM NORMAL   -63

[CDD (BASE 65) ]
TOTAL THIS MO.     0
DPTR FM NORMAL    -1    [PRESSURE DATA]
TOTAL FM JAN 1     0    HIGHEST SLP M ON M
DPTR FM NORMAL    -1    LOWEST  SLP 29.58 ON 20

[REMARKS]
#FINAL-02-15#
