000
CXUS52 KCHS 180915
CF6CHS
PRELIMINARY LOCAL CLIMATOLOGICAL DATA (WS FORM: F-6)

                                          STATION:   NORTH CHARLESTON SC
                                          MONTH:     APRIL
                                          YEAR:      2014
                                          LATITUDE:   32 54 N
                                          LONGITUDE:  80  2 W

  TEMPERATURE IN F:       :PCPN:    SNOW:  WIND      :SUNSHINE: SKY     :PK WND
================================================================================
1   2   3   4   5  6A  6B    7    8   9   10  11  12  13   14  15   16   17  18
                                     12Z  AVG MX 2MIN
DY MAX MIN AVG DEP HDD CDD  WTR  SNW DPTH SPD SPD DIR MIN PSBL S-S WX    SPD DR
================================================================================

 1  85  47  66   4   0   1 0.00  0.0    0  6.1 21 210   M    M   3        25 210
 2  86  53  70   8   0   5 0.00  0.0    0  8.6 22 200   M    M   3        25 210
 3  86  59  73  11   0   8 0.00  0.0    0 10.1 22 210   M    M   3        28 210
 4  87  60  74  12   0   9 0.00  0.0    0 11.8 24 250   M    M   5        32 260
 5  85  64  75  13   0  10 0.00  0.0    0  8.8 18 270   M    M   6        28 260
 6  66  57  62  -1   3   0    T  0.0    0  7.1 16  90   M    M   9        22  90
 7  80  57  69   6   0   4 1.10  0.0    0  8.3 26 200   M    M   9 138    35 190
 8  76  59  68   5   0   3 0.22  0.0    0  9.1 18 260   M    M   9 1      24 260
 9  76  53  65   2   0   0 0.00  0.0    0  7.4 21 320   M    M   3        26 330
10  78  50  64   0   1   0 0.00  0.0    0  6.9 20 180   M    M   0        26 170
11  81  54  68   4   0   3 0.00  0.0    0  7.9 21 210   M    M   4 1      25 190
12  82  57  70   6   0   5 0.00  0.0    0  5.1 18 170   M    M   3 1      22 150
13  82  60  71   7   0   6 0.00  0.0    0  6.6 18 130   M    M   3 1      24 140
14  82  66  74  10   0   9    T  0.0    0  9.6 18 180   M    M   7 8      22 180
15  74  52  63  -2   2   0 0.25  0.0    0 13.5 23 360   M    M   9 1      30 360
16  62  42  52 -13  13   0 0.00  0.0    0 12.4 23  30   M    M   2        32  10
17  73  43  58  -7   7   0 0.00  0.0    0 10.6 18 120   M    M   3        24 120
================================================================================
SM 1341  933        26  63  1.57     0.0 149.9          M       81
================================================================================
AV 78.9 54.9                               8.8 FASTST   M    M   5    MAX(MPH)
                                 MISC ---->  # 26 200               # 35  190
================================================================================
NOTES:
# LAST OF SEVERAL OCCURRENCES

COLUMN 17 PEAK WIND IN M.P.H.

PRELIMINARY LOCAL CLIMATOLOGICAL DATA (WS FORM: F-6) , PAGE 2

                                          STATION:  NORTH CHARLESTON SC
                                          MONTH:    APRIL
                                          YEAR:     2014
                                          LATITUDE:   32 54 N
                                          LONGITUDE:  80  2 W

[TEMPERATURE DATA]      [PRECIPITATION DATA]       SYMBOLS USED IN COLUMN 16

AVERAGE MONTHLY: 66.9   TOTAL FOR MONTH:   1.57    1 = FOG OR MIST
DPTR FM NORMAL:   3.5   DPTR FM NORMAL:   -0.09    2 = FOG REDUCING VISIBILITY
HIGHEST:    87 ON  4    GRTST 24HR  1.32 ON  7- 8      TO 1/4 MILE OR LESS
LOWEST:     42 ON 16                               3 = THUNDER
                        SNOW, ICE PELLETS, HAIL    4 = ICE PELLETS
                        TOTAL MONTH:   0.0 INCH    5 = HAIL
                        GRTST 24HR     0.0         6 = FREEZING RAIN OR DRIZZLE
                        GRTST DEPTH:   0           7 = DUSTSTORM OR SANDSTORM:
                                                       VSBY 1/2 MILE OR LESS
                                                   8 = SMOKE OR HAZE
[NO. OF DAYS WITH]      [WEATHER - DAYS WITH]      9 = BLOWING SNOW
                                                   X = TORNADO
MAX 32 OR BELOW:   0    0.01 INCH OR MORE:   3
MAX 90 OR ABOVE:   0    0.10 INCH OR MORE:   3
MIN 32 OR BELOW:   0    0.50 INCH OR MORE:   1
MIN  0 OR BELOW:   0    1.00 INCH OR MORE:   1

[HDD (BASE 65) ]
TOTAL THIS MO.    26    CLEAR  (SCALE 0-3)   5
DPTR FM NORMAL   -39    PTCLDY (SCALE 4-7)   8
TOTAL FM JUL 1  1863    CLOUDY (SCALE 8-10)  4
DPTR FM NORMAL   -77

[CDD (BASE 65) ]
TOTAL THIS MO.    63
DPTR FM NORMAL    26    [PRESSURE DATA]
TOTAL FM JAN 1    82    HIGHEST SLP M ON M
DPTR FM NORMAL    11    LOWEST  SLP 29.61 ON  8

[REMARKS]
