000
CXUS55 KDVN 280944
CF6CID
PRELIMINARY LOCAL CLIMATOLOGICAL DATA (WS FORM: F-6)

                                          STATION:   CEDAR RAPIDS IA
                                          MONTH:     MARCH
                                          YEAR:      2017
                                          LATITUDE:   41 52 N
                                          LONGITUDE:  91 42 W

  TEMPERATURE IN F:       :PCPN:    SNOW:  WIND      :SUNSHINE: SKY     :PK WND
================================================================================
1   2   3   4   5  6A  6B    7    8   9   10  11  12  13   14  15   16   17  18
                                     12Z  AVG MX 2MIN
DY MAX MIN AVG DEP HDD CDD  WTR  SNW DPTH SPD SPD DIR MIN PSBL S-S WX    SPD DR
================================================================================

 1  43  28  36   6  29   0 0.01    M    M 22.7 33 320   M    M   9 1      43 320
 2  35  17  26  -4  39   0 0.00    M    M 12.8 21 320   M    M   4        26 310
 3  36  11  24  -7  41   0 0.00    M    M  7.8 15 120   M    M   2        20 190
 4  53  26  40   9  25   0 0.00    M    M 13.8 22 110   M    M   0        29 110
 5  63  35  49  17  16   0 0.00    M    M 14.0 24 190   M    M   8        34 200
 6  68  48  58  26   7   0 0.57    M    M 19.3 38 200   M    M   8 13     51 250
 7  53  34  44  11  21   0    T    M    M 16.6 28 260   M    M   1        36 240
 8  52  30  41   8  24   0 0.00    M    M 17.6 35 270   M    M   1        43 270
 9  46  28  37   3  28   0 0.00    M    M 12.7 23 340   M    M   3        30 360
10  30  19  25  -9  40   0 0.00    M    M 14.5 26 350   M    M   5        33 350
11  31  18  25  -9  40   0 0.00    M    M  8.1 14  20   M    M   9        26  30
12  32  13  23 -12  42   0 0.14    M    M  8.7 18 130   M    M   5 1      25 120
13  29  21  25 -10  40   0 0.12    M    M 14.4 20  40   M    M  10 1      28  60
14  23   6  15 -21  50   0 0.00    M    M 12.4 17  50   M    M   2         M  M
15  28   2  15 -21  50   0 0.00    M    M  6.0 10 330   M    M   0        12 320
16  41  13  27 -10  38   0 0.00    M    M 10.1 18 130   M    M   6        24 130
17  58  34  46   9  19   0 0.00    M    M 16.1 37 310   M    M   4        44 300
18  45  28  37  -1  28   0 0.00    M    M 14.2 28 320   M    M   5        36 300
19  61  24  43   5  22   0 0.00    M    M 11.8 25 140   M    M   1 3      34 140
20  67  40  54  16  11   0 0.00    M    M 10.9 22  10   M    M   1 3      26  10
21  50  29  40   1  25   0 0.00    M    M 12.4 21 320   M    M   2        30 360
22  44  24  34  -5  31   0 0.00    M    M 12.7 20 130   M    M   3        25 130
23  44  34  39  -1  26   0    T    M    M 14.9 23 150   M    M   7 138    30 160
24  73  41  57  17   8   0 0.31    M    M 12.1 24 220   M    M   7 1      32 200
25  44  39  42   1  23   0 0.35    M    M 16.6 24  50   M    M   9 18     30  40
26  49  42  46   5  19   0    T    M    M  7.3 13 280   M    M  10 12     16 310
27  50  42  46   5  19   0    T    M    M  5.6 12 360   M    M  10 12     20  60
================================================================================
SM 1248  726       761   0  1.50    M    346.1          M      132
================================================================================
AV 46.2 26.9                              12.8 FASTST   M    M   5    MAX(MPH)
                                 MISC ---->  # 38 200               # 51  250
================================================================================
NOTES:
# LAST OF SEVERAL OCCURRENCES

COLUMN 17 PEAK WIND IN M.P.H.

PRELIMINARY LOCAL CLIMATOLOGICAL DATA (WS FORM: F-6) , PAGE 2

                                          STATION:  CEDAR RAPIDS IA
                                          MONTH:    MARCH
                                          YEAR:     2017
                                          LATITUDE:   41 52 N
                                          LONGITUDE:  91 42 W

[TEMPERATURE DATA]      [PRECIPITATION DATA]       SYMBOLS USED IN COLUMN 16

AVERAGE MONTHLY: 36.6   TOTAL FOR MONTH:   1.50    1 = FOG OR MIST
DPTR FM NORMAL:   0.8   DPTR FM NORMAL:   -0.29    2 = FOG REDUCING VISIBILITY
HIGHEST:    73 ON 24    GRTST 24HR  0.57 ON  6- 6      TO 1/4 MILE OR LESS
LOWEST:      2 ON 15                               3 = THUNDER
                        SNOW, ICE PELLETS, HAIL    4 = ICE PELLETS
                        TOTAL MONTH:    M          5 = HAIL
                        GRTST 24HR    M  ON   M    6 = FREEZING RAIN OR DRIZZLE
                        GRTST DEPTH:  M  ON   M    7 = DUSTSTORM OR SANDSTORM:
                                                       VSBY 1/2 MILE OR LESS
                                                   8 = SMOKE OR HAZE
[NO. OF DAYS WITH]      [WEATHER - DAYS WITH]      9 = BLOWING SNOW
                                                   X = TORNADO
MAX 32 OR BELOW:   6    0.01 INCH OR MORE:   6
MAX 90 OR ABOVE:   0    0.10 INCH OR MORE:   5
MIN 32 OR BELOW:  17    0.50 INCH OR MORE:   1
MIN  0 OR BELOW:   0    1.00 INCH OR MORE:   0

[HDD (BASE 65) ]
TOTAL THIS MO.   761    CLEAR  (SCALE 0-3)  11
DPTR FM NORMAL   -29    PTCLDY (SCALE 4-7)  10
TOTAL FM JUL 1  5037    CLOUDY (SCALE 8-10)  6
DPTR FM NORMAL -1036

[CDD (BASE 65) ]
TOTAL THIS MO.     0
DPTR FM NORMAL     0    [PRESSURE DATA]
TOTAL FM JAN 1     0    HIGHEST SLP M ON M
DPTR FM NORMAL     0    LOWEST  SLP 29.39 ON  6

[REMARKS]
