000
CXUS55 KOHX 231010
CF6CKV
PRELIMINARY LOCAL CLIMATOLOGICAL DATA (WS FORM: F-6)

                                          STATION:   CLARKSVILLE
                                          MONTH:     NOVEMBER
                                          YEAR:      2014
                                          LATITUDE:   36 37 N
                                          LONGITUDE:  87 25 W

  TEMPERATURE IN F:       :PCPN:    SNOW:  WIND      :SUNSHINE: SKY     :PK WND
================================================================================
1   2   3   4   5  6A  6B    7    8   9   10  11  12  13   14  15   16   17  18
                                     12Z  AVG MX 2MIN
DY MAX MIN AVG DEP HDD CDD  WTR  SNW DPTH SPD SPD DIR MIN PSBL S-S WX    SPD DR
================================================================================

 1  50  28  39 -15  26   0 0.00    M    M 11.2 23 330   M    M   2        29 350
 2  56  24  40 -14  25   0 0.00    M    M  3.5 10 120   M    M   0        13 100
 3  68  34  51  -2  14   0 0.00    M    M  6.1 15 200   M    M   0        19 200
 4  70  51  61   8   4   0 0.11    M    M  8.3 20 210   M    M   4 1      26 200
 5  57  54  56   4   9   0 0.82    M    M  3.5 10 360   M    M   9 1      13  10
 6  59  43  51  -1  14   0 0.00    M    M 14.4 28 320   M    M   5        39 340
 7  54  34  44  -8  21   0 0.00    M    M  3.4 10  60   M    M   2        16  40
 8  56  33  45  -6  20   0 0.00    M    M  7.0 17 350   M    M   2 8      23 320
 9  59  29  44  -7  21   0 0.00    M    M  2.4  9 210   M    M   0 18     15 220
10  70  34  52   1  13   0 0.00    M    M  9.2 21 200   M    M   0        28 180
11  64  35  50   0  15   0 0.04    M    M 12.3 23 330   M    M   7 1      28 330
12  38  31  35 -15  30   0 0.00    M    M 10.8 20  10   M    M  10        24  10
13  36  24  30 -20  35   0 0.00    M    M 13.0 20 350   M    M   6        26 330
14  36  21  29 -20  36   0    T    M    M  6.6 16  10   M    M   2        20  20
15  42  18  30 -19  35   0    T    M    M  3.9 10 110   M    M   2 18     14 100
16  41  36  39  -9  26   0 0.26    M    M  5.0 15 340   M    M  10 18     20 340
17  36  24  30 -18  35   0 0.07    M    M 12.1 22 310   M    M  10 1      27 300
18  31  16  24 -24  41   0 0.00    M    M  8.3 17 330   M    M   1        25 290
19  55  18  37 -10  28   0 0.00    M    M 12.4 24 240   M    M   1        32 200
20  45  24  35 -12  30   0 0.00    M    M  4.4 13 320   M    M   1        17 340
21  50  26  38  -8  27   0 0.00    M    M  6.6 15 100   M    M   4        17 100
22  67  46  57  11   8   0    T    M    M  9.2 23 210   M    M   5        28 200
================================================================================
SM 1140  683       513   0  1.30    M    173.6          M       83
================================================================================
AV 51.8 31.0                               7.9 FASTST   M    M   4    MAX(MPH)
                                 MISC ---->  # 28 320               # 39  340
================================================================================
NOTES:
# LAST OF SEVERAL OCCURRENCES

COLUMN 17 PEAK WIND IN M.P.H.

PRELIMINARY LOCAL CLIMATOLOGICAL DATA (WS FORM: F-6) , PAGE 2

                                          STATION:  CLARKSVILLE
                                          MONTH:    NOVEMBER
                                          YEAR:     2014
                                          LATITUDE:   36 37 N
                                          LONGITUDE:  87 25 W

[TEMPERATURE DATA]      [PRECIPITATION DATA]       SYMBOLS USED IN COLUMN 16

AVERAGE MONTHLY: 41.4   TOTAL FOR MONTH:   1.30    1 = FOG OR MIST
DPTR FM NORMAL:  -8.6   DPTR FM NORMAL:   -1.81    2 = FOG REDUCING VISIBILITY
HIGHEST:    70 ON 10, 4 GRTST 24HR  0.92 ON  4- 5      TO 1/4 MILE OR LESS
LOWEST:     16 ON 18                               3 = THUNDER
                        SNOW, ICE PELLETS, HAIL    4 = ICE PELLETS
                        TOTAL MONTH:    M          5 = HAIL
                        GRTST 24HR    M  ON   M    6 = FREEZING RAIN OR DRIZZLE
                        GRTST DEPTH:  M  ON   M    7 = DUSTSTORM OR SANDSTORM:
                                                       VSBY 1/2 MILE OR LESS
                                                   8 = SMOKE OR HAZE
[NO. OF DAYS WITH]      [WEATHER - DAYS WITH]      9 = BLOWING SNOW
                                                   X = TORNADO
MAX 32 OR BELOW:   1    0.01 INCH OR MORE:   5
MAX 90 OR ABOVE:   0    0.10 INCH OR MORE:   3
MIN 32 OR BELOW:  12    0.50 INCH OR MORE:   1
MIN  0 OR BELOW:   0    1.00 INCH OR MORE:   0

[HDD (BASE 65) ]
TOTAL THIS MO.   513    CLEAR  (SCALE 0-3)  12
DPTR FM NORMAL   180    PTCLDY (SCALE 4-7)   6
TOTAL FM JUL 1   738    CLOUDY (SCALE 8-10)  4
DPTR FM NORMAL   156

[CDD (BASE 65) ]
TOTAL THIS MO.     0
DPTR FM NORMAL     0    [PRESSURE DATA]
TOTAL FM JAN 1  1483    HIGHEST SLP  0.00 ON  9
DPTR FM NORMAL    53    LOWEST  SLP 29.70 ON 17

[REMARKS]
