000
CXUS54 KHGX 241415
CF6CLL
PRELIMINARY LOCAL CLIMATOLOGICAL DATA (WS FORM: F-6)

                                          STATION:   COLLEGE STATION
                                          MONTH:     APRIL
                                          YEAR:      2014
                                          LATITUDE:   30 34 N
                                          LONGITUDE:  96 22 W

  TEMPERATURE IN F:       :PCPN:    SNOW:  WIND      :SUNSHINE: SKY     :PK WND
================================================================================
1   2   3   4   5  6A  6B    7    8   9   10  11  12  13   14  15   16   17  18
                                     12Z  AVG MX 2MIN
DY MAX MIN AVG DEP HDD CDD  WTR  SNW DPTH SPD SPD DIR MIN PSBL S-S WX    SPD DR
================================================================================

 1  85  65  75  10   0  10 0.00  0.0    0 12.6 22 170   M    M   8 1      28 170
 2  84  70  77  12   0  12    T  0.0    0 17.5 30 170   M    M   9 18     40 180
 3  82  72  77  11   0  12 0.00  0.0    0 16.1 26 160   M    M   8 1      37 170
 4  73  55  64  -2   1   0 0.23  0.0    0 13.2 28 280   M    M   2 13     34 280
 5  66  54  60  -6   5   0 0.00  0.0    0  9.9 17  50   M    M   5        21  40
 6  60  52  56 -10   9   0 0.30  0.0    0  9.0 15 330   M    M  10 13     21 330
 7  67  51  59  -7   6   0 0.04  0.0    0  8.8 16 300   M    M   5        23 300
 8  73  49  61  -6   4   0    T  0.0    0 11.9 31 350   M    M   0        40 340
 9  80  44  62  -5   3   0 0.00  0.0    0  6.8 16 180   M    M   0        23 170
10  83  57  70   3   0   5 0.00  0.0    0 14.8 28 170   M    M   0        38 170
11  83  60  72   5   0   7 0.00  0.0    0 14.9 24 170   M    M   1        32 190
12  84  65  75   7   0  10 0.00  0.0    0 15.8 26 170   M    M   7        36 160
13  77  67  72   4   0   7    T  0.0    0 12.0 24 160   M    M   9 3      32 160
14  74  43  59  -9   6   0 0.65    M    0 15.4 32 330   M    M   6 13     41 340
15  63  37  50 -18  15   0 0.00  0.0    0  5.0 18 350   M    M   0        26  10
16  69  42  56 -13   9   0 0.00    M    0 10.4 24 150   M    M   0        30 140
17  73  54  64  -5   1   0 0.01  0.0    0  6.9 15  90   M    M   6 1      21 110
18  78  59  69   0   0   4 0.00  0.0    0  6.0 12  40   M    M   5 1      17  10
19  79  54  67  -2   0   2 0.00  0.0    0  4.3 13 160   M    M   2        16 160
20  80  59  70   0   0   5 0.00  0.0    0  8.2 20 170   M    M   5 1      25 150
21  82  63  73   3   0   8 0.00  0.0    0  9.3 15 180   M    M   6        19 180
22  85  63  74   4   0   9 0.00  0.0    0  5.4 16  20   M    M   1 1      21  20
23  85  61  73   3   0   8 0.00  0.0    0  9.8 21 170   M    M   1        28 150
================================================================================
SM 1765 1296        59  99  1.23     0.0 244.0          M       96
================================================================================
AV 76.7 56.3                              10.6 FASTST   M    M   4    MAX(MPH)
                                 MISC ---->  # 32 330               # 41  340
================================================================================
NOTES:
# LAST OF SEVERAL OCCURRENCES

COLUMN 17 PEAK WIND IN M.P.H.

PRELIMINARY LOCAL CLIMATOLOGICAL DATA (WS FORM: F-6) , PAGE 2

                                          STATION:  COLLEGE STATION
                                          MONTH:    APRIL
                                          YEAR:     2014
                                          LATITUDE:   30 34 N
                                          LONGITUDE:  96 22 W

[TEMPERATURE DATA]      [PRECIPITATION DATA]       SYMBOLS USED IN COLUMN 16

AVERAGE MONTHLY: 66.5   TOTAL FOR MONTH:   1.23    1 = FOG OR MIST
DPTR FM NORMAL:  -1.1   DPTR FM NORMAL:   -0.67    2 = FOG REDUCING VISIBILITY
HIGHEST:    85 ON 23,22 GRTST 24HR  0.65 ON 14-14      TO 1/4 MILE OR LESS
LOWEST:     37 ON 15                               3 = THUNDER
                        SNOW, ICE PELLETS, HAIL    4 = ICE PELLETS
                        TOTAL MONTH:   0.0 INCH    5 = HAIL
                        GRTST 24HR     0.0         6 = FREEZING RAIN OR DRIZZLE
                        GRTST DEPTH:   0           7 = DUSTSTORM OR SANDSTORM:
                                                       VSBY 1/2 MILE OR LESS
                                                   8 = SMOKE OR HAZE
[NO. OF DAYS WITH]      [WEATHER - DAYS WITH]      9 = BLOWING SNOW
                                                   X = TORNADO
MAX 32 OR BELOW:   0    0.01 INCH OR MORE:   5
MAX 90 OR ABOVE:   0    0.10 INCH OR MORE:   3
MIN 32 OR BELOW:   0    0.50 INCH OR MORE:   1
MIN  0 OR BELOW:   0    1.00 INCH OR MORE:   0

[HDD (BASE 65) ]
TOTAL THIS MO.    59    CLEAR  (SCALE 0-3)  10
DPTR FM NORMAL    16    PTCLDY (SCALE 4-7)  10
TOTAL FM JUL 1  2052    CLOUDY (SCALE 8-10)  3
DPTR FM NORMAL   450

[CDD (BASE 65) ]
TOTAL THIS MO.    99
DPTR FM NORMAL    -5    [PRESSURE DATA]
TOTAL FM JAN 1   143    HIGHEST SLP M ON M
DPTR FM NORMAL   -48    LOWEST  SLP 29.64 ON  6

[REMARKS]
