000
CXUS52 KGSP 190817
CF6CLT
PRELIMINARY LOCAL CLIMATOLOGICAL DATA (WS FORM: F-6)

                                          STATION:   CHARLOTTE NC
                                          MONTH:     OCTOBER
                                          YEAR:      2017
                                          LATITUDE:   35 12 N
                                          LONGITUDE:  80 57 W

  TEMPERATURE IN F:       :PCPN:    SNOW:  WIND      :SUNSHINE: SKY     :PK WND
================================================================================
1   2   3   4   5  6A  6B    7    8   9   10  11  12  13   14  15   16   17  18
                                     12Z  AVG MX 2MIN
DY MAX MIN AVG DEP HDD CDD  WTR  SNW DPTH SPD SPD DIR MIN PSBL S-S WX    SPD DR
================================================================================

 1  73  48  61  -4   4   0 0.00  0.0    0  8.6 18  30   M    M   4        26  60
 2  78  50  64  -1   1   0 0.00  0.0    0  5.0 12  90   M    M   M        20  80
 3  79  54  67   2   0   2 0.00  0.0    0  7.5 15  10   M    M   2        21  60
 4  81  51  66   2   0   1 0.00  0.0    0  5.2 13 100   M    M   0        22  90
 5  83  53  68   4   0   3 0.00  0.0    0  2.3 12 150   M    M   2        17 100
 6  84  56  70   6   0   5 0.00  0.0    0  2.5 10 170   M    M   3        13 150
 7  73  62  68   5   0   3 0.31  0.0    0  4.4  9  20   M    M   8 18     14  10
 8  84  70  77  14   0  12 0.20  0.0    0 10.8 28 170   M    M  10 12     35 180
 9  83  75  79  17   0  14    T  0.0    0  9.9 21 180   M    M   9        25 190
10  88  73  81  19   0  16    T  0.0    0  4.4 12 200   M    M   8 13     16 210
11  89  73  81  19   0  16    T  0.0    0  5.4 13 230   M    M   7 1      16 200
12  87  71  79  17   0  14 0.00  0.0    0  6.8 18  60   M    M   7 1      27  80
13  72  64  68   7   0   3 0.44  0.0    0  7.7 14  60   M    M  10 1      20  70
14  77  62  70   9   0   5 0.00  0.0    0  2.8  8 170   M    M   6        10  10
15  82  60  71  11   0   6 0.00  0.0    0  6.3 15 200   M    M   4 12     20 210
16  71  52  62   2   3   0 0.97  0.0    0 10.2 21  10   M    M   6 1      28  10
17  67  43  55  -5  10   0 0.00  0.0    0  7.5 15  50   M    M   1        26  70
18  71  40  56  -4   9   0 0.00  0.0    0  3.5 12  90   M    M   1        21  80
================================================================================
SM 1422 1057        27 100  1.92     0.0 110.8          M       88
================================================================================
AV 79.0 58.7                               6.2 FASTST   M    M   5    MAX(MPH)
                                 MISC ---->  # 28 170               # 35  180
================================================================================
NOTES:
# LAST OF SEVERAL OCCURRENCES

COLUMN 17 PEAK WIND IN M.P.H.

PRELIMINARY LOCAL CLIMATOLOGICAL DATA (WS FORM: F-6) , PAGE 2

                                          STATION:  CHARLOTTE NC
                                          MONTH:    OCTOBER
                                          YEAR:     2017
                                          LATITUDE:   35 12 N
                                          LONGITUDE:  80 57 W

[TEMPERATURE DATA]      [PRECIPITATION DATA]       SYMBOLS USED IN COLUMN 16

AVERAGE MONTHLY: 68.9   TOTAL FOR MONTH:   1.92    1 = FOG OR MIST
DPTR FM NORMAL:   6.5   DPTR FM NORMAL:   -0.17    2 = FOG REDUCING VISIBILITY
HIGHEST:    89 ON 11    GRTST 24HR  0.97 ON 16-16      TO 1/4 MILE OR LESS
LOWEST:     40 ON 18                               3 = THUNDER
                        SNOW, ICE PELLETS, HAIL    4 = ICE PELLETS
                        TOTAL MONTH:   0.0 INCH    5 = HAIL
                        GRTST 24HR     0.0         6 = FREEZING RAIN OR DRIZZLE
                        GRTST DEPTH:   0           7 = DUSTSTORM OR SANDSTORM:
                                                       VSBY 1/2 MILE OR LESS
                                                   8 = SMOKE OR HAZE
[NO. OF DAYS WITH]      [WEATHER - DAYS WITH]      9 = BLOWING SNOW
                                                   X = TORNADO
MAX 32 OR BELOW:   0    0.01 INCH OR MORE:   4
MAX 90 OR ABOVE:   0    0.10 INCH OR MORE:   4
MIN 32 OR BELOW:   0    0.50 INCH OR MORE:   1
MIN  0 OR BELOW:   0    1.00 INCH OR MORE:   0

[HDD (BASE 65) ]
TOTAL THIS MO.    27    CLEAR  (SCALE 0-3)   6
DPTR FM NORMAL   -51    PTCLDY (SCALE 4-7)   8
TOTAL FM JUL 1    36    CLOUDY (SCALE 8-10)  3
DPTR FM NORMAL   -65

[CDD (BASE 65) ]
TOTAL THIS MO.   100
DPTR FM NORMAL    69    [PRESSURE DATA]
TOTAL FM JAN 1  1899    HIGHEST SLP M ON M
DPTR FM NORMAL   393    LOWEST  SLP 29.79 ON  8

[REMARKS]
