000
CXUS52 KGSP 010817
CF6CLT
PRELIMINARY LOCAL CLIMATOLOGICAL DATA (WS FORM: F-6)

                                          STATION:   CHARLOTTE NC
                                          MONTH:     JUNE
                                          YEAR:      2015
                                          LATITUDE:   35 12 N
                                          LONGITUDE:  80 57 W

  TEMPERATURE IN F:       :PCPN:    SNOW:  WIND      :SUNSHINE: SKY     :PK WND
================================================================================
1   2   3   4   5  6A  6B    7    8   9   10  11  12  13   14  15   16   17  18
                                     12Z  AVG MX 2MIN
DY MAX MIN AVG DEP HDD CDD  WTR  SNW DPTH SPD SPD DIR MIN PSBL S-S WX    SPD DR
================================================================================

 1  88  66  77   5   0  12    T  0.0    0  6.9 25 160   M    M   6 3      31 160
 2  81  64  73   1   0   8 0.76  0.0    0  4.6 14 360   M    M   9 13     23 240
 3  69  62  66  -6   0   1 0.02  0.0    0  8.2 14  50   M    M  10 1      24  60
 4  77  61  69  -4   0   4    T  0.0    0  5.7 10  70   M    M   9 1      18  30
 5  84  59  72  -1   0   7 0.00  0.0    0  3.1 10  10   M    M   7        17  30
 6  90  62  76   3   0  11 0.00  0.0    0  4.7 18  40   M    M   5 1      24  40
 7  86  70  78   5   0  13 0.17  0.0    0  7.0 16 130   M    M   6 8      20 130
 8  88  69  79   5   0  14 0.18  0.0    0  8.5 21 190   M    M   8 13     26 280
 9  90  67  79   5   0  14    T  0.0    0  5.7 13 200   M    M   7 13     17 300
10  89  69  79   5   0  14    T  0.0    0  4.8 23 190   M    M   7 3      28 200
11  90  68  79   5   0  14 0.00  0.0    0  6.4 16 190   M    M   4        26 250
12  90  71  81   6   0  16    T  0.0    0  8.2 17 210   M    M   7        22 220
13  94  72  83   8   0  18 0.00  0.0    0  5.7 12 240   M    M   4        22 240
14  97  68  83   8   0  18 0.00  0.0    0  3.1 13 250   M    M   2        23 210
15  99  68  84   9   0  19 0.00  0.0    0  4.5 10 280   M    M   1        15 230
16  99  69  84   8   0  19 0.00  0.0    0  4.2 15 310   0    0   0        21 310
17  99  73  86  10   0  21 0.00  0.0    0  2.9 10 220   M    M   4        14 230
18 100  74  87  11   0  22    T  0.0    0  4.2 18 200   M    M   5 3      23 200
19  96  72  84   8   0  19    T  0.0    0  6.5 18  70   M    M   7        30  80
20  95  71  83   7   0  18 0.01  0.0    0  9.6 23 280   M    M   6 3      31 270
21  97  71  84   7   0  19 0.00  0.0    0  5.1 14 190   M    M   4        21 220
22 100  65  83   6   0  18 0.00  0.0    0  4.6 16 350   M    M   5        23  50
23 100  73  87  10   0  22 0.00  0.0    0  5.2 13 200   M    M   4        18 190
24 100  75  88  11   0  23 0.00  0.0    0  4.1 21 210   M    M   6 3      26 200
25  98  74  86   9   0  21 0.00  0.0    0  5.2 16 180   M    M   4        21 170
26 100  70  85   8   0  20 1.21  0.0    0  6.0 35 180   M    M   5 13     41 180
27  92  71  82   4   0  17 0.55  0.0    0  7.9 23 270   M    M   8 13     38 270
28  85  66  76  -2   0  11 0.00  0.0    0  4.9 12 190   M    M   6        15 230
29  87  59  73  -5   0   8 0.00  0.0    0  4.7 13  60   M    M   3        21  80
30  94  71  83   5   0  18 0.00  0.0    0  9.1 18 200   M    M   5        25 220
================================================================================
SM 2754 2050         0 459  2.90     0.0 171.3            0    164
================================================================================
AV 91.8 68.3                               5.7 FASTST    0   0   5    MAX(MPH)
                                 MISC ---->  # 35 180               # 41  180
================================================================================
NOTES:
# LAST OF SEVERAL OCCURRENCES

COLUMN 17 PEAK WIND IN M.P.H.

PRELIMINARY LOCAL CLIMATOLOGICAL DATA (WS FORM: F-6) , PAGE 2

                                          STATION:  CHARLOTTE NC
                                          MONTH:    JUNE
                                          YEAR:     2015
                                          LATITUDE:   35 12 N
                                          LONGITUDE:  80 57 W

[TEMPERATURE DATA]      [PRECIPITATION DATA]       SYMBOLS USED IN COLUMN 16

AVERAGE MONTHLY: 80.1   TOTAL FOR MONTH:   2.90    1 = FOG OR MIST
DPTR FM NORMAL:   4.8   DPTR FM NORMAL:   -0.84    2 = FOG REDUCING VISIBILITY
HIGHEST:   100 ON 26,24 GRTST 24HR  1.76 ON 26-27      TO 1/4 MILE OR LESS
LOWEST:     59 ON 29, 5                            3 = THUNDER
                        SNOW, ICE PELLETS, HAIL    4 = ICE PELLETS
                        TOTAL MONTH:   0.0 INCH    5 = HAIL
                        GRTST 24HR     0.0         6 = FREEZING RAIN OR DRIZZLE
                        GRTST DEPTH:   0           7 = DUSTSTORM OR SANDSTORM:
                                                       VSBY 1/2 MILE OR LESS
                                                   8 = SMOKE OR HAZE
[NO. OF DAYS WITH]      [WEATHER - DAYS WITH]      9 = BLOWING SNOW
                                                   X = TORNADO
MAX 32 OR BELOW:   0    0.01 INCH OR MORE:   7
MAX 90 OR ABOVE:  20    0.10 INCH OR MORE:   5
MIN 32 OR BELOW:   0    0.50 INCH OR MORE:   3
MIN  0 OR BELOW:   0    1.00 INCH OR MORE:   1

[HDD (BASE 65) ]
TOTAL THIS MO.     0    CLEAR  (SCALE 0-3)   3
DPTR FM NORMAL    -3    PTCLDY (SCALE 4-7)  24
TOTAL FM JUL 1  3254    CLOUDY (SCALE 8-10)  3
DPTR FM NORMAL  -134

[CDD (BASE 65) ]
TOTAL THIS MO.   459
DPTR FM NORMAL   148    [PRESSURE DATA]
TOTAL FM JAN 1   752    HIGHEST SLP 30.13 ON 14
DPTR FM NORMAL   278    LOWEST  SLP 29.75 ON 27

[REMARKS]
#FINAL-06-15#
