000
CXUS51 KILN 180612
CF6CMH
PRELIMINARY LOCAL CLIMATOLOGICAL DATA (WS FORM: F-6)

                                          STATION:   COLUMBUS OH
                                          MONTH:     DECEMBER
                                          YEAR:      2014
                                          LATITUDE:   40  0 N
                                          LONGITUDE:  82 53 W

  TEMPERATURE IN F:       :PCPN:    SNOW:  WIND      :SUNSHINE: SKY     :PK WND
================================================================================
1   2   3   4   5  6A  6B    7    8   9   10  11  12  13   14  15   16   17  18
                                     12Z  AVG MX 2MIN
DY MAX MIN AVG DEP HDD CDD  WTR  SNW DPTH SPD SPD DIR MIN PSBL S-S WX    SPD DR
================================================================================

 1  61  28  45   7  20   0 0.25  0.0    0 10.7 22 340   M    M   8 1      25 360
 2  36  27  32  -6  33   0    T  0.0    0  6.1 13  80   M    M   9 18     17  50
 3  40  28  34  -3  31   0    T  0.0    0  9.6 20 280   M    M   7 1      25 270
 4  36  24  30  -7  35   0 0.00  0.0    0  2.5  6  70   M    M  10 18     10  60
 5  43  35  39   2  26   0 0.58  0.0    0  3.7  9  90   M    M  10 18     12  90
 6  43  36  40   4  25   0 0.82  0.0    0 13.7 24  10   M    M  10 1      32  10
 7  42  27  35  -1  30   0 0.00  0.0    0  7.6 14 110   M    M   6 1      17 100
 8  45  34  40   4  25   0    T  0.0    0  9.8 17 180   M    M  10        23 170
 9  43  36  40   5  25   0    T  0.0    0  8.3 20 360   M    M  10 1      24 360
10  37  29  33  -2  32   0    T    T    0 13.0 22 350   M    M  10 1      26 350
11  39  21  30  -4  35   0 0.00  0.0    0 10.4 20 280   M    M   3 18     23 290
12  42  22  32  -2  33   0 0.00  0.0    0  7.5 16 290   M    M   2 18     21 290
13  43  30  37   3  28   0    T  0.0    0  8.0 16 300   M    M  10 18     21 260
14  46  42  44  10  21   0 0.00  0.0    0  6.5 13 230   M    M  10 8      16 250
15  53  39  46  13  19   0 0.04  0.0    0  4.8 13 140   M    M   9 18     16 140
16  50  38  44  11  21   0 0.29  0.0    0 11.3 23 240   M    M  10 1      31 250
17  38  27  33   0  32   0 0.01    T    0 14.4 21 260   M    M  10 1      29 270
================================================================================
SM  737  523       471   0  1.99    T    147.9          M      144
================================================================================
AV 43.4 30.8                               8.7 FASTST   M    M   8    MAX(MPH)
                                 MISC ---->  # 24  10               # 32   10
================================================================================
NOTES:
# LAST OF SEVERAL OCCURRENCES

COLUMN 17 PEAK WIND IN M.P.H.

PRELIMINARY LOCAL CLIMATOLOGICAL DATA (WS FORM: F-6) , PAGE 2

                                          STATION:  COLUMBUS OH
                                          MONTH:    DECEMBER
                                          YEAR:     2014
                                          LATITUDE:   40  0 N
                                          LONGITUDE:  82 53 W

[TEMPERATURE DATA]      [PRECIPITATION DATA]       SYMBOLS USED IN COLUMN 16

AVERAGE MONTHLY: 37.1   TOTAL FOR MONTH:   1.99    1 = FOG OR MIST
DPTR FM NORMAL:   1.8   DPTR FM NORMAL:    0.35    2 = FOG REDUCING VISIBILITY
HIGHEST:    61 ON  1    GRTST 24HR  1.40 ON  5- 6      TO 1/4 MILE OR LESS
LOWEST:     21 ON 11                               3 = THUNDER
                        SNOW, ICE PELLETS, HAIL    4 = ICE PELLETS
                        TOTAL MONTH:    T          5 = HAIL
                        GRTST 24HR    T  ON 17-17  6 = FREEZING RAIN OR DRIZZLE
                        GRTST DEPTH:   0           7 = DUSTSTORM OR SANDSTORM:
                                                       VSBY 1/2 MILE OR LESS
                                                   8 = SMOKE OR HAZE
[NO. OF DAYS WITH]      [WEATHER - DAYS WITH]      9 = BLOWING SNOW
                                                   X = TORNADO
MAX 32 OR BELOW:   0    0.01 INCH OR MORE:   6
MAX 90 OR ABOVE:   0    0.10 INCH OR MORE:   4
MIN 32 OR BELOW:  10    0.50 INCH OR MORE:   2
MIN  0 OR BELOW:   0    1.00 INCH OR MORE:   0

[HDD (BASE 65) ]
TOTAL THIS MO.   471    CLEAR  (SCALE 0-3)   2
DPTR FM NORMAL   -33    PTCLDY (SCALE 4-7)   3
TOTAL FM JUL 1  1656    CLOUDY (SCALE 8-10) 12
DPTR FM NORMAL   138

[CDD (BASE 65) ]
TOTAL THIS MO.     0
DPTR FM NORMAL     0    [PRESSURE DATA]
TOTAL FM JAN 1  1163    HIGHEST SLP 30.65 ON  7
DPTR FM NORMAL   139    LOWEST  SLP 29.71 ON 16

[REMARKS]
