000
CXUS51 KILN 280548
CF6CMH
PRELIMINARY LOCAL CLIMATOLOGICAL DATA (WS FORM: F-6)

                                          STATION:   COLUMBUS OH
                                          MONTH:     JANUARY
                                          YEAR:      2015
                                          LATITUDE:   40  0 N
                                          LONGITUDE:  82 53 W

  TEMPERATURE IN F:       :PCPN:    SNOW:  WIND      :SUNSHINE: SKY     :PK WND
================================================================================
1   2   3   4   5  6A  6B    7    8   9   10  11  12  13   14  15   16   17  18
                                     12Z  AVG MX 2MIN
DY MAX MIN AVG DEP HDD CDD  WTR  SNW DPTH SPD SPD DIR MIN PSBL S-S WX    SPD DR
================================================================================

 1  37  18  28  -2  37   0 0.00  0.0    0 11.6 24 240   M    M   5        33 240
 2  38  24  31   1  34   0 0.00  0.0    0  4.5 13 230   M    M   8        15 220
 3  59  29  44  14  21   0 1.46  0.0    0  7.8 17 190   M    M  10 13     23 200
 4  58  27  43  13  22   0 0.06    T    0 16.6 35 300   M    M   9 1      43 290
 5  27  12  20 -10  45   0 0.01  0.1    0 13.4 28 270   M    M   7 8      32 290
 6  21  12  17 -13  48   0 0.25  3.7    3  8.1 21 280   M    M   9 18     26 290
 7  13   2   8 -22  57   0    T    T    3 16.5 26 300   M    M   7 8      35 300
 8  20  -6   7 -23  58   0    T    T    2 11.9 26 230   M    M   5        35 220
 9  22   4  13 -16  52   0 0.03  0.7    3 16.5 33 280   M    M   5 1289   41 280
10  18  -2   8 -21  57   0 0.00  0.0    2  7.3 14 230   M    M   2        17 190
11  33  18  26  -3  39   0 0.13  0.0    2  5.4 12 160   M    M  10 16     14 170
12  34  24  29   0  36   0 0.20    T    T  8.4 21  10   M    M  10 16     28 350
13  25  15  20  -9  45   0    T    T    0  9.7 22  10   M    M   7        28  10
14  22   9  16 -13  49   0    T    T    0  4.1 12 270   M    M   8 8      15 270
15  34  15  25  -4  40   0 0.00  0.0    0  4.8 15 230   M    M   5 18     18 250
16  36  23  30   1  35   0 0.00  0.0    0  5.9 14 280   M    M   7 18     16 290
17  49  25  37   8  28   0 0.00  0.0    0  8.0 21 190   M    M   4 18     30 200
18  46  34  40  11  25   0 0.06  0.0    0 11.1 21 270   M    M  10        26 250
19  43  25  34   5  31   0 0.00  0.0    0  4.5 13 280   M    M   6 1      16 280
20  46  32  39  10  26   0 0.01    T    0  3.0 12 350   M    M   9        14 350
21  41  34  38   9  27   0 0.02  0.0    0  8.4 17 300   M    M  10 18     22 260
22  35  30  33   4  32   0    T  0.0    0  5.5 14 340   M    M  10 18     16 350
23  34  29  32   3  33   0 0.00  0.0    0  2.0  8 360   M    M  10        10 350
24  37  26  32   2  33   0    T  0.0    0  9.2 17 280   M    M  10 18     22 250
25  37  27  32   2  33   0 0.38  1.8    0  5.9 15  30   M    M  10 18     20  40
26  27  11  19 -11  46   0 0.08  1.1    2 10.9 20 330   M    M   8 1      23 320
27  24   7  16 -14  49   0    T    T    2  7.2 16 340   M    M   5 18     21 320
================================================================================
SM  916  504      1038   0  2.69     7.4 228.2          M      206
================================================================================
AV 33.9 18.7                               8.5 FASTST   M    M   8    MAX(MPH)
                                 MISC ---->  # 35 300               # 43  290
================================================================================
NOTES:
# LAST OF SEVERAL OCCURRENCES

COLUMN 17 PEAK WIND IN M.P.H.

PRELIMINARY LOCAL CLIMATOLOGICAL DATA (WS FORM: F-6) , PAGE 2

                                          STATION:  COLUMBUS OH
                                          MONTH:    JANUARY
                                          YEAR:     2015
                                          LATITUDE:   40  0 N
                                          LONGITUDE:  82 53 W

[TEMPERATURE DATA]      [PRECIPITATION DATA]       SYMBOLS USED IN COLUMN 16

AVERAGE MONTHLY: 26.3   TOTAL FOR MONTH:   2.69    1 = FOG OR MIST
DPTR FM NORMAL:  -3.1   DPTR FM NORMAL:    0.29    2 = FOG REDUCING VISIBILITY
HIGHEST:    59 ON  3    GRTST 24HR  1.46 ON  3- 3      TO 1/4 MILE OR LESS
LOWEST:     -6 ON  8                               3 = THUNDER
                        SNOW, ICE PELLETS, HAIL    4 = ICE PELLETS
                        TOTAL MONTH:   7.4 INCHES  5 = HAIL
                        GRTST 24HR   3.7 ON   M    6 = FREEZING RAIN OR DRIZZLE
                        GRTST DEPTH:   3 ON  9, 7  7 = DUSTSTORM OR SANDSTORM:
                                                       VSBY 1/2 MILE OR LESS
                                                   8 = SMOKE OR HAZE
[NO. OF DAYS WITH]      [WEATHER - DAYS WITH]      9 = BLOWING SNOW
                                                   X = TORNADO
MAX 32 OR BELOW:  10    0.01 INCH OR MORE:  12
MAX 90 OR ABOVE:   0    0.10 INCH OR MORE:   5
MIN 32 OR BELOW:  25    0.50 INCH OR MORE:   1
MIN  0 OR BELOW:   2    1.00 INCH OR MORE:   1

[HDD (BASE 65) ]
TOTAL THIS MO.  1038    CLEAR  (SCALE 0-3)   1
DPTR FM NORMAL    77    PTCLDY (SCALE 4-7)  13
TOTAL FM JUL 1  3116    CLOUDY (SCALE 8-10) 13
DPTR FM NORMAL   164

[CDD (BASE 65) ]
TOTAL THIS MO.     0
DPTR FM NORMAL     0    [PRESSURE DATA]
TOTAL FM JAN 1     0    HIGHEST SLP 30.69 ON  7
DPTR FM NORMAL     0    LOWEST  SLP 29.64 ON 24

[REMARKS]
