000
CXUS53 KARX 260930
CF6CMY
PRELIMINARY LOCAL CLIMATOLOGICAL DATA (WS FORM: F-6)

                                          STATION:   SPARTA - FORT MCCOY WI
                                          MONTH:     FEBRUARY
                                          YEAR:      2015
                                          LATITUDE:   43 58 N
                                          LONGITUDE:  90 44 W

  TEMPERATURE IN F:       :PCPN:    SNOW:  WIND      :SUNSHINE: SKY     :PK WND
================================================================================
1   2   3   4   5  6A  6B    7    8   9   10  11  12  13   14  15   16   17  18
                                     12Z  AVG MX 2MIN
DY MAX MIN AVG DEP HDD CDD  WTR  SNW DPTH SPD SPD DIR MIN PSBL S-S WX    SPD DR
================================================================================

 1  26   8  17   M  48   0    M    M    1 11.5 18  40   M    M   4 8      24  80
 2  17 -15   1   M  64   0 0.00  0.0    2  2.2  7 240   M    M   1         9 250
 3  18  -8   5   M  60   0    M    M    2  0.4  6 240   M    M   3         M  M
 4  19  -7   6   M  59   0    M    M    3  7.0 16 320   M    M   2 8      23 310
 5  19 -19   0   M  65   0 0.00  0.0    3  4.5 10 210   M    M   1        20 210
 6  34   4  19   M  46   0 0.00  0.0    3  2.5  7  90   M    M   4         M  M
 7  37  14  26   M  39   0 0.00  0.0    3  3.4 12 100   M    M   2 1       M  M
 8  31  24  28   M  37   0    T  0.0    2  5.8 13  60   M    M   9 168     M  M
 9  31  11  21   M  44   0 0.00  0.0    2  2.9  6  90   M    M   5         M  M
10  27   5  16   M  49   0    M    M    2  4.6 13 140   M    M   6 16     20 140
11  32  11  22   M  43   0    M    M    3 11.7 20 290   M    M   8 16     28 310
12  13  -9   2   M  63   0 0.00  0.0    3  6.2 14 330   M    M   1        20 340
13  27 -10   9   M  56   0    M    M    3  5.8 15 300   M    M   7        23 300
14  20 -15   3   M  62   0    M    M    3 12.3 20 330   M    M   4 8      35 320
15  10 -16  -3   M  68   0 0.00  0.0    3  2.9  7 100   M    M   6         M  M
16  17   9  13   M  52   0    M    M    3  2.8  8 280   M    M  10         M  M
17  15   4  10   M  55   0    M    M    3  6.5 14 300   M    M   9 8      20 300
18   5 -17  -6   M  71   0    T    T    3 10.5 17 290   M    M   4        25 320
19   7 -27 -10   M  75   0 0.00  0.0    3  1.5  6 280   M    M   0         M  M
20  19 -18   1   M  64   0    M  0.0    0  5.1 13 170   M    M   9        18 180
21  28  11  20   M  45   0 0.00  0.0    0  5.1 13 300   M    M   9         M  M
22  11 -11   0   M  65   0 0.00  0.0    0  9.5 15 300   M    M   1        23 330
23  12 -24  -6   M  71   0 0.00  0.0    M  4.8  9 210   M    M   0        17 210
24  35  12  24   M  41   0    M    M    M 11.7 21 310   M    M   5        35 310
25  15   0   8   M  57   0    M    M    M  2.4  7 350   M    M   4 8       M  M
================================================================================
SM  525  -83      1399   0    T     T    143.6          M      114
================================================================================
AV 21.0 -3.3                               5.7 FASTST   M    M   5    MAX(MPH)
                                 MISC ---->    21   M               # 35  320
================================================================================
NOTES:
# LAST OF SEVERAL OCCURRENCES

COLUMN 17 PEAK WIND IN M.P.H.

PRELIMINARY LOCAL CLIMATOLOGICAL DATA (WS FORM: F-6) , PAGE 2

                                          STATION:  SPARTA - FORT MCCOY WI
                                          MONTH:    FEBRUARY
                                          YEAR:     2015
                                          LATITUDE:   43 58 N
                                          LONGITUDE:  90 44 W

[TEMPERATURE DATA]      [PRECIPITATION DATA]       SYMBOLS USED IN COLUMN 16

AVERAGE MONTHLY:  8.8   TOTAL FOR MONTH:      T    1 = FOG OR MIST
DPTR FM NORMAL:     M   DPTR FM NORMAL:       M    2 = FOG REDUCING VISIBILITY
HIGHEST:    37 ON  7    GRTST 24HR    T  ON 18-18      TO 1/4 MILE OR LESS
LOWEST:    -27 ON 19                               3 = THUNDER
                        SNOW, ICE PELLETS, HAIL    4 = ICE PELLETS
                        TOTAL MONTH:    T          5 = HAIL
                        GRTST 24HR    T  ON 18-18  6 = FREEZING RAIN OR DRIZZLE
                        GRTST DEPTH:   3 ON 19,18  7 = DUSTSTORM OR SANDSTORM:
                                                       VSBY 1/2 MILE OR LESS
                                                   8 = SMOKE OR HAZE
[NO. OF DAYS WITH]      [WEATHER - DAYS WITH]      9 = BLOWING SNOW
                                                   X = TORNADO
MAX 32 OR BELOW:  22    0.01 INCH OR MORE:   0
MAX 90 OR ABOVE:   0    0.10 INCH OR MORE:   0
MIN 32 OR BELOW:  25    0.50 INCH OR MORE:   0
MIN  0 OR BELOW:  14    1.00 INCH OR MORE:   0

[HDD (BASE 65) ]
TOTAL THIS MO.  1399    CLEAR  (SCALE 0-3)   9
DPTR FM NORMAL     M    PTCLDY (SCALE 4-7)  11
TOTAL FM JUL 1  6107    CLOUDY (SCALE 8-10)  5
DPTR FM NORMAL     M

[CDD (BASE 65) ]
TOTAL THIS MO.     0
DPTR FM NORMAL     M    [PRESSURE DATA]
TOTAL FM JAN 1     0    HIGHEST SLP M ON M
DPTR FM NORMAL     M    LOWEST  SLP M ON M

[REMARKS]
