000
CXUS54 KMAF 191100
CF6CNM
PRELIMINARY LOCAL CLIMATOLOGICAL DATA (WS FORM: F-6)

                                          STATION:   Carlsbad
                                          MONTH:     OCTOBER
                                          YEAR:      2014
                                          LATITUDE:   32 20 N
                                          LONGITUDE: 104 15 W

  TEMPERATURE IN F:       :PCPN:    SNOW:  WIND      :SUNSHINE: SKY     :PK WND
================================================================================
1   2   3   4   5  6A  6B    7    8   9   10  11  12  13   14  15   16   17  18
                                     12Z  AVG MX 2MIN
DY MAX MIN AVG DEP HDD CDD  WTR  SNW DPTH SPD SPD DIR MIN PSBL S-S WX    SPD DR
================================================================================

 1  87  56  72   4   0   7 0.00  0.0    0  6.9 16 240   M    M   0        22 250
 2  81  54  68   0   0   3 0.00  0.0    0  9.6 17 350   M    M   0        22  20
 3  80  47  64  -4   1   0 0.00  0.0    0  5.8 16 340   M    M   0        22 350
 4  82  48  65  -2   0   0 0.00  0.0    0  5.4 15 150   M    M   0        19 150
 5  87  52  70   3   0   5 0.00  0.0    0  7.8 16 350   M    M   0        20 300
 6  87  49  68   1   0   3 0.00  0.0    0  7.2 18 250   M    M   0        23 250
 7  89  51  70   4   0   5 0.00  0.0    0  4.0 16 250   M    M   0        23 190
 8  89  53  71   5   0   6 0.00  0.0    0  4.5 12 150   M    M   1        14 140
 9  89  58  74   8   0   9    T  0.0    0  6.3 17 260   M    M   1        23 220
10  78  56  67   2   0   2    T  0.0    0 13.5 24 320   M    M   3        28 350
11  69  50  60  -5   5   0 0.00  0.0    0  8.1 16 340   M    M   3        20 350
12  85  48  67   2   0   2    T    M    0 14.4 30 260   M    M   1        39 260
13  71  48  60  -4   5   0 0.00  0.0    0 11.2 24 350   M    M   0        32  10
14  75  41  58  -6   7   0 0.00  0.0    0  5.7 15 150   M    M   0        24 130
15  81  42  62  -2   3   0 0.00  0.0    0  6.8 14 140   M    M   0        17 150
16  90  44  67   4   0   2 0.00  0.0    0  4.4 13 250   M    M   0 8      13 250
17  85  53  69   6   0   4 0.00  0.0    0  5.6 12  90   M    M   0        15  90
18  75  59  67   4   0   2 0.00  0.0    0  8.3 17 340   M    M   3        20 340
================================================================================
SM 1480  909        21  50    T      0.0 135.5          M       12
================================================================================
AV 82.2 50.5                               7.5 FASTST   M    M   1    MAX(MPH)
                                 MISC ---->  # 30 260               # 39  260
================================================================================
NOTES:
# LAST OF SEVERAL OCCURRENCES

COLUMN 17 PEAK WIND IN M.P.H.

PRELIMINARY LOCAL CLIMATOLOGICAL DATA (WS FORM: F-6) , PAGE 2

                                          STATION:  Carlsbad
                                          MONTH:    OCTOBER
                                          YEAR:     2014
                                          LATITUDE:   32 20 N
                                          LONGITUDE: 104 15 W

[TEMPERATURE DATA]      [PRECIPITATION DATA]       SYMBOLS USED IN COLUMN 16

AVERAGE MONTHLY: 66.4   TOTAL FOR MONTH:      T    1 = FOG OR MIST
DPTR FM NORMAL:   0.9   DPTR FM NORMAL:   -0.67    2 = FOG REDUCING VISIBILITY
HIGHEST:    90 ON 16    GRTST 24HR    T  ON 12-12      TO 1/4 MILE OR LESS
LOWEST:     41 ON 14                               3 = THUNDER
                        SNOW, ICE PELLETS, HAIL    4 = ICE PELLETS
                        TOTAL MONTH:   0.0 INCH    5 = HAIL
                        GRTST 24HR     0.0         6 = FREEZING RAIN OR DRIZZLE
                        GRTST DEPTH:   0           7 = DUSTSTORM OR SANDSTORM:
                                                       VSBY 1/2 MILE OR LESS
                                                   8 = SMOKE OR HAZE
[NO. OF DAYS WITH]      [WEATHER - DAYS WITH]      9 = BLOWING SNOW
                                                   X = TORNADO
MAX 32 OR BELOW:   0    0.01 INCH OR MORE:   0
MAX 90 OR ABOVE:   1    0.10 INCH OR MORE:   0
MIN 32 OR BELOW:   0    0.50 INCH OR MORE:   0
MIN  0 OR BELOW:   0    1.00 INCH OR MORE:   0

[HDD (BASE 65) ]
TOTAL THIS MO.    21    CLEAR  (SCALE 0-3)  16
DPTR FM NORMAL   -20    PTCLDY (SCALE 4-7)   2
TOTAL FM JUL 1    37    CLOUDY (SCALE 8-10)  0
DPTR FM NORMAL   -16

[CDD (BASE 65) ]
TOTAL THIS MO.    50
DPTR FM NORMAL     0    [PRESSURE DATA]
TOTAL FM JAN 1  2344    HIGHEST SLP M ON M
DPTR FM NORMAL   269    LOWEST  SLP 29.56 ON 12

[REMARKS]
