000
CXUS53 KICT 210800
CF6CNU
PRELIMINARY LOCAL CLIMATOLOGICAL DATA (WS FORM: F-6)

                                          STATION:   CHANUTE KS
                                          MONTH:     SEPTEMBER
                                          YEAR:      2017
                                          LATITUDE:   37 40 N
                                          LONGITUDE:  95 29 W

  TEMPERATURE IN F:       :PCPN:    SNOW:  WIND      :SUNSHINE: SKY     :PK WND
================================================================================
1   2   3   4   5  6A  6B    7    8   9   10  11  12  13   14  15   16   17  18
                                     12Z  AVG MX 2MIN
DY MAX MIN AVG DEP HDD CDD  WTR  SNW DPTH SPD SPD DIR MIN PSBL S-S WX    SPD DR
================================================================================

 1  84  58  71  -5   0   6 0.00    M    M  4.3 10  80   M    M   0 1      17  10
 2  85  63  74  -2   0   9 0.00    M    M  5.3 10 200   M    M   1 18     14 190
 3  91  63  77   2   0  12 0.00    M    M  4.8 10 190   M    M   1        14 310
 4  94  70  82   7   0  17 0.00    M    M 10.7 17  20   M    M   1 1      24  30
 5  79  56  68  -6   0   3 0.00    M    M  8.8 22 350   M    M   2        27 360
 6  77  47  62 -12   3   0 0.00    M    M  6.3 16 310   M    M   1        23 310
 7  84  47  66  -8   0   1 0.00    M    M  5.2 10 170   M    M   0 8      13 200
 8  85  55  70  -3   0   5 0.00    M    M  8.1 15 190   M    M   0        22 210
 9  84  55  70  -3   0   5 0.00    M    M  6.0 14 160   M    M   0 8      17 130
10  83  56  70  -2   0   5 0.00    M    M  5.9 14 190   M    M   0        17 180
11  84  49  67  -5   0   2 0.00    M    M  3.6 13  50   M    M   0 12     15  60
12  82  51  67  -5   0   2 0.00    M    M  6.2 17 350   M    M   0        23  10
13  86  50  68  -3   0   3 0.00    M    M  3.7 10 300   M    M   0 18     18 280
14  89  57  73   2   0   8 0.00    M    M  8.0 16 170   M    M   0        21 170
15  91  64  78   8   0  13 0.00    M    M 12.1 23 190   M    M   0        28 180
16  91  67  79   9   0  14    M    M    M 12.6 43 260   M    M   1 13     58 260
17  78  65  72   3   0   7    M    M    M  8.3 21  30   M    M   3 13     26  30
18  81  65  73   4   0   8    T    M    M  6.7 13 190   M    M   4 1      16 170
19  90  66  78  10   0  13 0.00    M    M 13.4 23 160   M    M   2        30 170
20  92  75  84  16   0  19 0.00    M    M 12.6 24 190   M    M   4        30 180
================================================================================
SM 1710 1179         3 152    T     M    152.6          M       20
================================================================================
AV 85.5 59.0                               7.6 FASTST   M    M   1    MAX(MPH)
                                 MISC ---->  # 43 260               # 58  260
================================================================================
NOTES:
# LAST OF SEVERAL OCCURRENCES

COLUMN 17 PEAK WIND IN M.P.H.

PRELIMINARY LOCAL CLIMATOLOGICAL DATA (WS FORM: F-6) , PAGE 2

                                          STATION:  CHANUTE KS
                                          MONTH:    SEPTEMBER
                                          YEAR:     2017
                                          LATITUDE:   37 40 N
                                          LONGITUDE:  95 29 W

[TEMPERATURE DATA]      [PRECIPITATION DATA]       SYMBOLS USED IN COLUMN 16

AVERAGE MONTHLY: 72.2   TOTAL FOR MONTH:      T    1 = FOG OR MIST
DPTR FM NORMAL:   0.1   DPTR FM NORMAL:   -2.28    2 = FOG REDUCING VISIBILITY
HIGHEST:    94 ON  4    GRTST 24HR    T  ON 18-18      TO 1/4 MILE OR LESS
LOWEST:     47 ON  7, 6                            3 = THUNDER
                        SNOW, ICE PELLETS, HAIL    4 = ICE PELLETS
                        TOTAL MONTH:    M          5 = HAIL
                        GRTST 24HR    M  ON   M    6 = FREEZING RAIN OR DRIZZLE
                        GRTST DEPTH:  M  ON   M    7 = DUSTSTORM OR SANDSTORM:
                                                       VSBY 1/2 MILE OR LESS
                                                   8 = SMOKE OR HAZE
[NO. OF DAYS WITH]      [WEATHER - DAYS WITH]      9 = BLOWING SNOW
                                                   X = TORNADO
MAX 32 OR BELOW:   0    0.01 INCH OR MORE:   0
MAX 90 OR ABOVE:   6    0.10 INCH OR MORE:   0
MIN 32 OR BELOW:   0    0.50 INCH OR MORE:   0
MIN  0 OR BELOW:   0    1.00 INCH OR MORE:   0

[HDD (BASE 65) ]
TOTAL THIS MO.     3    CLEAR  (SCALE 0-3)  17
DPTR FM NORMAL   -12    PTCLDY (SCALE 4-7)   3
TOTAL FM JUL 1     3    CLOUDY (SCALE 8-10)  0
DPTR FM NORMAL   -13

[CDD (BASE 65) ]
TOTAL THIS MO.   152
DPTR FM NORMAL    -6    [PRESSURE DATA]
TOTAL FM JAN 1  1459    HIGHEST SLP M ON M
DPTR FM NORMAL    -3    LOWEST  SLP 29.56 ON 19

[REMARKS]
