000
CXUS55 KRIW 250945
CF6COD
PRELIMINARY LOCAL CLIMATOLOGICAL DATA (WS FORM: F-6)

                                          STATION:   CODY WY
                                          MONTH:     SEPTEMBER
                                          YEAR:      2017
                                          LATITUDE:   44 31 N
                                          LONGITUDE: 109  1 W

  TEMPERATURE IN F:       :PCPN:    SNOW:  WIND      :SUNSHINE: SKY     :PK WND
================================================================================
1   2   3   4   5  6A  6B    7    8   9   10  11  12  13   14  15   16   17  18
                                     12Z  AVG MX 2MIN
DY MAX MIN AVG DEP HDD CDD  WTR  SNW DPTH SPD SPD DIR MIN PSBL S-S WX    SPD DR
================================================================================

 1  79  56  68   4   0   3 0.00  0.0    M  4.8 10  20   M    M   1         M  M
 2  92  51  72   8   0   7 0.00  0.0    M  5.7 13  80   M    M   0 8      17 110
 3  86  62  74  10   0   9 0.00  0.0    M  7.0 16 280   M    M   0 8      20 260
 4  70  53  62  -1   3   0 0.00  0.0    M 12.8 21 350   M    M   0        27 360
 5  70  46  58  -5   7   0 0.00  0.0    M  4.6  9  30   M    M   0 8       M  M
 6  79  48  64   1   1   0 0.00  0.0    M  4.4  9  20   M    M   0 8       M  M
 7  78  52  65   3   0   0 0.00  0.0    M  5.1  9  10   M    M   0 8       M  M
 8  83  54  69   7   0   4    T    M    0  5.8 13 260   M    M   0 8      31 220
 9  88  61  75  13   0  10    T  0.0    0  8.4 17 220   M    M   1        24 240
10  83  62  73  12   0   8    T  0.0    0  6.5 14 220   M    M   2 8      20 260
11  87  55  71  10   0   6 0.00  0.0    0  5.2 14 110   M    M   0 8      17 100
12  86  63  75  15   0  10 0.00  0.0    0  4.5  9  10   M    M   0         M  M
13  83  59  71  11   0   6 0.03  0.0    0  9.6 20 260   M    M   2 3      32 240
14  64  43  54  -6  11   0 0.48    M    M 11.3 18 250   M    M   8 1      31 250
15  44  38  41 -18  24   0 0.29    M    M 11.8 16 350   M    M  10        24 350
16  47  35  41 -18  24   0    T    M    M  6.7 13  30   M    M   8         M  M
17  61  35  48 -10  17   0 0.00    M    M  5.5 13 150   M    M   0         M  M
18  76  40  58   0   7   0    T    M    M  9.0 22 210   M    M   2        33 260
19  53  39  46 -12  19   0 0.11    M    M  7.5 13 310   M    M   4        22 260
20  61  36  49  -8  16   0 0.00  0.0    M 10.0 17 260   M    M   1        33 210
21  52  36  44 -13  21   0 0.42    M    M  9.4 14 360   M    M   9        18 360
22  40  32  36 -20  29   0 0.39    M    M  7.5 12  20   M    M  10 1      24 350
23  42  35  39 -17  26   0    T    M    M  6.6 12  10   M    M  10 12      M  M
24  46  35  41 -15  24   0    T    M    M  5.8 10  10   M    M   9         M  M
================================================================================
SM 1650 1126       229  63  1.72     0.0 175.5          M       77
================================================================================
AV 68.8 46.9                               7.3 FASTST   M    M   3    MAX(MPH)
                                 MISC ---->  # 22 210               # 33  260
================================================================================
NOTES:
# LAST OF SEVERAL OCCURRENCES

COLUMN 17 PEAK WIND IN M.P.H.

PRELIMINARY LOCAL CLIMATOLOGICAL DATA (WS FORM: F-6) , PAGE 2

                                          STATION:  CODY WY
                                          MONTH:    SEPTEMBER
                                          YEAR:     2017
                                          LATITUDE:   44 31 N
                                          LONGITUDE: 109  1 W

[TEMPERATURE DATA]      [PRECIPITATION DATA]       SYMBOLS USED IN COLUMN 16

AVERAGE MONTHLY: 57.8   TOTAL FOR MONTH:   1.72    1 = FOG OR MIST
DPTR FM NORMAL:  -2.3   DPTR FM NORMAL:    0.85    2 = FOG REDUCING VISIBILITY
HIGHEST:    92 ON  2    GRTST 24HR  0.48 ON 14-14      TO 1/4 MILE OR LESS
LOWEST:     32 ON 22                               3 = THUNDER
                        SNOW, ICE PELLETS, HAIL    4 = ICE PELLETS
                        TOTAL MONTH:   0.0 INCH    5 = HAIL
                        GRTST 24HR     0.0         6 = FREEZING RAIN OR DRIZZLE
                        GRTST DEPTH:   0           7 = DUSTSTORM OR SANDSTORM:
                                                       VSBY 1/2 MILE OR LESS
                                                   8 = SMOKE OR HAZE
[NO. OF DAYS WITH]      [WEATHER - DAYS WITH]      9 = BLOWING SNOW
                                                   X = TORNADO
MAX 32 OR BELOW:   0    0.01 INCH OR MORE:   6
MAX 90 OR ABOVE:   1    0.10 INCH OR MORE:   5
MIN 32 OR BELOW:   1    0.50 INCH OR MORE:   0
MIN  0 OR BELOW:   0    1.00 INCH OR MORE:   0

[HDD (BASE 65) ]
TOTAL THIS MO.   229    CLEAR  (SCALE 0-3)  16
DPTR FM NORMAL     M    PTCLDY (SCALE 4-7)   3
TOTAL FM JUL 1   260    CLOUDY (SCALE 8-10)  5
DPTR FM NORMAL     M

[CDD (BASE 65) ]
TOTAL THIS MO.    63
DPTR FM NORMAL    63    [PRESSURE DATA]
TOTAL FM JAN 1   485    HIGHEST SLP M ON M
DPTR FM NORMAL   485    LOWEST  SLP M ON M

[REMARKS]
