000
CXUS55 KRIW 270901
CF6COD
PRELIMINARY LOCAL CLIMATOLOGICAL DATA (WS FORM: F-6)

                                          STATION:   CODY WY
                                          MONTH:     AUGUST
                                          YEAR:      2014
                                          LATITUDE:   44 31 N
                                          LONGITUDE: 109  1 W

  TEMPERATURE IN F:       :PCPN:    SNOW:  WIND      :SUNSHINE: SKY     :PK WND
================================================================================
1   2   3   4   5  6A  6B    7    8   9   10  11  12  13   14  15   16   17  18
                                     12Z  AVG MX 2MIN
DY MAX MIN AVG DEP HDD CDD  WTR  SNW DPTH SPD SPD DIR MIN PSBL S-S WX    SPD DR
================================================================================

 1  84  61  73   2   0   8    M    M    M  7.5 15 230   M    M   2 3      25 230
 2  88  59  74   3   0   9    M    M    M  5.6 14 360   M    M   3 3      17 360
 3  81  55  68  -3   0   3 0.00  0.0    0  6.3 14 350   M    M   1         M  M
 4  73  57  65  -6   0   0 0.04  0.0    0  4.7  8  30   M    M   6         M  M
 5  72  57  65  -6   0   0 0.00  0.0    0  5.8 15  30   M    M   9        20  30
 6  81  55  68  -2   0   3 0.00  0.0    0  5.8 20 210   M    M   3        28 210
 7  81  61  71   1   0   6 0.00  0.0    0  6.4 14 220   M    M   3 3      17 220
 8  81  55  68  -2   0   3 0.00  0.0    0  7.1 22 230   M    M   3        31 230
 9  77  57  67  -3   0   2 0.00  0.0    0  6.3 15  40   M    M   3        20  40
10  86  54  70   0   0   5 0.00  0.0    0  4.3 13 100   M    M   0        16 100
11  84  57  71   1   0   6 0.00  0.0    0  5.7 13  20   M    M   0        17  20
12  91  64  78   8   0  13 0.00  0.0    0  7.5 15 240   M    M   1        24 240
13  88  70  79  10   0  14 0.00  0.0    0  8.4 17 140   M    M   3 3      30 140
14  73  63  68  -1   0   3    M    M    M  7.5 15 220   M    M   6        23 230
15  82  55  69   0   0   4    M    M    M  5.8 17 320   M    M   1        30 320
16  84  55  70   1   0   5    M    M    M  7.1 14 270   M    M   1        21 270
17  82  54  68  -1   0   3    M    M    M  5.2 13  10   M    M   1        17 100
18  82  55  69   1   0   4    M    M    M  6.4 17  20   M    M   1 3       M  M
19  82  54  68   0   0   3    M    M    M  7.8 25 160   M    M   2        33 180
20   M  57   M   M   M   M 0.03  0.0    0 10.0 30 220   M    M   5        37 220
21  66  52  59  -9   6   0 0.02  0.0    0  5.3 14 360   M    M   6        22 360
22  64  52  58  -9   7   0 0.08  0.0    0  5.8 14 360   M    M   9        20 360
23  61  45  53 -14  12   0 0.64  0.0    0  5.6 16  40   M    M  10 3      23  20
24  57  43  50 -17  15   0 0.00  0.0    0  5.2 12  20   M    M   8         M  M
25  61  46  54 -13  11   0 0.03  0.0    0  3.7  7  30   M    M   8         M  M
26  73  46  60  -6   5   0 0.01  0.0    0  3.2  8 180   M    M   2         M  M
================================================================================
SM 1934 1439        56  94  0.85     0.0 160.0          M       97
================================================================================
AV 77.4 55.3                               6.2 FASTST   M    M   4    MAX(MPH)
                                 MISC ---->    30   M                 37    M
================================================================================
NOTES:
# LAST OF SEVERAL OCCURRENCES

COLUMN 17 PEAK WIND IN M.P.H.

PRELIMINARY LOCAL CLIMATOLOGICAL DATA (WS FORM: F-6) , PAGE 2

                                          STATION:  CODY WY
                                          MONTH:    AUGUST
                                          YEAR:     2014
                                          LATITUDE:   44 31 N
                                          LONGITUDE: 109  1 W

[TEMPERATURE DATA]      [PRECIPITATION DATA]       SYMBOLS USED IN COLUMN 16

AVERAGE MONTHLY: 66.4   TOTAL FOR MONTH:   0.85    1 = FOG OR MIST
DPTR FM NORMAL:  -2.7   DPTR FM NORMAL:    0.09    2 = FOG REDUCING VISIBILITY
HIGHEST:    91 ON 12    GRTST 24HR  0.64 ON 23-23      TO 1/4 MILE OR LESS
LOWEST:     43 ON 24                               3 = THUNDER
                        SNOW, ICE PELLETS, HAIL    4 = ICE PELLETS
                        TOTAL MONTH:   0.0 INCH    5 = HAIL
                        GRTST 24HR     0.0         6 = FREEZING RAIN OR DRIZZLE
                        GRTST DEPTH:   0           7 = DUSTSTORM OR SANDSTORM:
                                                       VSBY 1/2 MILE OR LESS
                                                   8 = SMOKE OR HAZE
[NO. OF DAYS WITH]      [WEATHER - DAYS WITH]      9 = BLOWING SNOW
                                                   X = TORNADO
MAX 32 OR BELOW:   0    0.01 INCH OR MORE:   7
MAX 90 OR ABOVE:   1    0.10 INCH OR MORE:   1
MIN 32 OR BELOW:   0    0.50 INCH OR MORE:   1
MIN  0 OR BELOW:   0    1.00 INCH OR MORE:   0

[HDD (BASE 65) ]
TOTAL THIS MO.    56    CLEAR  (SCALE 0-3)  14
DPTR FM NORMAL     M    PTCLDY (SCALE 4-7)   8
TOTAL FM JUL 1    65    CLOUDY (SCALE 8-10)  4
DPTR FM NORMAL     M

[CDD (BASE 65) ]
TOTAL THIS MO.    94
DPTR FM NORMAL   -11    [PRESSURE DATA]
TOTAL FM JAN 1   208    HIGHEST SLP M ON M
DPTR FM NORMAL   208    LOWEST  SLP M ON M

[REMARKS]
