000
CXUS51 KGYX 190900
CF6CON
PRELIMINARY LOCAL CLIMATOLOGICAL DATA (WS FORM: F-6)

                                          STATION:   CONCORD NH
                                          MONTH:     SEPTEMBER
                                          YEAR:      2017
                                          LATITUDE:   43 12 N
                                          LONGITUDE:  71 30 W

  TEMPERATURE IN F:       :PCPN:    SNOW:  WIND      :SUNSHINE: SKY     :PK WND
================================================================================
1   2   3   4   5  6A  6B    7    8   9   10  11  12  13   14  15   16   17  18
                                     12Z  AVG MX 2MIN
DY MAX MIN AVG DEP HDD CDD  WTR  SNW DPTH SPD SPD DIR MIN PSBL S-S WX    SPD DR
================================================================================

 1  65  41  53 -12  12   0 0.00  0.0    0 10.1 23 330   M    M   1        35 300
 2  73  35  54 -11  11   0 0.00  0.0    0  2.9 10 300   M    M   0        15 320
 3  59  52  56  -9   9   0 1.26  0.0    0  5.3 15  10   M    M   7 1      21  20
 4  79  51  65   1   0   0 0.00  0.0    0  6.3 16 230   M    M   2        22 280
 5  85  61  73   9   0   8 0.24  0.0    0  6.0 23 290   M    M   4 138    27 290
 6  68  59  64   0   1   0 1.06  0.0    0  4.1 16 320   M    M  10 1      21 310
 7  75  53  64   1   1   0 0.38  0.0    0  6.1 21 280   M    M   7 1      32 280
 8  72  46  59  -4   6   0    T  0.0    0  4.4 17 270   M    M   4 1      22 280
 9  71  44  58  -5   7   0    T  0.0    0  4.7 14 310   M    M   4 1      18 310
10  74  44  59  -3   6   0 0.00  0.0    0  4.6 16 320   M    M   2 1      21 330
11  80  42  61  -1   4   0 0.00  0.0    0  3.4 13 320   M    M   0        16 320
12  83  46  65   3   0   0 0.00  0.0    0  3.4 13 270   M    M   0 1      16 320
13  82  48  65   4   0   0 0.00  0.0    0  2.4  9 160   M    M   1        13 220
14  85  59  72  11   0   7 0.00  0.0    0  3.7 13 230   M    M   5        17 210
15  80  66  73  13   0   8 0.03  0.0    0  2.8  9  80   M    M   8 1      13  80
16  85  63  74  14   0   9 0.00  0.0    0  1.4  8 310   M    M   5 12     11 330
17  84  61  73  13   0   8 0.00  0.0    0  2.8  7 130   M    M   4 12     10 150
18  73  59  66   7   0   1 0.00  0.0    0  2.4  9 140   M    M   9 12     11 140
================================================================================
SM 1373  930        57  41  2.97     0.0  76.8          M       73
================================================================================
AV 76.3 51.7                               4.3 FASTST   M    M   4    MAX(MPH)
                                 MISC ---->  # 23 330               # 35  300
================================================================================
NOTES:
# LAST OF SEVERAL OCCURRENCES

COLUMN 17 PEAK WIND IN M.P.H.

PRELIMINARY LOCAL CLIMATOLOGICAL DATA (WS FORM: F-6) , PAGE 2

                                          STATION:  CONCORD NH
                                          MONTH:    SEPTEMBER
                                          YEAR:     2017
                                          LATITUDE:   43 12 N
                                          LONGITUDE:  71 30 W

[TEMPERATURE DATA]      [PRECIPITATION DATA]       SYMBOLS USED IN COLUMN 16

AVERAGE MONTHLY: 64.0   TOTAL FOR MONTH:   2.97    1 = FOG OR MIST
DPTR FM NORMAL:   1.6   DPTR FM NORMAL:    1.06    2 = FOG REDUCING VISIBILITY
HIGHEST:    85 ON 16,14 GRTST 24HR  1.26 ON  3- 3      TO 1/4 MILE OR LESS
LOWEST:     35 ON  2                               3 = THUNDER
                        SNOW, ICE PELLETS, HAIL    4 = ICE PELLETS
                        TOTAL MONTH:   0.0 INCH    5 = HAIL
                        GRTST 24HR     0.0         6 = FREEZING RAIN OR DRIZZLE
                        GRTST DEPTH:   0           7 = DUSTSTORM OR SANDSTORM:
                                                       VSBY 1/2 MILE OR LESS
                                                   8 = SMOKE OR HAZE
[NO. OF DAYS WITH]      [WEATHER - DAYS WITH]      9 = BLOWING SNOW
                                                   X = TORNADO
MAX 32 OR BELOW:   0    0.01 INCH OR MORE:   5
MAX 90 OR ABOVE:   0    0.10 INCH OR MORE:   4
MIN 32 OR BELOW:   0    0.50 INCH OR MORE:   2
MIN  0 OR BELOW:   0    1.00 INCH OR MORE:   2

[HDD (BASE 65) ]
TOTAL THIS MO.    57    CLEAR  (SCALE 0-3)   7
DPTR FM NORMAL   -20    PTCLDY (SCALE 4-7)   9
TOTAL FM JUL 1   110    CLOUDY (SCALE 8-10)  2
DPTR FM NORMAL   -15

[CDD (BASE 65) ]
TOTAL THIS MO.    41
DPTR FM NORMAL    10    [PRESSURE DATA]
TOTAL FM JAN 1   486    HIGHEST SLP M ON M
DPTR FM NORMAL    42    LOWEST  SLP 29.64 ON  7

[REMARKS]
