000
CXUS52 KJAX 300800
CF6CRG
PRELIMINARY LOCAL CLIMATOLOGICAL DATA (WS FORM: F-6)

                                          STATION:   CRAIG MUNI ARPT FL
                                          MONTH:     APRIL
                                          YEAR:      2017
                                          LATITUDE:   30 19 N
                                          LONGITUDE:  81 31 W

  TEMPERATURE IN F:       :PCPN:    SNOW:  WIND      :SUNSHINE: SKY     :PK WND
================================================================================
1   2   3   4   5  6A  6B    7    8   9   10  11  12  13   14  15   16   17  18
                                     12Z  AVG MX 2MIN
DY MAX MIN AVG DEP HDD CDD  WTR  SNW DPTH SPD SPD DIR MIN PSBL S-S WX    SPD DR
================================================================================

 1  81  59  70   5   0   5 0.00  0.0    0  5.7 13 140   M    M   0        17 110
 2  86  52  69   4   0   4 0.00  0.0    0  7.5 18 140   M    M   0 1      25 150
 3  84  67  76  11   0  11 0.01  0.0    0 10.3 26 320   M    M   6 13     34 340
 4  84  65  75  10   0  10 0.87  0.0    0 10.6 41 160   M    M   5 138    51 150
 5  91  67  79  14   0  14 0.00  0.0    0  9.9 22 240   M    M   1        30 250
 6  76  59  68   2   0   3 0.60  0.0    0 15.3 28 280   M    M   2 138    37 300
 7  72  46  59  -7   6   0 0.00  0.0    0 10.4 23 290   M    M   0        32 300
 8  71  46  59  -7   6   0 0.00  0.0    0  5.9 14  90   M    M   0        21 330
 9  73  46  60  -6   5   0 0.00  0.0    0  6.1 17  50   M    M   0        23  70
10  76  53  65  -1   0   0 0.00  0.0    0  5.5 16  80   M    M   2        23  90
11  77  53  65  -1   0   0 0.00  0.0    0  5.9 17  50   M    M   2        22  60
12  77  54  66   0   0   1 0.00  0.0    0  4.8 16  40   M    M   2 18     21  40
13  77  59  68   1   0   3 0.00  0.0    0  7.5 16  70   M    M   2 1      22  70
14  78  55  67   0   0   2 0.00  0.0    0  6.7 17  40   M    M   1 12     22  30
15  79  67  73   6   0   8 0.00  0.0    0  9.4 20 100   M    M   1        25 110
16  78  60  69   2   0   4 0.00  0.0    0  6.0 15 110   M    M   1        21 100
17  82  55  69   2   0   4 0.00  0.0    0  4.6 15 130   M    M   1 12     19 140
18  83  57  70   3   0   5 0.00  0.0    0  5.1 16 100   M    M   0 1      20 100
19  80  60  70   2   0   5 0.00  0.0    0  5.3 16  90   M    M   3 12     21  60
20  82  61  72   4   0   7 0.00  0.0    0  5.2 14 110   M    M   2 1      19 110
21  81  56  69   1   0   4 0.00  0.0    0  6.2 16 110   M    M   0 1      20 110
22  83  65  74   6   0   9 0.00  0.0    0  8.1 18 150   M    M   2 1      21 150
23  85  62  74   6   0   9 0.00  0.0    0  7.8 21 160   M    M   3 18     28 160
24  78  62  70   2   0   5 0.00  0.0    0 10.2 24 260   M    M   6        31 250
25  82  58  70   1   0   5 0.00  0.0    0 10.8 20 310   M    M   1        24 320
26  84  58  71   2   0   6 0.00  0.0    0  7.1 16 140   M    M   2        20 140
27  91  60  76   7   0  11 0.00  0.0    0  8.0 17 150   M    M   1        24 170
28  91  66  79  10   0  14 0.00  0.0    0  8.3 21 140   M    M   0 1      26 160
29  85  70  78   8   0  13 0.00  0.0    0 11.7 20 140   M    M   3 1      28 130
================================================================================
SM 2347 1698        17 162  1.48     0.0 225.9          M       49
================================================================================
AV 80.9 58.6                               7.8 FASTST   M    M   2    MAX(MPH)
                                 MISC ---->  # 41 160               # 51  150
================================================================================
NOTES:
# LAST OF SEVERAL OCCURRENCES

COLUMN 17 PEAK WIND IN M.P.H.

PRELIMINARY LOCAL CLIMATOLOGICAL DATA (WS FORM: F-6) , PAGE 2

                                          STATION:  CRAIG MUNI ARPT FL
                                          MONTH:    APRIL
                                          YEAR:     2017
                                          LATITUDE:   30 19 N
                                          LONGITUDE:  81 31 W

[TEMPERATURE DATA]      [PRECIPITATION DATA]       SYMBOLS USED IN COLUMN 16

AVERAGE MONTHLY: 69.7   TOTAL FOR MONTH:   1.48    1 = FOG OR MIST
DPTR FM NORMAL:   2.7   DPTR FM NORMAL:   -1.00    2 = FOG REDUCING VISIBILITY
HIGHEST:    91 ON 28,27 GRTST 24HR  0.87 ON  4- 4      TO 1/4 MILE OR LESS
LOWEST:     46 ON  9, 8                            3 = THUNDER
                        SNOW, ICE PELLETS, HAIL    4 = ICE PELLETS
                        TOTAL MONTH:   0.0 INCH    5 = HAIL
                        GRTST 24HR     0.0         6 = FREEZING RAIN OR DRIZZLE
                        GRTST DEPTH:   0           7 = DUSTSTORM OR SANDSTORM:
                                                       VSBY 1/2 MILE OR LESS
                                                   8 = SMOKE OR HAZE
[NO. OF DAYS WITH]      [WEATHER - DAYS WITH]      9 = BLOWING SNOW
                                                   X = TORNADO
MAX 32 OR BELOW:   0    0.01 INCH OR MORE:   3
MAX 90 OR ABOVE:   3    0.10 INCH OR MORE:   2
MIN 32 OR BELOW:   0    0.50 INCH OR MORE:   2
MIN  0 OR BELOW:   0    1.00 INCH OR MORE:   0

[HDD (BASE 65) ]
TOTAL THIS MO.    17    CLEAR  (SCALE 0-3)  26
DPTR FM NORMAL   -28    PTCLDY (SCALE 4-7)   3
TOTAL FM JUL 1   687    CLOUDY (SCALE 8-10)  0
DPTR FM NORMAL  -519

[CDD (BASE 65) ]
TOTAL THIS MO.   162
DPTR FM NORMAL    57    [PRESSURE DATA]
TOTAL FM JAN 1   309    HIGHEST SLP M ON M
DPTR FM NORMAL   133    LOWEST  SLP 29.66 ON 24

[REMARKS]
