000
CXUS54 KCRP 241300
CF6CRP
PRELIMINARY LOCAL CLIMATOLOGICAL DATA (WS FORM: F-6)

                                          STATION:   CORPUS CHRISTI
                                          MONTH:     JANUARY
                                          YEAR:      2017
                                          LATITUDE:   27 46 N
                                          LONGITUDE:  97 30 W

  TEMPERATURE IN F:       :PCPN:    SNOW:  WIND      :SUNSHINE: SKY     :PK WND
================================================================================
1   2   3   4   5  6A  6B    7    8   9   10  11  12  13   14  15   16   17  18
                                     12Z  AVG MX 2MIN
DY MAX MIN AVG DEP HDD CDD  WTR  SNW DPTH SPD SPD DIR MIN PSBL S-S WX    SPD DR
================================================================================

 1  80  59  70  13   0   5 0.04  0.0    0  9.8 24 130   M    M   9 18     30 140
 2  85  52  69  12   0   4 0.00  0.0    0 10.8 24 340   M    M   5 18     30 340
 3  85  48  67  10   0   2 0.00  0.0    0  5.6 21  50   M    M   6        24  50
 4  62  45  54  -3  11   0 0.00  0.0    0 13.2 28  30   M    M   8        35  10
 5  72  51  62   5   3   0    T  0.0    0  9.9 28  30   M    M   9        33  20
 6  52  31  42 -15  23   0    T    M    0 22.0 29 360   M    M   8        38 360
 7  46  26  36 -21  29   0 0.00  0.0    0 15.1 29 360   M    M   1        35 350
 8  56  26  41 -16  24   0 0.00  0.0    0  8.1 15  70   M    M   4        18  30
 9  77  49  63   6   2   0 0.00  0.0    0 12.5 30 150   M    M   4        36 170
10  82  55  69  12   0   4 0.00  0.0    0 17.9 33 170   M    M   5 1      38 170
11  82  59  71  14   0   6 0.00  0.0    0 19.9 38 170   M    M   2 1      47 180
12  81  65  73  16   0   8 0.00  0.0    0 18.1 31 150   M    M   6        38 140
13  81  69  75  18   0  10 0.03  0.0    0 16.1 24 130   M    M   9 1      29 140
14  80  66  73  16   0   8    T  0.0    0 14.1 29 140   M    M   9 1      33 140
15  80  66  73  16   0   8 0.00  0.0    0 18.2 37 150   M    M   7 18     45 150
16  77  67  72  15   0   7 0.04  0.0    0 15.1 26 150   M    M   9 1      34 150
17  79  69  74  17   0   9 0.02  0.0    0 15.6 26 130   M    M  10 1      31 130
18  72  55  64   7   1   0 0.08  0.0    0 11.1 18 320   M    M  10 1      22 320
19  68  57  63   6   2   0    T  0.0    0  6.6 16 340   M    M   8 1      19 350
20  67  61  64   7   1   0 0.01  0.0    0  5.6 13 200   M    M  10 12     16 200
21  92  63  78  21   0  13    T  0.0    0 13.1 30 340   M    M   5 1      40 330
22  78  48  63   6   2   0 0.00  0.0    0 22.9 43 300   M    M   0        54 300
23  81  43  62   5   3   0 0.00  0.0    0  9.2 18 150   M    M   1 8      21 140
================================================================================
SM 1715 1230       101  84  0.22     0.0 310.5          M      145
================================================================================
AV 74.6 53.5                              13.5 FASTST   M    M   6    MAX(MPH)
                                 MISC ---->  # 43 300               # 54  300
================================================================================
NOTES:
# LAST OF SEVERAL OCCURRENCES

COLUMN 17 PEAK WIND IN M.P.H.

PRELIMINARY LOCAL CLIMATOLOGICAL DATA (WS FORM: F-6) , PAGE 2

                                          STATION:  CORPUS CHRISTI
                                          MONTH:    JANUARY
                                          YEAR:     2017
                                          LATITUDE:   27 46 N
                                          LONGITUDE:  97 30 W

[TEMPERATURE DATA]      [PRECIPITATION DATA]       SYMBOLS USED IN COLUMN 16

AVERAGE MONTHLY: 64.0   TOTAL FOR MONTH:   0.22    1 = FOG OR MIST
DPTR FM NORMAL:   7.0   DPTR FM NORMAL:   -0.93    2 = FOG REDUCING VISIBILITY
HIGHEST:    92 ON 21    GRTST 24HR  0.08 ON 18-18      TO 1/4 MILE OR LESS
LOWEST:     26 ON  8, 7                            3 = THUNDER
                        SNOW, ICE PELLETS, HAIL    4 = ICE PELLETS
                        TOTAL MONTH:   0.0 INCH    5 = HAIL
                        GRTST 24HR     0.0         6 = FREEZING RAIN OR DRIZZLE
                        GRTST DEPTH:   0           7 = DUSTSTORM OR SANDSTORM:
                                                       VSBY 1/2 MILE OR LESS
                                                   8 = SMOKE OR HAZE
[NO. OF DAYS WITH]      [WEATHER - DAYS WITH]      9 = BLOWING SNOW
                                                   X = TORNADO
MAX 32 OR BELOW:   0    0.01 INCH OR MORE:   6
MAX 90 OR ABOVE:   1    0.10 INCH OR MORE:   0
MIN 32 OR BELOW:   3    0.50 INCH OR MORE:   0
MIN  0 OR BELOW:   0    1.00 INCH OR MORE:   0

[HDD (BASE 65) ]
TOTAL THIS MO.   101    CLEAR  (SCALE 0-3)   4
DPTR FM NORMAL  -106    PTCLDY (SCALE 4-7)  10
TOTAL FM JUL 1   268    CLOUDY (SCALE 8-10)  9
DPTR FM NORMAL  -290

[CDD (BASE 65) ]
TOTAL THIS MO.    84
DPTR FM NORMAL    61    [PRESSURE DATA]
TOTAL FM JAN 1    84    HIGHEST SLP M ON M
DPTR FM NORMAL    61    LOWEST  SLP 29.40 ON 21

[REMARKS]
